{"id":68,"date":"2024-05-03T09:15:07","date_gmt":"2024-05-03T09:15:07","guid":{"rendered":"https:\/\/montataire.local\/?page_id=68"},"modified":"2025-08-19T09:49:01","modified_gmt":"2025-08-19T09:49:01","slug":"practical-information","status":"publish","type":"page","link":"https:\/\/mairie-montataire.fr\/en\/s-epanouir\/le-palace\/infos-pratiques\/","title":{"rendered":"Practical info"},"content":{"rendered":"<div class=\"wp-block-uagb-separator uagb-block-1a0c7cbc\"><div class=\"wp-block-uagb-separator__inner\" style=\"--my-background-image:\"><\/div><\/div>\n\n\n\n<h2 class=\"wp-block-heading\">Rates<\/h2>\n\n\n\n<h3 class=\"wp-block-heading\">Our prices per show and per person<\/h3>\n\n\n\n<div class=\"wp-block-columns is-layout-flex wp-container-core-columns-is-layout-9d6595d7 wp-block-columns-is-layout-flex\">\n<div class=\"wp-block-column is-layout-flow wp-block-column-is-layout-flow\">\n<div class=\"wp-block-uagb-counter uagb-block-bbf58b2d wp-block-uagb-counter--number\"><div class=\"wp-block-uagb-counter__number\"><span class=\"uagb-counter-block-number\" data-duration=\"0.001\" data-to-value=\"10\" data-from-value=\"0\" data-delimiter=\",\"><\/span><span class=\"uagb-counter-block-suffix\"> \u20ac<\/span><\/div><div class=\"wp-block-uagb-counter__title\"><strong>FULL RATE<\/strong><\/div><\/div>\n\n\n\n<p class=\"has-text-align-center\"><strong>RATE A<\/strong><\/p>\n<\/div>\n\n\n\n<div class=\"wp-block-column is-layout-flow wp-block-column-is-layout-flow\">\n<div class=\"wp-block-uagb-counter uagb-block-7f1a9da1 wp-block-uagb-counter--number\"><div class=\"wp-block-uagb-counter__number\"><span class=\"uagb-counter-block-number\" data-duration=\"0.001\" data-to-value=\"4\" data-from-value=\"0\" data-delimiter=\",\"><\/span><span class=\"uagb-counter-block-suffix\"> \u20ac<\/span><\/div><div class=\"wp-block-uagb-counter__title\"><strong>REDUCED RATE<\/strong>*<\/div><\/div>\n\n\n\n<p class=\"has-text-align-center\"><strong>RATE A*<\/strong><br><strong>RATE B<\/strong><\/p>\n<\/div>\n\n\n\n<div class=\"wp-block-column is-layout-flow wp-block-column-is-layout-flow\">\n<div class=\"wp-block-uagb-counter uagb-block-43c6c7d5 wp-block-uagb-counter--number\"><div class=\"wp-block-uagb-counter__number\"><span class=\"uagb-counter-block-number\" data-duration=\"0.001\" data-to-value=\"2.5\" data-from-value=\"0\" data-delimiter=\",\"><\/span><span class=\"uagb-counter-block-suffix\"> \u20ac<\/span><\/div><div class=\"wp-block-uagb-counter__title\"><strong>GROUP RATE<\/strong><\/div><\/div>\n\n\n\n<p class=\"has-text-align-center\"><strong>FROM 10 PEOPLE<br>(SCHOOLS, ASSOCIATIONS...)<\/strong><\/p>\n<\/div>\n<\/div>\n\n\n\n<p>*<em>Reduced fares are available on presentation of proof: to holders of a mobility inclusion card (CMI) or student card, registered jobseekers, recipients of the revenu de solidarit\u00e9 active (RSA), people under 20 or retired people.<\/em><\/p>\n\n\n\n<p><strong>If you wish to book a show, please call us on 03 44 24 69 97 or send us an email.<\/strong><\/p>\n\n\n\n<h3 class=\"wp-block-heading\">Our subscriber rates per show and per person for 4 shows or more in the season<\/h3>\n\n\n\n<div class=\"wp-block-columns is-layout-flex wp-container-core-columns-is-layout-9d6595d7 wp-block-columns-is-layout-flex\">\n<div class=\"wp-block-column is-layout-flow wp-block-column-is-layout-flow\">\n<div class=\"wp-block-uagb-counter uagb-block-a88b4baf wp-block-uagb-counter--number\"><div class=\"wp-block-uagb-counter__number\"><span class=\"uagb-counter-block-number\" data-duration=\"0.001\" data-to-value=\"7\" data-from-value=\"0\" data-delimiter=\",\"><\/span><span class=\"uagb-counter-block-suffix\"> \u20ac<\/span><\/div><div class=\"wp-block-uagb-counter__title\"><strong>FULL RATE<\/strong><\/div><\/div>\n\n\n\n<p class=\"has-text-align-center\"><strong>RATE A<\/strong><\/p>\n<\/div>\n\n\n\n<div class=\"wp-block-column is-layout-flow wp-block-column-is-layout-flow\">\n<div class=\"wp-block-uagb-counter uagb-block-99f76f46 wp-block-uagb-counter--number\"><div class=\"wp-block-uagb-counter__number\"><span class=\"uagb-counter-block-number\" data-duration=\"0.001\" data-to-value=\"3\" data-from-value=\"0\" data-delimiter=\",\"><\/span><span class=\"uagb-counter-block-suffix\"> \u20ac<\/span><\/div><div class=\"wp-block-uagb-counter__title\"><strong>REDUCED RATE<\/strong><\/div><\/div>\n\n\n\n<p class=\"has-text-align-center\"><strong>RATE A*<\/strong><br><strong>RATE B<\/strong><\/p>\n<\/div>\n<\/div>\n\n\n\n<p>*<em>Reduced fares are available on presentation of proof: to holders of a mobility inclusion card (CMI) or student card, registered jobseekers, recipients of the revenu de solidarit\u00e9 active (RSA), people under 20 or retired people. For season tickets, you can pay up to a maximum of 3 times.<\/em><\/p>\n\n\n\n<h2 class=\"wp-block-heading\">Buy your seat...<\/h2>\n\n\n\n<h3 class=\"wp-block-heading\">...on site<\/h3>\n\n\n\n<p>30 minutes before each show or during Palace opening hours.<\/p>\n\n\n\n<h3 class=\"wp-block-heading\">...by post<\/h3>\n\n\n\n<p>Send us your form and cheque made payable to the French Treasury by post to&nbsp;<strong>Mairie - Service Culturel BP 50209 - 60762 Montataire Cedex<\/strong>&nbsp;or by dropping it off at the Palace reception desk. Subscribe for 4 shows or more, and pay up to 3 times.<\/p>\n\n\n\n<div style=\"height:24px\" aria-hidden=\"true\" class=\"wp-block-spacer\"><\/div>\n\n\n\n<h3 class=\"wp-block-heading\">Payment methods<\/h3>\n\n\n\n<div class=\"wp-block-columns is-layout-flex wp-container-core-columns-is-layout-9d6595d7 wp-block-columns-is-layout-flex\">\n<div class=\"wp-block-column is-layout-flow wp-block-column-is-layout-flow\">\n<p class=\"has-text-align-center\">\u274c Credit card&nbsp;<\/p>\n<\/div>\n\n\n\n<div class=\"wp-block-column is-layout-flow wp-block-column-is-layout-flow\">\n<p class=\"has-text-align-center\">\u2705 Cheque<\/p>\n<\/div>\n\n\n\n<div class=\"wp-block-column is-layout-flow wp-block-column-is-layout-flow\">\n<p class=\"has-text-align-center\">\u2705 Species<\/p>\n<\/div>\n<\/div>\n\n\n\n<div class=\"wp-block-columns are-vertically-aligned-center is-layout-flex wp-container-core-columns-is-layout-9d6595d7 wp-block-columns-is-layout-flex\">\n<div class=\"wp-block-column is-vertically-aligned-center is-layout-flow wp-block-column-is-layout-flow\">\n<p class=\"has-text-align-center\">\u2705 Culture pass&nbsp;&nbsp;<\/p>\n<\/div>\n\n\n\n<div class=\"wp-block-column is-vertically-aligned-center is-layout-flow wp-block-column-is-layout-flow\">\n<p class=\"has-text-align-center\">\u2705 Culture vouchers<\/p>\n<\/div>\n<\/div>\n\n\n\n<h2 class=\"wp-block-heading\">Access<\/h2>\n\n\n\n<div class=\"wp-block-columns is-layout-flex wp-container-core-columns-is-layout-9d6595d7 wp-block-columns-is-layout-flex\">\n<div class=\"wp-block-column is-layout-flow wp-block-column-is-layout-flow\">\n<h3 class=\"wp-block-heading\">By bus<\/h3>\n\n\n\n<p>Lines A \/ S3 \/ S5 \/ S6&nbsp;<strong>Deported stop<\/strong><br><a href=\"https:\/\/www.oise-mobilite.fr\/horaires-arret\/41706\" target=\"_blank\" rel=\"noreferrer noopener\"><strong>Oise mobility<\/strong><\/a><\/p>\n<\/div>\n\n\n\n<div class=\"wp-block-column is-layout-flow wp-block-column-is-layout-flow\">\n<h3 class=\"wp-block-heading\">By car<\/h3>\n\n\n\n<ul class=\"wp-block-list\">\n<li style=\"font-style:normal;font-weight:400\">12 min from Creil<\/li>\n\n\n\n<li style=\"font-style:normal;font-weight:400\">40 minutes from Compi\u00e8gne and Beauvais<\/li>\n\n\n\n<li style=\"font-style:normal;font-weight:400\">1h15 from Amiens and Paris<\/li>\n<\/ul>\n<\/div>\n\n\n\n<div class=\"wp-block-column is-layout-flow wp-block-column-is-layout-flow\">\n<h3 class=\"wp-block-heading\">Parking nearby<\/h3>\n\n\n\n<ul class=\"wp-block-list\">\n<li style=\"font-style:normal;font-weight:400\">Free Le Palace car park<\/li>\n\n\n\n<li style=\"font-style:normal;font-weight:400\">Free Town Hall car park (2 minutes' walk)<\/li>\n\n\n\n<li style=\"font-style:normal;font-weight:400\">Free Ambroise Croizat car park (5-minute walk)<\/li>\n<\/ul>\n<\/div>\n<\/div>","protected":false},"excerpt":{"rendered":"<p>Tarifs Nos tarifs par spectacle et par personne TARIF A TARIF A*TARIF B \u00c0 PARTIR DE 10 PERSONNES(SCOLAIRES, ASSOCIATIONS\u2026) *Le tarif r\u00e9duit est propos\u00e9 sur pr\u00e9sentation d\u2019un justificatif : aux personnes titulaires d\u2019une carte mobilit\u00e9 inclusion (CMI) ou d\u2019une carte \u00e9tudiant, inscrit comme demandeur d\u2019emploi, b\u00e9n\u00e9ficiaire du revenu de solidarit\u00e9 active (RSA), aux personnes de [&hellip;]<\/p>\n","protected":false},"author":1,"featured_media":6743,"parent":48,"menu_order":46,"comment_status":"closed","ping_status":"closed","template":"","meta":{"_acf_changed":false,"_uag_custom_page_level_css":"","footnotes":""},"class_list":["post-68","page","type-page","status-publish","has-post-thumbnail","hentry"],"acf":[],"uagb_featured_image_src":{"full":["https:\/\/mairie-montataire.fr\/app\/uploads\/2025\/08\/2.1.6_InfosPratiques25-26.jpg",500,350,false],"thumbnail":["https:\/\/mairie-montataire.fr\/app\/uploads\/2025\/08\/2.1.6_InfosPratiques25-26-150x150.jpg",150,150,true],"medium":["https:\/\/mairie-montataire.fr\/app\/uploads\/2025\/08\/2.1.6_InfosPratiques25-26-300x210.jpg",300,210,true],"medium_large":["https:\/\/mairie-montataire.fr\/app\/uploads\/2025\/08\/2.1.6_InfosPratiques25-26.jpg",500,350,false],"large":["https:\/\/mairie-montataire.fr\/app\/uploads\/2025\/08\/2.1.6_InfosPratiques25-26.jpg",500,350,false],"1536x1536":["https:\/\/mairie-montataire.fr\/app\/uploads\/2025\/08\/2.1.6_InfosPratiques25-26.jpg",500,350,false],"2048x2048":["https:\/\/mairie-montataire.fr\/app\/uploads\/2025\/08\/2.1.6_InfosPratiques25-26.jpg",500,350,false],"trp-custom-language-flag":["https:\/\/mairie-montataire.fr\/app\/uploads\/2025\/08\/2.1.6_InfosPratiques25-26-18x12.jpg",18,12,true],"gform-image-choice-sm":["https:\/\/mairie-montataire.fr\/app\/uploads\/2025\/08\/2.1.6_InfosPratiques25-26.jpg",300,210,false],"gform-image-choice-md":["https:\/\/mairie-montataire.fr\/app\/uploads\/2025\/08\/2.1.6_InfosPratiques25-26.jpg",400,280,false],"gform-image-choice-lg":["https:\/\/mairie-montataire.fr\/app\/uploads\/2025\/08\/2.1.6_InfosPratiques25-26.jpg",500,350,false]},"uagb_author_info":{"display_name":"mentalworks","author_link":"https:\/\/mairie-montataire.fr\/en\/actualites\/author\/mentalworks\/"},"uagb_comment_info":0,"uagb_excerpt":"Tarifs Nos tarifs par spectacle et par personne TARIF A TARIF A*TARIF B \u00c0 PARTIR DE 10 PERSONNES(SCOLAIRES, ASSOCIATIONS\u2026) *Le tarif r\u00e9duit est propos\u00e9 sur pr\u00e9sentation d\u2019un justificatif : aux personnes titulaires d\u2019une carte mobilit\u00e9 inclusion (CMI) ou d\u2019une carte \u00e9tudiant, inscrit comme demandeur d\u2019emploi, b\u00e9n\u00e9ficiaire du revenu de solidarit\u00e9 active (RSA), aux personnes de&hellip;","_links":{"self":[{"href":"https:\/\/mairie-montataire.fr\/en\/wp-json\/wp\/v2\/pages\/68","targetHints":{"allow":["GET"]}}],"collection":[{"href":"https:\/\/mairie-montataire.fr\/en\/wp-json\/wp\/v2\/pages"}],"about":[{"href":"https:\/\/mairie-montataire.fr\/en\/wp-json\/wp\/v2\/types\/page"}],"author":[{"embeddable":true,"href":"https:\/\/mairie-montataire.fr\/en\/wp-json\/wp\/v2\/users\/1"}],"replies":[{"embeddable":true,"href":"https:\/\/mairie-montataire.fr\/en\/wp-json\/wp\/v2\/comments?post=68"}],"version-history":[{"count":25,"href":"https:\/\/mairie-montataire.fr\/en\/wp-json\/wp\/v2\/pages\/68\/revisions"}],"predecessor-version":[{"id":6772,"href":"https:\/\/mairie-montataire.fr\/en\/wp-json\/wp\/v2\/pages\/68\/revisions\/6772"}],"up":[{"embeddable":true,"href":"https:\/\/mairie-montataire.fr\/en\/wp-json\/wp\/v2\/pages\/48"}],"wp:featuredmedia":[{"embeddable":true,"href":"https:\/\/mairie-montataire.fr\/en\/wp-json\/wp\/v2\/media\/6743"}],"wp:attachment":[{"href":"https:\/\/mairie-montataire.fr\/en\/wp-json\/wp\/v2\/media?parent=68"}],"curies":[{"name":"wp","href":"https:\/\/api.w.org\/{rel}","templated":true}]}}

<div class="wp-block-uagb-separator uagb-block-1a0c7cbc"><div class="wp-block-uagb-separator__inner" style="--my-background-image:"></div></div>



<h2 class="wp-block-heading">Rates</h2>



<h3 class="wp-block-heading">Our prices per show and per person</h3>



<div class="wp-block-columns is-layout-flex wp-container-core-columns-is-layout-9d6595d7 wp-block-columns-is-layout-flex">
<div class="wp-block-column is-layout-flow wp-block-column-is-layout-flow">
<div class="wp-block-uagb-counter uagb-block-bbf58b2d wp-block-uagb-counter--number"><div class="wp-block-uagb-counter__number"><span class="uagb-counter-block-number" data-duration="0.001" data-to-value="10" data-from-value="0" data-delimiter=","></span><span class="uagb-counter-block-suffix"> €</span></div><div class="wp-block-uagb-counter__title"><strong>FULL RATE</strong></div></div>



<p class="has-text-align-center"><strong>RATE A</strong></p>
</div>



<div class="wp-block-column is-layout-flow wp-block-column-is-layout-flow">
<div class="wp-block-uagb-counter uagb-block-7f1a9da1 wp-block-uagb-counter--number"><div class="wp-block-uagb-counter__number"><span class="uagb-counter-block-number" data-duration="0.001" data-to-value="4" data-from-value="0" data-delimiter=","></span><span class="uagb-counter-block-suffix"> €</span></div><div class="wp-block-uagb-counter__title"><strong>REDUCED RATE</strong>*</div></div>



<p class="has-text-align-center"><strong>RATE A*</strong><br><strong>RATE B</strong></p>
</div>



<div class="wp-block-column is-layout-flow wp-block-column-is-layout-flow">
<div class="wp-block-uagb-counter uagb-block-43c6c7d5 wp-block-uagb-counter--number"><div class="wp-block-uagb-counter__number"><span class="uagb-counter-block-number" data-duration="0.001" data-to-value="2.5" data-from-value="0" data-delimiter=","></span><span class="uagb-counter-block-suffix"> €</span></div><div class="wp-block-uagb-counter__title"><strong>GROUP RATE</strong></div></div>



<p class="has-text-align-center"><strong>FROM 10 PEOPLE<br>(SCHOOLS, ASSOCIATIONS...)</strong></p>
</div>
</div>



<p>*<em>Reduced fares are available on presentation of proof: to holders of a mobility inclusion card (CMI) or student card, registered jobseekers, recipients of the revenu de solidarité active (RSA), people under 20 or retired people.</em></p>



<p><strong>If you wish to book a show, please call us on 03 44 24 69 97 or send us an email.</strong></p>



<h3 class="wp-block-heading">Our subscriber rates per show and per person for 4 shows or more in the season</h3>



<div class="wp-block-columns is-layout-flex wp-container-core-columns-is-layout-9d6595d7 wp-block-columns-is-layout-flex">
<div class="wp-block-column is-layout-flow wp-block-column-is-layout-flow">
<div class="wp-block-uagb-counter uagb-block-a88b4baf wp-block-uagb-counter--number"><div class="wp-block-uagb-counter__number"><span class="uagb-counter-block-number" data-duration="0.001" data-to-value="7" data-from-value="0" data-delimiter=","></span><span class="uagb-counter-block-suffix"> €</span></div><div class="wp-block-uagb-counter__title"><strong>FULL RATE</strong></div></div>



<p class="has-text-align-center"><strong>RATE A</strong></p>
</div>



<div class="wp-block-column is-layout-flow wp-block-column-is-layout-flow">
<div class="wp-block-uagb-counter uagb-block-99f76f46 wp-block-uagb-counter--number"><div class="wp-block-uagb-counter__number"><span class="uagb-counter-block-number" data-duration="0.001" data-to-value="3" data-from-value="0" data-delimiter=","></span><span class="uagb-counter-block-suffix"> €</span></div><div class="wp-block-uagb-counter__title"><strong>REDUCED RATE</strong></div></div>



<p class="has-text-align-center"><strong>RATE A*</strong><br><strong>RATE B</strong></p>
</div>
</div>



<p>*<em>Reduced fares are available on presentation of proof: to holders of a mobility inclusion card (CMI) or student card, registered jobseekers, recipients of the revenu de solidarité active (RSA), people under 20 or retired people. For season tickets, you can pay up to a maximum of 3 times.</em></p>



<h2 class="wp-block-heading">Buy your seat...</h2>



<h3 class="wp-block-heading">...on site</h3>



<p>30 minutes before each show or during Palace opening hours.</p>



<h3 class="wp-block-heading">...by post</h3>



<p>Send us your form and cheque made payable to the French Treasury by post to&nbsp;<strong>Mairie - Service Culturel BP 50209 - 60762 Montataire Cedex</strong>&nbsp;or by dropping it off at the Palace reception desk. Subscribe for 4 shows or more, and pay up to 3 times.</p>



<div style="height:24px" aria-hidden="true" class="wp-block-spacer"></div>



<h3 class="wp-block-heading">Payment methods</h3>



<div class="wp-block-columns is-layout-flex wp-container-core-columns-is-layout-9d6595d7 wp-block-columns-is-layout-flex">
<div class="wp-block-column is-layout-flow wp-block-column-is-layout-flow">
<p class="has-text-align-center">❌ Credit card&nbsp;</p>
</div>



<div class="wp-block-column is-layout-flow wp-block-column-is-layout-flow">
<p class="has-text-align-center">✅ Cheque</p>
</div>



<div class="wp-block-column is-layout-flow wp-block-column-is-layout-flow">
<p class="has-text-align-center">✅ Species</p>
</div>
</div>



<div class="wp-block-columns are-vertically-aligned-center is-layout-flex wp-container-core-columns-is-layout-9d6595d7 wp-block-columns-is-layout-flex">
<div class="wp-block-column is-vertically-aligned-center is-layout-flow wp-block-column-is-layout-flow">
<p class="has-text-align-center">✅ Culture pass&nbsp;&nbsp;</p>
</div>



<div class="wp-block-column is-vertically-aligned-center is-layout-flow wp-block-column-is-layout-flow">
<p class="has-text-align-center">✅ Culture vouchers</p>
</div>
</div>



<h2 class="wp-block-heading">Access</h2>



<div class="wp-block-columns is-layout-flex wp-container-core-columns-is-layout-9d6595d7 wp-block-columns-is-layout-flex">
<div class="wp-block-column is-layout-flow wp-block-column-is-layout-flow">
<h3 class="wp-block-heading">By bus</h3>



<p>Lines A / S3 / S5 / S6&nbsp;<strong>Deported stop</strong><br><a href="https://www.oise-mobilite.fr/horaires-arret/41706" target="_blank" rel="noreferrer noopener"><strong>Oise mobility</strong></a></p>
</div>



<div class="wp-block-column is-layout-flow wp-block-column-is-layout-flow">
<h3 class="wp-block-heading">By car</h3>



<ul class="wp-block-list">
<li style="font-style:normal;font-weight:400">12 min from Creil</li>



<li style="font-style:normal;font-weight:400">40 minutes from Compiègne and Beauvais</li>



<li style="font-style:normal;font-weight:400">1h15 from Amiens and Paris</li>
</ul>
</div>



<div class="wp-block-column is-layout-flow wp-block-column-is-layout-flow">
<h3 class="wp-block-heading">Parking nearby</h3>



<ul class="wp-block-list">
<li style="font-style:normal;font-weight:400">Free Le Palace car park</li>



<li style="font-style:normal;font-weight:400">Free Town Hall car park (2 minutes' walk)</li>



<li style="font-style:normal;font-weight:400">Free Ambroise Croizat car park (5-minute walk)</li>
</ul>
</div>
</div>

<p>Tarifs Nos tarifs par spectacle et par personne TARIF A TARIF A*TARIF B À PARTIR DE 10 PERSONNES(SCOLAIRES, ASSOCIATIONS…) *Le tarif réduit est proposé sur présentation d’un justificatif : aux personnes titulaires d’une carte mobilité inclusion (CMI) ou d’une carte étudiant, inscrit comme demandeur d’emploi, bénéficiaire du revenu de solidarité active (RSA), aux personnes de [&hellip;]</p>

Tarifs Nos tarifs par spectacle et par personne TARIF A TARIF A*TARIF B À PARTIR DE 10 PERSONNES(SCOLAIRES, ASSOCIATIONS…) *Le tarif réduit est proposé sur présentation d’un justificatif : aux personnes titulaires d’une carte mobilité inclusion (CMI) ou d’une carte étudiant, inscrit comme demandeur d’emploi, bénéficiaire du revenu de solidarité active (RSA), aux personnes de&hellip;
