{"id":66,"date":"2024-05-03T09:14:42","date_gmt":"2024-05-03T09:14:42","guid":{"rendered":"https:\/\/montataire.local\/?page_id=66"},"modified":"2025-09-16T08:00:02","modified_gmt":"2025-09-16T08:00:02","slug":"school-programming","status":"publish","type":"page","link":"https:\/\/mairie-montataire.fr\/en\/s-epanouir\/le-palace\/programmation-scolaire\/","title":{"rendered":"School programme"},"content":{"rendered":"<p><strong>The municipality is offering one free show for nursery classes and two free shows for elementary classes. For more shows and for secondary school classes, the price is \u20ac2.50 per pupil (payment possible with the ADAGE cultural pass).<\/strong><\/p>\n\n\n\n<div class=\"wp-block-uagb-separator uagb-block-1a0c7cbc\"><div class=\"wp-block-uagb-separator__inner\" style=\"--my-background-image:\"><\/div><\/div>\n\n\n\n<h2 class=\"wp-block-heading\">What we offer<\/h2>\n\n\n\n<p>Le Palace offers targeted shows for cycle 1 (nursery school), cycle 2 (primary school) and cycle 3 (secondary school). Educational packs are available for some shows to give you food for thought, prepare a classroom workshop, raise awareness of the theme...&nbsp;<\/p>\n\n\n<div class=\"highlight\">\n                <div class=\"highlight__description\"><p style=\"text-align: center;\"><strong>The slots will be offered by the cultural department.<\/strong><\/p>\n<p>For the town's primary and nursery schools, once you have received confirmation, you have access to <strong>15 days<\/strong> to request a bus from the cultural department.<\/p>\n<\/div>\n    <\/div>\n\n\n<p>Le Palace may open shows to the general public where there are still seats available.<\/p>\n\n\n\n<h2 class=\"wp-block-heading\">Companion level<\/h2>\n\n\n\n<p>3 accompanying adults are needed for a nursery class and 2 for an elementary class. They will be seated at the ends of the rows. If this number is exceeded, substitutes will be placed at the back of the room.<\/p>\n\n\n\n<h2 class=\"wp-block-heading\">How to watch a show<\/h2>\n\n\n\n<p style=\"padding-right:var(--wp--preset--spacing--70);padding-left:var(--wp--preset--spacing--70)\">\u2705 I arrive 15 minutes before the show.<\/p>\n\n\n\n<p style=\"padding-right:var(--wp--preset--spacing--70);padding-left:var(--wp--preset--spacing--70)\">\u2705 I go to the toilet or have someone accompany me before the show starts.&nbsp;<\/p>\n\n\n\n<p style=\"padding-right:var(--wp--preset--spacing--70);padding-left:var(--wp--preset--spacing--70)\">\u2705 I'm attentive, almost silent...&nbsp;<\/p>\n\n\n\n<p style=\"padding-right:var(--wp--preset--spacing--70);padding-left:var(--wp--preset--spacing--70)\">\u2705 Afterwards, I can talk to my friends, my teacher, my family...<\/p>\n\n\n\n<p style=\"padding-right:var(--wp--preset--spacing--70);padding-left:var(--wp--preset--spacing--70)\">\u274c I turn my phone off.<\/p>\n\n\n\n<p style=\"padding-right:var(--wp--preset--spacing--70);padding-left:var(--wp--preset--spacing--70)\">\u274c I don't photograph\/film.<\/p>\n\n\n\n<p style=\"padding-right:var(--wp--preset--spacing--70);padding-left:var(--wp--preset--spacing--70)\">\u274c I'm not going anywhere.&nbsp;<\/p>\n\n\n\n<p style=\"padding-right:var(--wp--preset--spacing--70);padding-left:var(--wp--preset--spacing--70)\">\u274c I don't smoke\/vape.<\/p>\n\n\n\n<h2 class=\"wp-block-heading\">CL\u00c9A<\/h2>\n\n\n\n<p>The Local Arts Education Contract (CL\u00c9A) is a scheme for education in art and culture supported by the Ministries of Culture and National Education and the local authority. It is implemented in the Creil Sud Oise Conurbation (ACSO) in partnership with the Hauts-de-France Regional Department of Cultural Affairs (DRAC) and the Oise Department of National Education (DSDEN).<\/p>\n\n\n\n<p><br>To get started on a CL\u00c9A you can go to <a href=\"https:\/\/www.creilsudoise.fr\/mon-quotidien\/loisirs\/culture\/le-contrat-local-deducation-artistique-clea\/#:~:text=Le%20Contrat%20Local%20d'Education%20Artistique%20(CLEA)%20est%20un,%C3%89ducation%20nationale%20et%20la%20collectivit%C3%A9.)\" target=\"_blank\" rel=\"noreferrer noopener\">the call for projects on the ACSO website<\/a><\/p>\n\n\n\n<p>The Palace's cultural team can also help you build, invent and imagine your project in relation to its programming for young audiences, artists in residence or partners.<\/p>","protected":false},"excerpt":{"rendered":"<p>La municipalit\u00e9 offre un spectacle gratuit pour les maternelles et deux spectacles pour les \u00e9l\u00e9mentaires. Pour plus de spectacles et pour les classes du coll\u00e8ge et lyc\u00e9e, les tarifs sont de 2,50\u20ac par \u00e9l\u00e8ve (paiement possible avec le pass culturel ADAGE). Ce que l\u2019on vous propose Le Palace vous propose des spectacles cibler pour le [&hellip;]<\/p>\n","protected":false},"author":1,"featured_media":6746,"parent":48,"menu_order":44,"comment_status":"closed","ping_status":"closed","template":"","meta":{"_acf_changed":false,"_uag_custom_page_level_css":"","footnotes":""},"class_list":["post-66","page","type-page","status-publish","has-post-thumbnail","hentry"],"acf":[],"uagb_featured_image_src":{"full":["https:\/\/mairie-montataire.fr\/app\/uploads\/2025\/08\/2.1.4_ProgScolaire25-26.jpg",500,350,false],"thumbnail":["https:\/\/mairie-montataire.fr\/app\/uploads\/2025\/08\/2.1.4_ProgScolaire25-26-150x150.jpg",150,150,true],"medium":["https:\/\/mairie-montataire.fr\/app\/uploads\/2025\/08\/2.1.4_ProgScolaire25-26-300x210.jpg",300,210,true],"medium_large":["https:\/\/mairie-montataire.fr\/app\/uploads\/2025\/08\/2.1.4_ProgScolaire25-26.jpg",500,350,false],"large":["https:\/\/mairie-montataire.fr\/app\/uploads\/2025\/08\/2.1.4_ProgScolaire25-26.jpg",500,350,false],"1536x1536":["https:\/\/mairie-montataire.fr\/app\/uploads\/2025\/08\/2.1.4_ProgScolaire25-26.jpg",500,350,false],"2048x2048":["https:\/\/mairie-montataire.fr\/app\/uploads\/2025\/08\/2.1.4_ProgScolaire25-26.jpg",500,350,false],"trp-custom-language-flag":["https:\/\/mairie-montataire.fr\/app\/uploads\/2025\/08\/2.1.4_ProgScolaire25-26-18x12.jpg",18,12,true],"gform-image-choice-sm":["https:\/\/mairie-montataire.fr\/app\/uploads\/2025\/08\/2.1.4_ProgScolaire25-26.jpg",300,210,false],"gform-image-choice-md":["https:\/\/mairie-montataire.fr\/app\/uploads\/2025\/08\/2.1.4_ProgScolaire25-26.jpg",400,280,false],"gform-image-choice-lg":["https:\/\/mairie-montataire.fr\/app\/uploads\/2025\/08\/2.1.4_ProgScolaire25-26.jpg",500,350,false]},"uagb_author_info":{"display_name":"mentalworks","author_link":"https:\/\/mairie-montataire.fr\/en\/actualites\/author\/mentalworks\/"},"uagb_comment_info":0,"uagb_excerpt":"La municipalit\u00e9 offre un spectacle gratuit pour les maternelles et deux spectacles pour les \u00e9l\u00e9mentaires. Pour plus de spectacles et pour les classes du coll\u00e8ge et lyc\u00e9e, les tarifs sont de 2,50\u20ac par \u00e9l\u00e8ve (paiement possible avec le pass culturel ADAGE). Ce que l\u2019on vous propose Le Palace vous propose des spectacles cibler pour le&hellip;","_links":{"self":[{"href":"https:\/\/mairie-montataire.fr\/en\/wp-json\/wp\/v2\/pages\/66","targetHints":{"allow":["GET"]}}],"collection":[{"href":"https:\/\/mairie-montataire.fr\/en\/wp-json\/wp\/v2\/pages"}],"about":[{"href":"https:\/\/mairie-montataire.fr\/en\/wp-json\/wp\/v2\/types\/page"}],"author":[{"embeddable":true,"href":"https:\/\/mairie-montataire.fr\/en\/wp-json\/wp\/v2\/users\/1"}],"replies":[{"embeddable":true,"href":"https:\/\/mairie-montataire.fr\/en\/wp-json\/wp\/v2\/comments?post=66"}],"version-history":[{"count":14,"href":"https:\/\/mairie-montataire.fr\/en\/wp-json\/wp\/v2\/pages\/66\/revisions"}],"predecessor-version":[{"id":6833,"href":"https:\/\/mairie-montataire.fr\/en\/wp-json\/wp\/v2\/pages\/66\/revisions\/6833"}],"up":[{"embeddable":true,"href":"https:\/\/mairie-montataire.fr\/en\/wp-json\/wp\/v2\/pages\/48"}],"wp:featuredmedia":[{"embeddable":true,"href":"https:\/\/mairie-montataire.fr\/en\/wp-json\/wp\/v2\/media\/6746"}],"wp:attachment":[{"href":"https:\/\/mairie-montataire.fr\/en\/wp-json\/wp\/v2\/media?parent=66"}],"curies":[{"name":"wp","href":"https:\/\/api.w.org\/{rel}","templated":true}]}}

<p><strong>The municipality is offering one free show for nursery classes and two free shows for elementary classes. For more shows and for secondary school classes, the price is €2.50 per pupil (payment possible with the ADAGE cultural pass).</strong></p>



<div class="wp-block-uagb-separator uagb-block-1a0c7cbc"><div class="wp-block-uagb-separator__inner" style="--my-background-image:"></div></div>



<h2 class="wp-block-heading">What we offer</h2>



<p>Le Palace offers targeted shows for cycle 1 (nursery school), cycle 2 (primary school) and cycle 3 (secondary school). Educational packs are available for some shows to give you food for thought, prepare a classroom workshop, raise awareness of the theme...&nbsp;</p>


<div class="highlight">
                <div class="highlight__description"><p style="text-align: center;"><strong>The slots will be offered by the cultural department.</strong></p>
<p>For the town's primary and nursery schools, once you have received confirmation, you have access to <strong>15 days</strong> to request a bus from the cultural department.</p>
</div>
    </div>


<p>Le Palace may open shows to the general public where there are still seats available.</p>



<h2 class="wp-block-heading">Companion level</h2>



<p>3 accompanying adults are needed for a nursery class and 2 for an elementary class. They will be seated at the ends of the rows. If this number is exceeded, substitutes will be placed at the back of the room.</p>



<h2 class="wp-block-heading">How to watch a show</h2>



<p style="padding-right:var(--wp--preset--spacing--70);padding-left:var(--wp--preset--spacing--70)">✅ I arrive 15 minutes before the show.</p>



<p style="padding-right:var(--wp--preset--spacing--70);padding-left:var(--wp--preset--spacing--70)">✅ I go to the toilet or have someone accompany me before the show starts.&nbsp;</p>



<p style="padding-right:var(--wp--preset--spacing--70);padding-left:var(--wp--preset--spacing--70)">✅ I'm attentive, almost silent...&nbsp;</p>



<p style="padding-right:var(--wp--preset--spacing--70);padding-left:var(--wp--preset--spacing--70)">✅ Afterwards, I can talk to my friends, my teacher, my family...</p>



<p style="padding-right:var(--wp--preset--spacing--70);padding-left:var(--wp--preset--spacing--70)">❌ I turn my phone off.</p>



<p style="padding-right:var(--wp--preset--spacing--70);padding-left:var(--wp--preset--spacing--70)">❌ I don't photograph/film.</p>



<p style="padding-right:var(--wp--preset--spacing--70);padding-left:var(--wp--preset--spacing--70)">❌ I'm not going anywhere.&nbsp;</p>



<p style="padding-right:var(--wp--preset--spacing--70);padding-left:var(--wp--preset--spacing--70)">❌ I don't smoke/vape.</p>



<h2 class="wp-block-heading">CLÉA</h2>



<p>The Local Arts Education Contract (CLÉA) is a scheme for education in art and culture supported by the Ministries of Culture and National Education and the local authority. It is implemented in the Creil Sud Oise Conurbation (ACSO) in partnership with the Hauts-de-France Regional Department of Cultural Affairs (DRAC) and the Oise Department of National Education (DSDEN).</p>



<p><br>To get started on a CLÉA you can go to <a href="https://www.creilsudoise.fr/mon-quotidien/loisirs/culture/le-contrat-local-deducation-artistique-clea/#:~:text=Le%20Contrat%20Local%20d'Education%20Artistique%20(CLEA)%20est%20un,%C3%89ducation%20nationale%20et%20la%20collectivit%C3%A9.)" target="_blank" rel="noreferrer noopener">the call for projects on the ACSO website</a></p>



<p>The Palace's cultural team can also help you build, invent and imagine your project in relation to its programming for young audiences, artists in residence or partners.</p>

<p>La municipalité offre un spectacle gratuit pour les maternelles et deux spectacles pour les élémentaires. Pour plus de spectacles et pour les classes du collège et lycée, les tarifs sont de 2,50€ par élève (paiement possible avec le pass culturel ADAGE). Ce que l’on vous propose Le Palace vous propose des spectacles cibler pour le [&hellip;]</p>

La municipalité offre un spectacle gratuit pour les maternelles et deux spectacles pour les élémentaires. Pour plus de spectacles et pour les classes du collège et lycée, les tarifs sont de 2,50€ par élève (paiement possible avec le pass culturel ADAGE). Ce que l’on vous propose Le Palace vous propose des spectacles cibler pour le&hellip;
