{"id":52,"date":"2024-05-03T09:12:52","date_gmt":"2024-05-03T09:12:52","guid":{"rendered":"https:\/\/montataire.local\/?page_id=52"},"modified":"2024-09-05T08:11:58","modified_gmt":"2024-09-05T08:11:58","slug":"amem","status":"publish","type":"page","link":"https:\/\/mairie-montataire.fr\/en\/s-epanouir\/amem\/","title":{"rendered":"AMEM"},"content":{"rendered":"<p><strong>Since 1989, AMEM (Association Municipale d'Enseignement et d'\u00c9ducation Musicale) has been teaching music, dance and visual arts from the age of 5 at the Halle Perret cultural centre. It also organises a number of concerts and the Festival des Clochers.<\/strong><\/p>\n\n\n\n<figure class=\"wp-block-image size-large is-resized\"><img loading=\"lazy\" decoding=\"async\" width=\"1024\" height=\"490\" src=\"https:\/\/mairie-montataire.fr\/app\/uploads\/2024\/08\/2024-07-04-Halle-Perret-5-1024x490.jpg\" alt=\"\" class=\"wp-image-2596\" style=\"width:1004px;height:auto\" srcset=\"https:\/\/mairie-montataire.fr\/app\/uploads\/2024\/08\/2024-07-04-Halle-Perret-5-1024x490.jpg 1024w, https:\/\/mairie-montataire.fr\/app\/uploads\/2024\/08\/2024-07-04-Halle-Perret-5-300x143.jpg 300w, https:\/\/mairie-montataire.fr\/app\/uploads\/2024\/08\/2024-07-04-Halle-Perret-5-768x367.jpg 768w, https:\/\/mairie-montataire.fr\/app\/uploads\/2024\/08\/2024-07-04-Halle-Perret-5-1536x734.jpg 1536w, https:\/\/mairie-montataire.fr\/app\/uploads\/2024\/08\/2024-07-04-Halle-Perret-5-2048x979.jpg 2048w\" sizes=\"auto, (max-width: 1024px) 100vw, 1024px\" \/><\/figure>\n\n\n\n<h2 class=\"wp-block-heading\"><strong>The courses<\/strong><\/h2>\n\n\n\n<p>AMEM provides a very eclectic range of artistic education and teaching:<\/p>\n\n\n\n<ul style=\"padding-right:var(--wp--preset--spacing--70);padding-left:var(--wp--preset--spacing--70);font-style:normal;font-weight:400\" class=\"wp-block-list\">\n<li style=\"font-style:normal;font-weight:400\">Individual lessons (from age 7 or CE1)<\/li>\n\n\n\n<li style=\"font-style:normal;font-weight:400\">Group classes : Music kindergarten, Orff musical expression workshop, teenage\/adult music training, children's choir, gospel choir, classical dance, modern jazz, Tahitian dance.<\/li>\n\n\n\n<li style=\"font-style:normal;font-weight:400\">Wind, flute, clarinet, harp and guitar ensembles<\/li>\n\n\n\n<li style=\"font-style:normal;font-weight:400\">String orchestra for all levels, wind band, jazz big band<\/li>\n\n\n\n<li style=\"font-style:normal;font-weight:400\">Improvisation workshop, Jazz, Blues, R&amp;B &amp; Blues workshop, Blues &amp; Rock workshop, Children's jazz workshop, Djembe workshop, Batucada workshop, Drawing and plastic arts workshop, Early music workshop<\/li>\n<\/ul>\n\n\n\n<div style=\"height:15px\" aria-hidden=\"true\" class=\"wp-block-spacer\"><\/div>\n\n\n\n<p><a href=\"https:\/\/www.a-m-e-m.fr\/informations-pratiques\/tarifs\/\" data-type=\"link\" data-id=\"https:\/\/www.a-m-e-m.fr\/informations-pratiques\/tarifs\/\" target=\"_blank\" rel=\"noreferrer noopener\">See their website for prices.<\/a><\/p>\n\n\n\n<h2 class=\"wp-block-heading\"><strong>The Mont'Le Son studio<\/strong><\/h2>\n\n\n\n<p>The studio is a space dedicated to musical creation, equipped with state-of-the-art equipment and partly subsidised by the Hauts-de-France Regional Department of Cultural Affairs.<\/p>\n\n\n\n<p>The recording studio is open to all, with preferential rates for residents of the town and the Creil Sud Oise conurbation.<\/p>\n\n\n\n<p><a href=\"https:\/\/www.a-m-e-m.fr\/studios-mont-le-son\/\" data-type=\"link\" data-id=\"https:\/\/www.a-m-e-m.fr\/studios-mont-le-son\/\" target=\"_blank\" rel=\"noreferrer noopener\">For prices and booking information, visit their website.<\/a><\/p>\n\n\n\n<figure class=\"wp-block-image aligncenter size-large is-resized\"><img loading=\"lazy\" decoding=\"async\" width=\"1024\" height=\"683\" src=\"https:\/\/mairie-montataire.fr\/app\/uploads\/2024\/09\/2024-09-03-Studios-AMEM-9-Studio-denregistrement-1024x683.jpg\" alt=\"\" class=\"wp-image-4390\" style=\"width:621px;height:auto\" srcset=\"https:\/\/mairie-montataire.fr\/app\/uploads\/2024\/09\/2024-09-03-Studios-AMEM-9-Studio-denregistrement-1024x683.jpg 1024w, https:\/\/mairie-montataire.fr\/app\/uploads\/2024\/09\/2024-09-03-Studios-AMEM-9-Studio-denregistrement-300x200.jpg 300w, https:\/\/mairie-montataire.fr\/app\/uploads\/2024\/09\/2024-09-03-Studios-AMEM-9-Studio-denregistrement-768x512.jpg 768w, https:\/\/mairie-montataire.fr\/app\/uploads\/2024\/09\/2024-09-03-Studios-AMEM-9-Studio-denregistrement-1536x1025.jpg 1536w, https:\/\/mairie-montataire.fr\/app\/uploads\/2024\/09\/2024-09-03-Studios-AMEM-9-Studio-denregistrement-2048x1366.jpg 2048w, https:\/\/mairie-montataire.fr\/app\/uploads\/2024\/09\/2024-09-03-Studios-AMEM-9-Studio-denregistrement-18x12.jpg 18w\" sizes=\"auto, (max-width: 1024px) 100vw, 1024px\" \/><\/figure>\n\n\n\n<h2 class=\"wp-block-heading\"><strong>La Halle Perret<\/strong><\/h2>\n\n\n\n<p>With its architecture dating back to 1919, the city wanted to preserve this heritage by renovating the right wing of the building. Since its inauguration in January 2018, Halle Perret has won the 2019 European Architecture and Contracting Award (AMO).<\/p>\n\n\n\n<div class=\"wp-block-uagb-container uagb-block-537e63fd alignfull uagb-is-root-container\"><div class=\"uagb-container-inner-blocks-wrap\">\n<div class=\"wp-block-uagb-blockquote uagb-block-1d0dd472 uagb-blockquote__skin-border uagb-blockquote__stack-img-none\"><blockquote class=\"uagb-blockquote\"><div class=\"uagb-blockquote__content\">\"The cultural centre is a perfect illustration of this ability to make architecture the transposition of the human, political and historical exchanges on which it is based. From an area devastated by the industrial and metallurgical crisis to a cultural centre, the Halle Perret is an exemplary translation through its collaborative approach. This project offers an enriched interpretation of depreciated remains\".<\/div><footer><div class=\"uagb-blockquote__author-wrap uagb-blockquote__author-at-left\"><cite class=\"uagb-blockquote__author\">AMO price review\u00a0<\/cite><\/div><\/footer><\/blockquote><\/div>\n<\/div><\/div>\n\n\n\n<div style=\"height:27px\" aria-hidden=\"true\" class=\"wp-block-spacer\"><\/div>\n\n\n\n<p>The Halle Perret symbolises the continuity between local industrial history and culture. The building is listed in the Hauts-de-France general inventory of cultural heritage. Its renovation received financial support from the Conseil d\u00e9partemental de l'Oise, the Conseil r\u00e9gional de Picardie and the French government. The project also received co-funding from the European Union.<\/p>\n\n\n\n<figure class=\"wp-block-image size-large is-resized\"><img loading=\"lazy\" decoding=\"async\" width=\"1024\" height=\"204\" src=\"https:\/\/mairie-montataire.fr\/app\/uploads\/2024\/08\/ReabilitationHallePerret-1-1024x204.jpg\" alt=\"\" class=\"wp-image-2597\" style=\"width:1163px;height:auto\" srcset=\"https:\/\/mairie-montataire.fr\/app\/uploads\/2024\/08\/ReabilitationHallePerret-1-1024x204.jpg 1024w, https:\/\/mairie-montataire.fr\/app\/uploads\/2024\/08\/ReabilitationHallePerret-1-300x60.jpg 300w, https:\/\/mairie-montataire.fr\/app\/uploads\/2024\/08\/ReabilitationHallePerret-1-768x153.jpg 768w, https:\/\/mairie-montataire.fr\/app\/uploads\/2024\/08\/ReabilitationHallePerret-1.jpg 1379w\" sizes=\"auto, (max-width: 1024px) 100vw, 1024px\" \/><\/figure>","protected":false},"excerpt":{"rendered":"<p>Depuis 1989, l&rsquo;AMEM (Association Municipale d\u2019Enseignement et d\u2019\u00c9ducation Musicale) enseigne la musique, la danse et les arts plastiques d\u00e8s l&rsquo;\u00e2ge de 5 ans au p\u00f4le culturel la Halle Perret. Elle est \u00e9galement \u00e0 l&rsquo;initiative de nombreux concerts et du festival des Clochers. Les cours L\u2019AMEM apporte un enseignement et une \u00e9ducation&nbsp;artistique tr\u00e8s \u00e9clectique&nbsp;: Retrouvez les [&hellip;]<\/p>\n","protected":false},"author":1,"featured_media":1076,"parent":34,"menu_order":48,"comment_status":"closed","ping_status":"closed","template":"","meta":{"_acf_changed":false,"_uag_custom_page_level_css":"","footnotes":""},"class_list":["post-52","page","type-page","status-publish","has-post-thumbnail","hentry"],"acf":[],"uagb_featured_image_src":{"full":["https:\/\/mairie-montataire.fr\/app\/uploads\/2024\/07\/2.3_amem-1.jpg",500,333,false],"thumbnail":["https:\/\/mairie-montataire.fr\/app\/uploads\/2024\/07\/2.3_amem-1-150x150.jpg",150,150,true],"medium":["https:\/\/mairie-montataire.fr\/app\/uploads\/2024\/07\/2.3_amem-1-300x200.jpg",300,200,true],"medium_large":["https:\/\/mairie-montataire.fr\/app\/uploads\/2024\/07\/2.3_amem-1.jpg",500,333,false],"large":["https:\/\/mairie-montataire.fr\/app\/uploads\/2024\/07\/2.3_amem-1.jpg",500,333,false],"1536x1536":["https:\/\/mairie-montataire.fr\/app\/uploads\/2024\/07\/2.3_amem-1.jpg",500,333,false],"2048x2048":["https:\/\/mairie-montataire.fr\/app\/uploads\/2024\/07\/2.3_amem-1.jpg",500,333,false],"trp-custom-language-flag":["https:\/\/mairie-montataire.fr\/app\/uploads\/2024\/07\/2.3_amem-1.jpg",18,12,false],"gform-image-choice-sm":["https:\/\/mairie-montataire.fr\/app\/uploads\/2024\/07\/2.3_amem-1.jpg",300,200,false],"gform-image-choice-md":["https:\/\/mairie-montataire.fr\/app\/uploads\/2024\/07\/2.3_amem-1.jpg",400,266,false],"gform-image-choice-lg":["https:\/\/mairie-montataire.fr\/app\/uploads\/2024\/07\/2.3_amem-1.jpg",500,333,false]},"uagb_author_info":{"display_name":"mentalworks","author_link":"https:\/\/mairie-montataire.fr\/en\/actualites\/author\/mentalworks\/"},"uagb_comment_info":0,"uagb_excerpt":"Depuis 1989, l&rsquo;AMEM (Association Municipale d\u2019Enseignement et d\u2019\u00c9ducation Musicale) enseigne la musique, la danse et les arts plastiques d\u00e8s l&rsquo;\u00e2ge de 5 ans au p\u00f4le culturel la Halle Perret. Elle est \u00e9galement \u00e0 l&rsquo;initiative de nombreux concerts et du festival des Clochers. Les cours L\u2019AMEM apporte un enseignement et une \u00e9ducation&nbsp;artistique tr\u00e8s \u00e9clectique&nbsp;: Retrouvez les&hellip;","_links":{"self":[{"href":"https:\/\/mairie-montataire.fr\/en\/wp-json\/wp\/v2\/pages\/52","targetHints":{"allow":["GET"]}}],"collection":[{"href":"https:\/\/mairie-montataire.fr\/en\/wp-json\/wp\/v2\/pages"}],"about":[{"href":"https:\/\/mairie-montataire.fr\/en\/wp-json\/wp\/v2\/types\/page"}],"author":[{"embeddable":true,"href":"https:\/\/mairie-montataire.fr\/en\/wp-json\/wp\/v2\/users\/1"}],"replies":[{"embeddable":true,"href":"https:\/\/mairie-montataire.fr\/en\/wp-json\/wp\/v2\/comments?post=52"}],"version-history":[{"count":19,"href":"https:\/\/mairie-montataire.fr\/en\/wp-json\/wp\/v2\/pages\/52\/revisions"}],"predecessor-version":[{"id":4396,"href":"https:\/\/mairie-montataire.fr\/en\/wp-json\/wp\/v2\/pages\/52\/revisions\/4396"}],"up":[{"embeddable":true,"href":"https:\/\/mairie-montataire.fr\/en\/wp-json\/wp\/v2\/pages\/34"}],"wp:featuredmedia":[{"embeddable":true,"href":"https:\/\/mairie-montataire.fr\/en\/wp-json\/wp\/v2\/media\/1076"}],"wp:attachment":[{"href":"https:\/\/mairie-montataire.fr\/en\/wp-json\/wp\/v2\/media?parent=52"}],"curies":[{"name":"wp","href":"https:\/\/api.w.org\/{rel}","templated":true}]}}

<p><strong>Since 1989, AMEM (Association Municipale d'Enseignement et d'Éducation Musicale) has been teaching music, dance and visual arts from the age of 5 at the Halle Perret cultural centre. It also organises a number of concerts and the Festival des Clochers.</strong></p>



<figure class="wp-block-image size-large is-resized"><img loading="lazy" decoding="async" width="1024" height="490" src="https://mairie-montataire.fr/app/uploads/2024/08/2024-07-04-Halle-Perret-5-1024x490.jpg" alt="" class="wp-image-2596" style="width:1004px;height:auto" srcset="https://mairie-montataire.fr/app/uploads/2024/08/2024-07-04-Halle-Perret-5-1024x490.jpg 1024w, https://mairie-montataire.fr/app/uploads/2024/08/2024-07-04-Halle-Perret-5-300x143.jpg 300w, https://mairie-montataire.fr/app/uploads/2024/08/2024-07-04-Halle-Perret-5-768x367.jpg 768w, https://mairie-montataire.fr/app/uploads/2024/08/2024-07-04-Halle-Perret-5-1536x734.jpg 1536w, https://mairie-montataire.fr/app/uploads/2024/08/2024-07-04-Halle-Perret-5-2048x979.jpg 2048w" sizes="auto, (max-width: 1024px) 100vw, 1024px" /></figure>



<h2 class="wp-block-heading"><strong>The courses</strong></h2>



<p>AMEM provides a very eclectic range of artistic education and teaching:</p>



<ul style="padding-right:var(--wp--preset--spacing--70);padding-left:var(--wp--preset--spacing--70);font-style:normal;font-weight:400" class="wp-block-list">
<li style="font-style:normal;font-weight:400">Individual lessons (from age 7 or CE1)</li>



<li style="font-style:normal;font-weight:400">Group classes : Music kindergarten, Orff musical expression workshop, teenage/adult music training, children's choir, gospel choir, classical dance, modern jazz, Tahitian dance.</li>



<li style="font-style:normal;font-weight:400">Wind, flute, clarinet, harp and guitar ensembles</li>



<li style="font-style:normal;font-weight:400">String orchestra for all levels, wind band, jazz big band</li>



<li style="font-style:normal;font-weight:400">Improvisation workshop, Jazz, Blues, R&amp;B &amp; Blues workshop, Blues &amp; Rock workshop, Children's jazz workshop, Djembe workshop, Batucada workshop, Drawing and plastic arts workshop, Early music workshop</li>
</ul>



<div style="height:15px" aria-hidden="true" class="wp-block-spacer"></div>



<p><a href="https://www.a-m-e-m.fr/informations-pratiques/tarifs/" data-type="link" data-id="https://www.a-m-e-m.fr/informations-pratiques/tarifs/" target="_blank" rel="noreferrer noopener">See their website for prices.</a></p>



<h2 class="wp-block-heading"><strong>The Mont'Le Son studio</strong></h2>



<p>The studio is a space dedicated to musical creation, equipped with state-of-the-art equipment and partly subsidised by the Hauts-de-France Regional Department of Cultural Affairs.</p>



<p>The recording studio is open to all, with preferential rates for residents of the town and the Creil Sud Oise conurbation.</p>



<p><a href="https://www.a-m-e-m.fr/studios-mont-le-son/" data-type="link" data-id="https://www.a-m-e-m.fr/studios-mont-le-son/" target="_blank" rel="noreferrer noopener">For prices and booking information, visit their website.</a></p>



<figure class="wp-block-image aligncenter size-large is-resized"><img loading="lazy" decoding="async" width="1024" height="683" src="https://mairie-montataire.fr/app/uploads/2024/09/2024-09-03-Studios-AMEM-9-Studio-denregistrement-1024x683.jpg" alt="" class="wp-image-4390" style="width:621px;height:auto" srcset="https://mairie-montataire.fr/app/uploads/2024/09/2024-09-03-Studios-AMEM-9-Studio-denregistrement-1024x683.jpg 1024w, https://mairie-montataire.fr/app/uploads/2024/09/2024-09-03-Studios-AMEM-9-Studio-denregistrement-300x200.jpg 300w, https://mairie-montataire.fr/app/uploads/2024/09/2024-09-03-Studios-AMEM-9-Studio-denregistrement-768x512.jpg 768w, https://mairie-montataire.fr/app/uploads/2024/09/2024-09-03-Studios-AMEM-9-Studio-denregistrement-1536x1025.jpg 1536w, https://mairie-montataire.fr/app/uploads/2024/09/2024-09-03-Studios-AMEM-9-Studio-denregistrement-2048x1366.jpg 2048w, https://mairie-montataire.fr/app/uploads/2024/09/2024-09-03-Studios-AMEM-9-Studio-denregistrement-18x12.jpg 18w" sizes="auto, (max-width: 1024px) 100vw, 1024px" /></figure>



<h2 class="wp-block-heading"><strong>La Halle Perret</strong></h2>



<p>With its architecture dating back to 1919, the city wanted to preserve this heritage by renovating the right wing of the building. Since its inauguration in January 2018, Halle Perret has won the 2019 European Architecture and Contracting Award (AMO).</p>



<div class="wp-block-uagb-container uagb-block-537e63fd alignfull uagb-is-root-container"><div class="uagb-container-inner-blocks-wrap">
<div class="wp-block-uagb-blockquote uagb-block-1d0dd472 uagb-blockquote__skin-border uagb-blockquote__stack-img-none"><blockquote class="uagb-blockquote"><div class="uagb-blockquote__content">"The cultural centre is a perfect illustration of this ability to make architecture the transposition of the human, political and historical exchanges on which it is based. From an area devastated by the industrial and metallurgical crisis to a cultural centre, the Halle Perret is an exemplary translation through its collaborative approach. This project offers an enriched interpretation of depreciated remains".</div><footer><div class="uagb-blockquote__author-wrap uagb-blockquote__author-at-left"><cite class="uagb-blockquote__author">AMO price review </cite></div></footer></blockquote></div>
</div></div>



<div style="height:27px" aria-hidden="true" class="wp-block-spacer"></div>



<p>The Halle Perret symbolises the continuity between local industrial history and culture. The building is listed in the Hauts-de-France general inventory of cultural heritage. Its renovation received financial support from the Conseil départemental de l'Oise, the Conseil régional de Picardie and the French government. The project also received co-funding from the European Union.</p>



<figure class="wp-block-image size-large is-resized"><img loading="lazy" decoding="async" width="1024" height="204" src="https://mairie-montataire.fr/app/uploads/2024/08/ReabilitationHallePerret-1-1024x204.jpg" alt="" class="wp-image-2597" style="width:1163px;height:auto" srcset="https://mairie-montataire.fr/app/uploads/2024/08/ReabilitationHallePerret-1-1024x204.jpg 1024w, https://mairie-montataire.fr/app/uploads/2024/08/ReabilitationHallePerret-1-300x60.jpg 300w, https://mairie-montataire.fr/app/uploads/2024/08/ReabilitationHallePerret-1-768x153.jpg 768w, https://mairie-montataire.fr/app/uploads/2024/08/ReabilitationHallePerret-1.jpg 1379w" sizes="auto, (max-width: 1024px) 100vw, 1024px" /></figure>

<p>Depuis 1989, l&rsquo;AMEM (Association Municipale d’Enseignement et d’Éducation Musicale) enseigne la musique, la danse et les arts plastiques dès l&rsquo;âge de 5 ans au pôle culturel la Halle Perret. Elle est également à l&rsquo;initiative de nombreux concerts et du festival des Clochers. Les cours L’AMEM apporte un enseignement et une éducation&nbsp;artistique très éclectique&nbsp;: Retrouvez les [&hellip;]</p>

Depuis 1989, l&rsquo;AMEM (Association Municipale d’Enseignement et d’Éducation Musicale) enseigne la musique, la danse et les arts plastiques dès l&rsquo;âge de 5 ans au pôle culturel la Halle Perret. Elle est également à l&rsquo;initiative de nombreux concerts et du festival des Clochers. Les cours L’AMEM apporte un enseignement et une éducation&nbsp;artistique très éclectique&nbsp;: Retrouvez les&hellip;
