{"id":2661,"date":"2024-08-02T13:33:45","date_gmt":"2024-08-02T13:33:45","guid":{"rendered":"https:\/\/montataire.mentalworks.me\/?page_id=2661"},"modified":"2024-09-03T08:49:15","modified_gmt":"2024-09-03T08:49:15","slug":"combating-discrimination","status":"publish","type":"page","link":"https:\/\/mairie-montataire.fr\/en\/s-informer\/les-valeurs\/lutte-contre-les-discriminations\/","title":{"rendered":"Combating discrimination"},"content":{"rendered":"<p><strong>The town of Montataire is actively involved in the fight against all forms of discrimination. On the strength of its diversity and its values of solidarity, it is committed to<a href=\"https:\/\/www.creilsudoise.fr\/mon-quotidien\/cohesion-sociale\/plan-de-lutte\/\" data-type=\"link\" data-id=\"https:\/\/www.creilsudoise.fr\/mon-quotidien\/cohesion-sociale\/plan-de-lutte\/\">The Creil Sud Oise Agglomeration (ACSO) Territorial Plan to Combat Discrimination<\/a>. Its aim is to implement concrete actions to prevent and combat discrimination, whether linked to origin, gender, disability, age or any other characteristic. By joining this initiative, Montataire is reaffirming its commitment to promoting equal opportunities and ensuring a respectful and inclusive environment for all its residents.<\/strong><\/p>","protected":false},"excerpt":{"rendered":"<p>La ville de Montataire s&rsquo;engage activement dans la lutte contre toutes formes de discriminations. Forte de sa diversit\u00e9 et de ses valeurs de solidarit\u00e9, elle s&rsquo;inscrit dansLe Plan Territorial de Lutte Contre les Discriminations de l\u2019Agglom\u00e9ration Creil Sud Oise (ACSO). Celui-ci vise \u00e0 mettre en \u0153uvre des actions concr\u00e8tes pour pr\u00e9venir et combattre les discriminations, [&hellip;]<\/p>\n","protected":false},"author":1,"featured_media":4196,"parent":72,"menu_order":59,"comment_status":"closed","ping_status":"closed","template":"","meta":{"_acf_changed":false,"_uag_custom_page_level_css":"","footnotes":""},"class_list":["post-2661","page","type-page","status-publish","has-post-thumbnail","hentry"],"acf":[],"uagb_featured_image_src":{"full":["https:\/\/mairie-montataire.fr\/app\/uploads\/2024\/09\/3.2.2_LutteDiscrimination.jpg",500,350,false],"thumbnail":["https:\/\/mairie-montataire.fr\/app\/uploads\/2024\/09\/3.2.2_LutteDiscrimination-150x150.jpg",150,150,true],"medium":["https:\/\/mairie-montataire.fr\/app\/uploads\/2024\/09\/3.2.2_LutteDiscrimination-300x210.jpg",300,210,true],"medium_large":["https:\/\/mairie-montataire.fr\/app\/uploads\/2024\/09\/3.2.2_LutteDiscrimination.jpg",500,350,false],"large":["https:\/\/mairie-montataire.fr\/app\/uploads\/2024\/09\/3.2.2_LutteDiscrimination.jpg",500,350,false],"1536x1536":["https:\/\/mairie-montataire.fr\/app\/uploads\/2024\/09\/3.2.2_LutteDiscrimination.jpg",500,350,false],"2048x2048":["https:\/\/mairie-montataire.fr\/app\/uploads\/2024\/09\/3.2.2_LutteDiscrimination.jpg",500,350,false],"trp-custom-language-flag":["https:\/\/mairie-montataire.fr\/app\/uploads\/2024\/09\/3.2.2_LutteDiscrimination-18x12.jpg",18,12,true],"gform-image-choice-sm":["https:\/\/mairie-montataire.fr\/app\/uploads\/2024\/09\/3.2.2_LutteDiscrimination.jpg",300,210,false],"gform-image-choice-md":["https:\/\/mairie-montataire.fr\/app\/uploads\/2024\/09\/3.2.2_LutteDiscrimination.jpg",400,280,false],"gform-image-choice-lg":["https:\/\/mairie-montataire.fr\/app\/uploads\/2024\/09\/3.2.2_LutteDiscrimination.jpg",500,350,false]},"uagb_author_info":{"display_name":"mentalworks","author_link":"https:\/\/mairie-montataire.fr\/en\/actualites\/author\/mentalworks\/"},"uagb_comment_info":0,"uagb_excerpt":"La ville de Montataire s&rsquo;engage activement dans la lutte contre toutes formes de discriminations. Forte de sa diversit\u00e9 et de ses valeurs de solidarit\u00e9, elle s&rsquo;inscrit dansLe Plan Territorial de Lutte Contre les Discriminations de l\u2019Agglom\u00e9ration Creil Sud Oise (ACSO). Celui-ci vise \u00e0 mettre en \u0153uvre des actions concr\u00e8tes pour pr\u00e9venir et combattre les discriminations,&hellip;","_links":{"self":[{"href":"https:\/\/mairie-montataire.fr\/en\/wp-json\/wp\/v2\/pages\/2661","targetHints":{"allow":["GET"]}}],"collection":[{"href":"https:\/\/mairie-montataire.fr\/en\/wp-json\/wp\/v2\/pages"}],"about":[{"href":"https:\/\/mairie-montataire.fr\/en\/wp-json\/wp\/v2\/types\/page"}],"author":[{"embeddable":true,"href":"https:\/\/mairie-montataire.fr\/en\/wp-json\/wp\/v2\/users\/1"}],"replies":[{"embeddable":true,"href":"https:\/\/mairie-montataire.fr\/en\/wp-json\/wp\/v2\/comments?post=2661"}],"version-history":[{"count":3,"href":"https:\/\/mairie-montataire.fr\/en\/wp-json\/wp\/v2\/pages\/2661\/revisions"}],"predecessor-version":[{"id":3614,"href":"https:\/\/mairie-montataire.fr\/en\/wp-json\/wp\/v2\/pages\/2661\/revisions\/3614"}],"up":[{"embeddable":true,"href":"https:\/\/mairie-montataire.fr\/en\/wp-json\/wp\/v2\/pages\/72"}],"wp:featuredmedia":[{"embeddable":true,"href":"https:\/\/mairie-montataire.fr\/en\/wp-json\/wp\/v2\/media\/4196"}],"wp:attachment":[{"href":"https:\/\/mairie-montataire.fr\/en\/wp-json\/wp\/v2\/media?parent=2661"}],"curies":[{"name":"wp","href":"https:\/\/api.w.org\/{rel}","templated":true}]}}

<p>La ville de Montataire s&rsquo;engage activement dans la lutte contre toutes formes de discriminations. Forte de sa diversité et de ses valeurs de solidarité, elle s&rsquo;inscrit dansLe Plan Territorial de Lutte Contre les Discriminations de l’Agglomération Creil Sud Oise (ACSO). Celui-ci vise à mettre en œuvre des actions concrètes pour prévenir et combattre les discriminations, [&hellip;]</p>

La ville de Montataire s&rsquo;engage activement dans la lutte contre toutes formes de discriminations. Forte de sa diversité et de ses valeurs de solidarité, elle s&rsquo;inscrit dansLe Plan Territorial de Lutte Contre les Discriminations de l’Agglomération Creil Sud Oise (ACSO). Celui-ci vise à mettre en œuvre des actions concrètes pour prévenir et combattre les discriminations,&hellip;
