{"id":162,"date":"2024-05-03T09:31:50","date_gmt":"2024-05-03T09:31:50","guid":{"rendered":"https:\/\/montataire.local\/?page_id=162"},"modified":"2024-08-22T13:22:06","modified_gmt":"2024-08-22T13:22:06","slug":"rccem","status":"publish","type":"page","link":"https:\/\/mairie-montataire.fr\/en\/habiter\/cadre-de-vie\/rccem\/","title":{"rendered":"RCCEM"},"content":{"rendered":"<p><strong>On 23 May 1921, the RCCEM was created on the initiative of the town council with the aim of electrifying the town.<\/strong> <strong>Since then, it has been providing economical, high-quality, local services to the city's residents. On behalf of the municipality, it carries out an essential public service mission:<\/strong><\/p>\n\n\n\n<ul style=\"padding-right:var(--wp--preset--spacing--70);padding-left:var(--wp--preset--spacing--70)\" class=\"wp-block-list\">\n<li><strong>Supplying electricity at regulated sales tariffs to Montatairien-ne-s,<\/strong><\/li>\n\n\n\n<li><strong>Build, operate and maintain the electricity distribution network,<\/strong><\/li>\n\n\n\n<li><strong>Building and maintaining public lighting networks,<\/strong><\/li>\n\n\n\n<li><strong>Propose and implement services as part of the energy transition.<\/strong><\/li>\n<\/ul>\n\n\n\n<h2 class=\"wp-block-heading\">What about rates?<\/h2>\n\n\n\n<p>The regulated electricity sales tariffs applied by RCCEM are identical to those applied throughout France, as the price of electricity is set by law.&nbsp;<\/p>\n\n\n\n<p>However, some of the prices charged by the R\u00e9gie are lower. This is due to the close relationship they have with their customers.<\/p>\n\n\n\n<ul style=\"padding-right:var(--wp--preset--spacing--70);padding-left:var(--wp--preset--spacing--70)\" class=\"wp-block-list\">\n<li style=\"font-style:normal;font-weight:400\">Only the bare essentials are charged for services.<\/li>\n\n\n\n<li style=\"font-style:normal;font-weight:400\">Requirements are defined with the customer. Travel to the site is free of charge, so that we can invoice as accurately as possible.<\/li>\n<\/ul>\n\n\n\n<div style=\"height:20px\" aria-hidden=\"true\" class=\"wp-block-spacer\"><\/div>\n\n\n\n<p>It should be noted that the municipality has long fought not to apply the municipal tax on electricity in order to reduce the bills of Montatairien-ne-s. <br>But since the 2020 Finance Act, it has been forced to apply this tax.<\/p>\n\n\n<div class=\"highlight\">\n                <div class=\"highlight__description\"><p><!-- wp:paragraph --><\/p>\n<p style=\"text-align: center;\"><strong>In the event of a street lighting fault, don't hesitate to contact the R\u00e9gie directly, which will take the necessary steps to resolve the problem quickly.<\/strong><\/p>\n<p style=\"text-align: center;\"><!-- \/wp:paragraph --><\/p>\n<\/div>\n    <\/div>\n\n\n<div class=\"wp-block-uagb-image alignleft uagb-block-470ff42c wp-block-uagb-image--layout-default wp-block-uagb-image--effect-static wp-block-uagb-image--align-left\"><figure class=\"wp-block-uagb-image__figure\"><img decoding=\"async\" srcset=\"https:\/\/mairie-montataire.fr\/app\/uploads\/2024\/08\/RCCEM-3-1024x683.jpg ,https:\/\/mairie-montataire.fr\/app\/uploads\/2024\/08\/RCCEM-3-scaled.jpg 780w, https:\/\/mairie-montataire.fr\/app\/uploads\/2024\/08\/RCCEM-3-scaled.jpg 360w\" sizes=\"auto, (max-width: 480px) 150px\" src=\"https:\/\/mairie-montataire.fr\/app\/uploads\/2024\/08\/RCCEM-3-1024x683.jpg\" alt=\"\" class=\"uag-image-2396\" width=\"5760\" height=\"3840\" title=\"RCCEM (3)\" loading=\"lazy\" role=\"img\"\/><\/figure><\/div>","protected":false},"excerpt":{"rendered":"<p>Le 23 mai 1921, la RCCEM a \u00e9t\u00e9 cr\u00e9\u00e9e \u00e0 l&rsquo;initiative du conseil municipal dans le but d&rsquo;\u00e9lectrifier la ville. Depuis, elle offre des services \u00e9conomiques, de qualit\u00e9 et de proximit\u00e9 aux habitant\u00b7e\u00b7s de la ville. Elle assure, pour le compte de la municipalit\u00e9, une mission de service public essentielle : Et par rapport aux [&hellip;]<\/p>\n","protected":false},"author":1,"featured_media":1055,"parent":120,"menu_order":37,"comment_status":"closed","ping_status":"closed","template":"","meta":{"_acf_changed":false,"_uag_custom_page_level_css":"","footnotes":""},"class_list":["post-162","page","type-page","status-publish","has-post-thumbnail","hentry"],"acf":[],"uagb_featured_image_src":{"full":["https:\/\/mairie-montataire.fr\/app\/uploads\/2024\/07\/1.6.4_RCCEM.jpg",490,384,false],"thumbnail":["https:\/\/mairie-montataire.fr\/app\/uploads\/2024\/07\/1.6.4_RCCEM-150x150.jpg",150,150,true],"medium":["https:\/\/mairie-montataire.fr\/app\/uploads\/2024\/07\/1.6.4_RCCEM-300x235.jpg",300,235,true],"medium_large":["https:\/\/mairie-montataire.fr\/app\/uploads\/2024\/07\/1.6.4_RCCEM.jpg",490,384,false],"large":["https:\/\/mairie-montataire.fr\/app\/uploads\/2024\/07\/1.6.4_RCCEM.jpg",490,384,false],"1536x1536":["https:\/\/mairie-montataire.fr\/app\/uploads\/2024\/07\/1.6.4_RCCEM.jpg",490,384,false],"2048x2048":["https:\/\/mairie-montataire.fr\/app\/uploads\/2024\/07\/1.6.4_RCCEM.jpg",490,384,false],"trp-custom-language-flag":["https:\/\/mairie-montataire.fr\/app\/uploads\/2024\/07\/1.6.4_RCCEM.jpg",15,12,false],"gform-image-choice-sm":["https:\/\/mairie-montataire.fr\/app\/uploads\/2024\/07\/1.6.4_RCCEM.jpg",300,235,false],"gform-image-choice-md":["https:\/\/mairie-montataire.fr\/app\/uploads\/2024\/07\/1.6.4_RCCEM.jpg",400,313,false],"gform-image-choice-lg":["https:\/\/mairie-montataire.fr\/app\/uploads\/2024\/07\/1.6.4_RCCEM.jpg",490,384,false]},"uagb_author_info":{"display_name":"mentalworks","author_link":"https:\/\/mairie-montataire.fr\/en\/actualites\/author\/mentalworks\/"},"uagb_comment_info":0,"uagb_excerpt":"Le 23 mai 1921, la RCCEM a \u00e9t\u00e9 cr\u00e9\u00e9e \u00e0 l&rsquo;initiative du conseil municipal dans le but d&rsquo;\u00e9lectrifier la ville. Depuis, elle offre des services \u00e9conomiques, de qualit\u00e9 et de proximit\u00e9 aux habitant\u00b7e\u00b7s de la ville. Elle assure, pour le compte de la municipalit\u00e9, une mission de service public essentielle : Et par rapport aux&hellip;","_links":{"self":[{"href":"https:\/\/mairie-montataire.fr\/en\/wp-json\/wp\/v2\/pages\/162","targetHints":{"allow":["GET"]}}],"collection":[{"href":"https:\/\/mairie-montataire.fr\/en\/wp-json\/wp\/v2\/pages"}],"about":[{"href":"https:\/\/mairie-montataire.fr\/en\/wp-json\/wp\/v2\/types\/page"}],"author":[{"embeddable":true,"href":"https:\/\/mairie-montataire.fr\/en\/wp-json\/wp\/v2\/users\/1"}],"replies":[{"embeddable":true,"href":"https:\/\/mairie-montataire.fr\/en\/wp-json\/wp\/v2\/comments?post=162"}],"version-history":[{"count":15,"href":"https:\/\/mairie-montataire.fr\/en\/wp-json\/wp\/v2\/pages\/162\/revisions"}],"predecessor-version":[{"id":4008,"href":"https:\/\/mairie-montataire.fr\/en\/wp-json\/wp\/v2\/pages\/162\/revisions\/4008"}],"up":[{"embeddable":true,"href":"https:\/\/mairie-montataire.fr\/en\/wp-json\/wp\/v2\/pages\/120"}],"wp:featuredmedia":[{"embeddable":true,"href":"https:\/\/mairie-montataire.fr\/en\/wp-json\/wp\/v2\/media\/1055"}],"wp:attachment":[{"href":"https:\/\/mairie-montataire.fr\/en\/wp-json\/wp\/v2\/media?parent=162"}],"curies":[{"name":"wp","href":"https:\/\/api.w.org\/{rel}","templated":true}]}}

<p><strong>On 23 May 1921, the RCCEM was created on the initiative of the town council with the aim of electrifying the town.</strong> <strong>Since then, it has been providing economical, high-quality, local services to the city's residents. On behalf of the municipality, it carries out an essential public service mission:</strong></p>



<ul style="padding-right:var(--wp--preset--spacing--70);padding-left:var(--wp--preset--spacing--70)" class="wp-block-list">
<li><strong>Supplying electricity at regulated sales tariffs to Montatairien-ne-s,</strong></li>



<li><strong>Build, operate and maintain the electricity distribution network,</strong></li>



<li><strong>Building and maintaining public lighting networks,</strong></li>



<li><strong>Propose and implement services as part of the energy transition.</strong></li>
</ul>



<h2 class="wp-block-heading">What about rates?</h2>



<p>The regulated electricity sales tariffs applied by RCCEM are identical to those applied throughout France, as the price of electricity is set by law.&nbsp;</p>



<p>However, some of the prices charged by the Régie are lower. This is due to the close relationship they have with their customers.</p>



<ul style="padding-right:var(--wp--preset--spacing--70);padding-left:var(--wp--preset--spacing--70)" class="wp-block-list">
<li style="font-style:normal;font-weight:400">Only the bare essentials are charged for services.</li>



<li style="font-style:normal;font-weight:400">Requirements are defined with the customer. Travel to the site is free of charge, so that we can invoice as accurately as possible.</li>
</ul>



<div style="height:20px" aria-hidden="true" class="wp-block-spacer"></div>



<p>It should be noted that the municipality has long fought not to apply the municipal tax on electricity in order to reduce the bills of Montatairien-ne-s. <br>But since the 2020 Finance Act, it has been forced to apply this tax.</p>


<div class="highlight">
                <div class="highlight__description"><p><!-- wp:paragraph --></p>
<p style="text-align: center;"><strong>In the event of a street lighting fault, don't hesitate to contact the Régie directly, which will take the necessary steps to resolve the problem quickly.</strong></p>
<p style="text-align: center;"><!-- /wp:paragraph --></p>
</div>
    </div>


<div class="wp-block-uagb-image alignleft uagb-block-470ff42c wp-block-uagb-image--layout-default wp-block-uagb-image--effect-static wp-block-uagb-image--align-left"><figure class="wp-block-uagb-image__figure"><img decoding="async" srcset="https://mairie-montataire.fr/app/uploads/2024/08/RCCEM-3-1024x683.jpg ,https://mairie-montataire.fr/app/uploads/2024/08/RCCEM-3-scaled.jpg 780w, https://mairie-montataire.fr/app/uploads/2024/08/RCCEM-3-scaled.jpg 360w" sizes="auto, (max-width: 480px) 150px" src="https://mairie-montataire.fr/app/uploads/2024/08/RCCEM-3-1024x683.jpg" alt="" class="uag-image-2396" width="5760" height="3840" title="RCCEM (3)" loading="lazy" role="img"/></figure></div>

<p>Le 23 mai 1921, la RCCEM a été créée à l&rsquo;initiative du conseil municipal dans le but d&rsquo;électrifier la ville. Depuis, elle offre des services économiques, de qualité et de proximité aux habitant·e·s de la ville. Elle assure, pour le compte de la municipalité, une mission de service public essentielle : Et par rapport aux [&hellip;]</p>

Le 23 mai 1921, la RCCEM a été créée à l&rsquo;initiative du conseil municipal dans le but d&rsquo;électrifier la ville. Depuis, elle offre des services économiques, de qualité et de proximité aux habitant·e·s de la ville. Elle assure, pour le compte de la municipalité, une mission de service public essentielle : Et par rapport aux&hellip;
