{"id":156,"date":"2024-05-03T09:30:02","date_gmt":"2024-05-03T09:30:02","guid":{"rendered":"https:\/\/montataire.local\/?page_id=156"},"modified":"2026-02-09T13:22:20","modified_gmt":"2026-02-09T13:22:20","slug":"civil-status-election","status":"publish","type":"page","link":"https:\/\/mairie-montataire.fr\/en\/habiter\/cadre-de-vie\/etat-civil-election\/","title":{"rendered":"Civil status &amp; Elections"},"content":{"rendered":"<h2 class=\"wp-block-heading\">Next elections<\/h2>\n\n\n\n<p><strong>Municipal elections on 15 and 22 March 2026<\/strong><\/p>\n\n\n\n<p><strong>Presidential elections in 2027<\/strong><\/p>\n\n\n\n<h2 class=\"wp-block-heading\">Electoral roll registration<\/h2>\n\n\n\n<p>To take part in the elections, you must be registered on the electoral roll. Registration is automatic for 18-year-olds (subject to certain conditions) and for people who acquire French nationality after 2018. If you find yourself in a different situation (moving house, recovering the right to vote, European citizen residing in France, etc.), you must apply to the electoral office. <a href=\"https:\/\/mairie-montataire.fr\/en\/online-procedures\/application-for-entry-on-the-electoral-roll\/\">how to register<\/a>.<\/p>\n\n\n<div class=\"highlight\">\n                <div class=\"highlight__description\"><p style=\"text-align: center;\"><strong>You can check if you are already registered by following this link<\/strong><br \/>\n<strong><a href=\"https:\/\/www.service-public.fr\/particuliers\/vosdroits\/R51788?fbclid=IwAR39HH1OZjwCSQ6mRlD82Wl4T9slaxbD9bPfUTlT7yD2wk4L7Pr15XXSpmo_aem_AbQkGHXrba898pl0X1N_xXzazOJKV5uD9o_tgzJk2E0Ptz0XvfIuOENvkwr7OSoo0__-aKqNC4Ku4czE8mfYiTRK\" target=\"_blank\" rel=\"noreferrer noopener\">service-public.fr\/individuals\/yourrights\/R51788<\/a><\/strong><\/p>\n<\/div>\n    <\/div>\n\n\n<h2 class=\"wp-block-heading\">Primovotant<\/h2>\n\n\n\n<p><strong>Young French voters who have taken their civic census at the age of 16 are automatically entered on the electoral roll of the commune where they have done so. In Montataire, a ceremony is being organised to raise awareness of the importance of voting and to give them their electoral card.&nbsp;<\/strong><\/p>\n\n\n\n<p>If the card has not been collected at the ceremony, it will be made available to the voter at the Town Hall and then at the polling station on polling day. Voters will be able to collect the card with their identity document.<\/p>\n\n\n\n<h2 class=\"wp-block-heading\">Power of attorney<\/h2>\n\n\n\n<p>Voting by proxy allows a voter who is absent or unable to attend on election day to be represented by another voter registered in a French commune. <a href=\"https:\/\/mairie-montataire.fr\/en\/online-procedures\/application-to-vote-by-proxy\/\">You can do this online<\/a> but also face-to-face <\/p>\n\n\n\n<h2 class=\"wp-block-heading\">List of polling stations<\/h2>\n\n\n\n<ul style=\"padding-right:var(--wp--preset--spacing--70);padding-left:var(--wp--preset--spacing--70)\" class=\"wp-block-list\">\n<li style=\"font-style:normal;font-weight:400\"><strong>Office 1 :<\/strong> Town Hall, Wedding Hall, <br>Place Auguste<strong> <\/strong>Engineering<\/li>\n\n\n\n<li style=\"font-style:normal;font-weight:400\"><strong>Office 2 :<\/strong>&nbsp; Salle de la Lib\u00e9ration, <br>rue des D\u00e9port\u00e9s&nbsp;<\/li>\n\n\n\n<li style=\"font-style:normal;font-weight:400\"><strong>Office 3 :<\/strong> G.S. Paul Langevin, <br>19, rue du 8 mai 1945 (nursery school)&nbsp;&nbsp;&nbsp;&nbsp;&nbsp;&nbsp;&nbsp;&nbsp;&nbsp;&nbsp;&nbsp;&nbsp;&nbsp;&nbsp;<\/li>\n\n\n\n<li style=\"font-style:normal;font-weight:400\"><strong>Office 4 :<\/strong> G.S. Henri Wallon, <br>30, rue Jules Uhry (pr\u00e9au)&nbsp;&nbsp;&nbsp;&nbsp;&nbsp;&nbsp;&nbsp;&nbsp;&nbsp;&nbsp;&nbsp;&nbsp;<\/li>\n\n\n\n<li style=\"font-style:normal;font-weight:400\"><strong>Office 5 :<\/strong> G.S. Jacques Decour A <br>92, AV. Anatole France (pr\u00e9au)&nbsp;&nbsp;&nbsp;&nbsp;&nbsp;&nbsp;&nbsp;&nbsp;&nbsp;&nbsp;&nbsp;&nbsp;<\/li>\n\n\n\n<li style=\"font-style:normal;font-weight:400\"><strong>Office 6 :<\/strong> G.S. Jacques Decour B<br>1, rue Paul Vaillant Couturier (pr\u00e9au)<\/li>\n\n\n\n<li style=\"font-style:normal;font-weight:400\"><strong>Office 7 :<\/strong> G.S. Ir\u00e8ne and Fr\u00e9d\u00e9ric Joliot Curie<br>32, rue Louis Blanc (pr\u00e9au)&nbsp;&nbsp;&nbsp;&nbsp;&nbsp;&nbsp;&nbsp;&nbsp;&nbsp;&nbsp;&nbsp;&nbsp;<\/li>\n\n\n\n<li style=\"font-style:normal;font-weight:400\"><strong>Office 8&nbsp;<\/strong>G.S. Ir\u00e8ne and Fr\u00e9d\u00e9ric Joliot Curie<br>32, rue Louis Blanc (pr\u00e9au)&nbsp;&nbsp;&nbsp;&nbsp;&nbsp;&nbsp;&nbsp;&nbsp;&nbsp;&nbsp;&nbsp;<\/li>\n\n\n\n<li style=\"font-style:normal;font-weight:400\"><strong>Office 9 :<\/strong> G.S. Maurice and Lucie Bambier, <br>1, rue Maurice Thorez (pr\u00e9au)&nbsp;<\/li>\n<\/ul>\n\n\n\n<div style=\"height:100px\" aria-hidden=\"true\" class=\"wp-block-spacer\"><\/div>\n\n\n\t\t\t\t\t<div\n\t\t\t\t\t\tclass=\"wp-block-uagb-image-gallery uagb-block-8964bd8d\"\n\t\t\t\t\t\tstyle=\"\"\n\t\t\t\t\t>\n\t\t\t\t\t\t\t\t\t\t\t<div class=\"spectra-image-gallery spectra-image-gallery__layout--grid spectra-image-gallery__layout--grid-col-2 spectra-image-gallery__layout--grid-col-tab-2 spectra-image-gallery__layout--grid-col-mob-2\">\n\t\t\t\t\t\t\t\t\t\t\t<div class='spectra-image-gallery__media-wrapper' data-spectra-gallery-image-id='2337' tabindex=\"0\">\n\t\t\t\t\t\t\t<div class=\"spectra-image-gallery__media spectra-image-gallery__media--grid\">\n\t\t\t\t<picture>\n\t\t\t\t\t<source media=\"(min-width: 1024px)\" srcset=\"https:\/\/mairie-montataire.fr\/app\/uploads\/2024\/07\/2022-04-10-Election-1er-Tour-Presidentielle-8-1024x683.jpg\">\n\t\t\t\t\t<source media=\"(min-width: 768px)\" srcset=\"https:\/\/mairie-montataire.fr\/app\/uploads\/2024\/07\/2022-04-10-Election-1er-Tour-Presidentielle-8-1024x683.jpg\">\n\t\t\t\t\t<img decoding=\"async\" class=\"spectra-image-gallery__media-thumbnail spectra-image-gallery__media-thumbnail--grid\" src=\"https:\/\/mairie-montataire.fr\/app\/uploads\/2024\/07\/2022-04-10-Election-1er-Tour-Presidentielle-8-300x200.jpg\" alt=\"\" loading=\"lazy\" \/>\n\t\t\t\t<\/picture>\n\t\t\t\t<div class=\"spectra-image-gallery__media-thumbnail-blurrer\"><\/div>\n\t\t\t\t\t\t\t\t\t\t\t<div class=\"spectra-image-gallery__media-thumbnail-caption-wrapper spectra-image-gallery__media-thumbnail-caption-wrapper--overlay\"><\/div>\n\t\t\t\t\t\t\t\t<\/div>\n\t\t\t\t\t\t<\/div>\n\t\t\t\t\t\t<div class='spectra-image-gallery__media-wrapper' data-spectra-gallery-image-id='2338' tabindex=\"0\">\n\t\t\t\t\t\t\t<div class=\"spectra-image-gallery__media spectra-image-gallery__media--grid\">\n\t\t\t\t<picture>\n\t\t\t\t\t<source media=\"(min-width: 1024px)\" srcset=\"https:\/\/mairie-montataire.fr\/app\/uploads\/2024\/07\/2022-04-10-Election-1er-Tour-Presidentielle-13-1024x683.jpg\">\n\t\t\t\t\t<source media=\"(min-width: 768px)\" srcset=\"https:\/\/mairie-montataire.fr\/app\/uploads\/2024\/07\/2022-04-10-Election-1er-Tour-Presidentielle-13-1024x683.jpg\">\n\t\t\t\t\t<img decoding=\"async\" class=\"spectra-image-gallery__media-thumbnail spectra-image-gallery__media-thumbnail--grid\" src=\"https:\/\/mairie-montataire.fr\/app\/uploads\/2024\/07\/2022-04-10-Election-1er-Tour-Presidentielle-13-300x200.jpg\" alt=\"\" loading=\"lazy\" \/>\n\t\t\t\t<\/picture>\n\t\t\t\t<div class=\"spectra-image-gallery__media-thumbnail-blurrer\"><\/div>\n\t\t\t\t\t\t\t\t\t\t\t<div class=\"spectra-image-gallery__media-thumbnail-caption-wrapper spectra-image-gallery__media-thumbnail-caption-wrapper--overlay\"><\/div>\n\t\t\t\t\t\t\t\t<\/div>\n\t\t\t\t\t\t<\/div>\n\t\t\t\t\t\t\t\t\t\t<\/div>\n\t\t\t\t\t\t\t\t\t\t\t\t\t\t\t\t\t\t<\/div>","protected":false},"excerpt":{"rendered":"<p>Prochaine \u00e9lections \u00c9lections municipales le 15 et 22 mars 2026 \u00c9lections pr\u00e9sidentielle en 2027 Inscription sur les listes \u00e9lectorales Pour participer aux \u00e9lections, il faut \u00eatre inscrit sur les listes \u00e9lectorales. Elle est automatique pour les jeunes de 18 ans (sous certaines conditions) et pour les personnes obtenant la nationalit\u00e9 fran\u00e7aise apr\u00e8s 2018. Si vous [&hellip;]<\/p>\n","protected":false},"author":1,"featured_media":1032,"parent":120,"menu_order":34,"comment_status":"closed","ping_status":"closed","template":"","meta":{"_acf_changed":false,"_uag_custom_page_level_css":"","footnotes":""},"class_list":["post-156","page","type-page","status-publish","has-post-thumbnail","hentry"],"acf":[],"uagb_featured_image_src":{"full":["https:\/\/mairie-montataire.fr\/app\/uploads\/2024\/07\/1.6_elections.jpg",490,327,false],"thumbnail":["https:\/\/mairie-montataire.fr\/app\/uploads\/2024\/07\/1.6_elections-150x150.jpg",150,150,true],"medium":["https:\/\/mairie-montataire.fr\/app\/uploads\/2024\/07\/1.6_elections-300x200.jpg",300,200,true],"medium_large":["https:\/\/mairie-montataire.fr\/app\/uploads\/2024\/07\/1.6_elections.jpg",490,327,false],"large":["https:\/\/mairie-montataire.fr\/app\/uploads\/2024\/07\/1.6_elections.jpg",490,327,false],"1536x1536":["https:\/\/mairie-montataire.fr\/app\/uploads\/2024\/07\/1.6_elections.jpg",490,327,false],"2048x2048":["https:\/\/mairie-montataire.fr\/app\/uploads\/2024\/07\/1.6_elections.jpg",490,327,false],"trp-custom-language-flag":["https:\/\/mairie-montataire.fr\/app\/uploads\/2024\/07\/1.6_elections.jpg",18,12,false],"gform-image-choice-sm":["https:\/\/mairie-montataire.fr\/app\/uploads\/2024\/07\/1.6_elections.jpg",300,200,false],"gform-image-choice-md":["https:\/\/mairie-montataire.fr\/app\/uploads\/2024\/07\/1.6_elections.jpg",400,267,false],"gform-image-choice-lg":["https:\/\/mairie-montataire.fr\/app\/uploads\/2024\/07\/1.6_elections.jpg",490,327,false]},"uagb_author_info":{"display_name":"mentalworks","author_link":"https:\/\/mairie-montataire.fr\/en\/actualites\/author\/mentalworks\/"},"uagb_comment_info":0,"uagb_excerpt":"Prochaine \u00e9lections \u00c9lections municipales le 15 et 22 mars 2026 \u00c9lections pr\u00e9sidentielle en 2027 Inscription sur les listes \u00e9lectorales Pour participer aux \u00e9lections, il faut \u00eatre inscrit sur les listes \u00e9lectorales. Elle est automatique pour les jeunes de 18 ans (sous certaines conditions) et pour les personnes obtenant la nationalit\u00e9 fran\u00e7aise apr\u00e8s 2018. Si vous&hellip;","_links":{"self":[{"href":"https:\/\/mairie-montataire.fr\/en\/wp-json\/wp\/v2\/pages\/156","targetHints":{"allow":["GET"]}}],"collection":[{"href":"https:\/\/mairie-montataire.fr\/en\/wp-json\/wp\/v2\/pages"}],"about":[{"href":"https:\/\/mairie-montataire.fr\/en\/wp-json\/wp\/v2\/types\/page"}],"author":[{"embeddable":true,"href":"https:\/\/mairie-montataire.fr\/en\/wp-json\/wp\/v2\/users\/1"}],"replies":[{"embeddable":true,"href":"https:\/\/mairie-montataire.fr\/en\/wp-json\/wp\/v2\/comments?post=156"}],"version-history":[{"count":9,"href":"https:\/\/mairie-montataire.fr\/en\/wp-json\/wp\/v2\/pages\/156\/revisions"}],"predecessor-version":[{"id":7578,"href":"https:\/\/mairie-montataire.fr\/en\/wp-json\/wp\/v2\/pages\/156\/revisions\/7578"}],"up":[{"embeddable":true,"href":"https:\/\/mairie-montataire.fr\/en\/wp-json\/wp\/v2\/pages\/120"}],"wp:featuredmedia":[{"embeddable":true,"href":"https:\/\/mairie-montataire.fr\/en\/wp-json\/wp\/v2\/media\/1032"}],"wp:attachment":[{"href":"https:\/\/mairie-montataire.fr\/en\/wp-json\/wp\/v2\/media?parent=156"}],"curies":[{"name":"wp","href":"https:\/\/api.w.org\/{rel}","templated":true}]}}

<h2 class="wp-block-heading">Next elections</h2>



<p><strong>Municipal elections on 15 and 22 March 2026</strong></p>



<p><strong>Presidential elections in 2027</strong></p>



<h2 class="wp-block-heading">Electoral roll registration</h2>



<p>To take part in the elections, you must be registered on the electoral roll. Registration is automatic for 18-year-olds (subject to certain conditions) and for people who acquire French nationality after 2018. If you find yourself in a different situation (moving house, recovering the right to vote, European citizen residing in France, etc.), you must apply to the electoral office. <a href="https://mairie-montataire.fr/en/online-procedures/application-for-entry-on-the-electoral-roll/">how to register</a>.</p>


<div class="highlight">
                <div class="highlight__description"><p style="text-align: center;"><strong>You can check if you are already registered by following this link</strong><br />
<strong><a href="https://www.service-public.fr/particuliers/vosdroits/R51788?fbclid=IwAR39HH1OZjwCSQ6mRlD82Wl4T9slaxbD9bPfUTlT7yD2wk4L7Pr15XXSpmo_aem_AbQkGHXrba898pl0X1N_xXzazOJKV5uD9o_tgzJk2E0Ptz0XvfIuOENvkwr7OSoo0__-aKqNC4Ku4czE8mfYiTRK" target="_blank" rel="noreferrer noopener">service-public.fr/individuals/yourrights/R51788</a></strong></p>
</div>
    </div>


<h2 class="wp-block-heading">Primovotant</h2>



<p><strong>Young French voters who have taken their civic census at the age of 16 are automatically entered on the electoral roll of the commune where they have done so. In Montataire, a ceremony is being organised to raise awareness of the importance of voting and to give them their electoral card.&nbsp;</strong></p>



<p>If the card has not been collected at the ceremony, it will be made available to the voter at the Town Hall and then at the polling station on polling day. Voters will be able to collect the card with their identity document.</p>



<h2 class="wp-block-heading">Power of attorney</h2>



<p>Voting by proxy allows a voter who is absent or unable to attend on election day to be represented by another voter registered in a French commune. <a href="https://mairie-montataire.fr/en/online-procedures/application-to-vote-by-proxy/">You can do this online</a> but also face-to-face </p>



<h2 class="wp-block-heading">List of polling stations</h2>



<ul style="padding-right:var(--wp--preset--spacing--70);padding-left:var(--wp--preset--spacing--70)" class="wp-block-list">
<li style="font-style:normal;font-weight:400"><strong>Office 1 :</strong> Town Hall, Wedding Hall, <br>Place Auguste<strong> </strong>Engineering</li>



<li style="font-style:normal;font-weight:400"><strong>Office 2 :</strong>&nbsp; Salle de la Libération, <br>rue des Déportés&nbsp;</li>



<li style="font-style:normal;font-weight:400"><strong>Office 3 :</strong> G.S. Paul Langevin, <br>19, rue du 8 mai 1945 (nursery school)&nbsp;&nbsp;&nbsp;&nbsp;&nbsp;&nbsp;&nbsp;&nbsp;&nbsp;&nbsp;&nbsp;&nbsp;&nbsp;&nbsp;</li>



<li style="font-style:normal;font-weight:400"><strong>Office 4 :</strong> G.S. Henri Wallon, <br>30, rue Jules Uhry (préau)&nbsp;&nbsp;&nbsp;&nbsp;&nbsp;&nbsp;&nbsp;&nbsp;&nbsp;&nbsp;&nbsp;&nbsp;</li>



<li style="font-style:normal;font-weight:400"><strong>Office 5 :</strong> G.S. Jacques Decour A <br>92, AV. Anatole France (préau)&nbsp;&nbsp;&nbsp;&nbsp;&nbsp;&nbsp;&nbsp;&nbsp;&nbsp;&nbsp;&nbsp;&nbsp;</li>



<li style="font-style:normal;font-weight:400"><strong>Office 6 :</strong> G.S. Jacques Decour B<br>1, rue Paul Vaillant Couturier (préau)</li>



<li style="font-style:normal;font-weight:400"><strong>Office 7 :</strong> G.S. Irène and Frédéric Joliot Curie<br>32, rue Louis Blanc (préau)&nbsp;&nbsp;&nbsp;&nbsp;&nbsp;&nbsp;&nbsp;&nbsp;&nbsp;&nbsp;&nbsp;&nbsp;</li>



<li style="font-style:normal;font-weight:400"><strong>Office 8&nbsp;</strong>G.S. Irène and Frédéric Joliot Curie<br>32, rue Louis Blanc (préau)&nbsp;&nbsp;&nbsp;&nbsp;&nbsp;&nbsp;&nbsp;&nbsp;&nbsp;&nbsp;&nbsp;</li>



<li style="font-style:normal;font-weight:400"><strong>Office 9 :</strong> G.S. Maurice and Lucie Bambier, <br>1, rue Maurice Thorez (préau)&nbsp;</li>
</ul>



<div style="height:100px" aria-hidden="true" class="wp-block-spacer"></div>


					<div
						class="wp-block-uagb-image-gallery uagb-block-8964bd8d"
						style=""
					>
											<div class="spectra-image-gallery spectra-image-gallery__layout--grid spectra-image-gallery__layout--grid-col-2 spectra-image-gallery__layout--grid-col-tab-2 spectra-image-gallery__layout--grid-col-mob-2">
											<div class='spectra-image-gallery__media-wrapper' data-spectra-gallery-image-id='2337' tabindex="0">
							<div class="spectra-image-gallery__media spectra-image-gallery__media--grid">
				<picture>
					<source media="(min-width: 1024px)" srcset="https://mairie-montataire.fr/app/uploads/2024/07/2022-04-10-Election-1er-Tour-Presidentielle-8-1024x683.jpg">
					<source media="(min-width: 768px)" srcset="https://mairie-montataire.fr/app/uploads/2024/07/2022-04-10-Election-1er-Tour-Presidentielle-8-1024x683.jpg">
					<img decoding="async" class="spectra-image-gallery__media-thumbnail spectra-image-gallery__media-thumbnail--grid" src="https://mairie-montataire.fr/app/uploads/2024/07/2022-04-10-Election-1er-Tour-Presidentielle-8-300x200.jpg" alt="" loading="lazy" />
				</picture>
				<div class="spectra-image-gallery__media-thumbnail-blurrer"></div>
											<div class="spectra-image-gallery__media-thumbnail-caption-wrapper spectra-image-gallery__media-thumbnail-caption-wrapper--overlay"></div>
								</div>
						</div>
						<div class='spectra-image-gallery__media-wrapper' data-spectra-gallery-image-id='2338' tabindex="0">
							<div class="spectra-image-gallery__media spectra-image-gallery__media--grid">
				<picture>
					<source media="(min-width: 1024px)" srcset="https://mairie-montataire.fr/app/uploads/2024/07/2022-04-10-Election-1er-Tour-Presidentielle-13-1024x683.jpg">
					<source media="(min-width: 768px)" srcset="https://mairie-montataire.fr/app/uploads/2024/07/2022-04-10-Election-1er-Tour-Presidentielle-13-1024x683.jpg">
					<img decoding="async" class="spectra-image-gallery__media-thumbnail spectra-image-gallery__media-thumbnail--grid" src="https://mairie-montataire.fr/app/uploads/2024/07/2022-04-10-Election-1er-Tour-Presidentielle-13-300x200.jpg" alt="" loading="lazy" />
				</picture>
				<div class="spectra-image-gallery__media-thumbnail-blurrer"></div>
											<div class="spectra-image-gallery__media-thumbnail-caption-wrapper spectra-image-gallery__media-thumbnail-caption-wrapper--overlay"></div>
								</div>
						</div>
										</div>
																		</div>

<p>Prochaine élections Élections municipales le 15 et 22 mars 2026 Élections présidentielle en 2027 Inscription sur les listes électorales Pour participer aux élections, il faut être inscrit sur les listes électorales. Elle est automatique pour les jeunes de 18 ans (sous certaines conditions) et pour les personnes obtenant la nationalité française après 2018. Si vous [&hellip;]</p>

Prochaine élections Élections municipales le 15 et 22 mars 2026 Élections présidentielle en 2027 Inscription sur les listes électorales Pour participer aux élections, il faut être inscrit sur les listes électorales. Elle est automatique pour les jeunes de 18 ans (sous certaines conditions) et pour les personnes obtenant la nationalité française après 2018. Si vous&hellip;
