{"id":140,"date":"2024-05-03T09:27:11","date_gmt":"2024-05-03T09:27:11","guid":{"rendered":"https:\/\/montataire.local\/?page_id=140"},"modified":"2026-01-13T15:15:55","modified_gmt":"2026-01-13T15:15:55","slug":"jade","status":"publish","type":"page","link":"https:\/\/mairie-montataire.fr\/en\/habiter\/jeunesse\/jade\/","title":{"rendered":"JADE"},"content":{"rendered":"<p><strong>Created in 1997, the aim of the Jeunesse, Activit\u00e9s et D\u00e9veloppement \u00c9ducatif (JADE) association is to meet the needs of the town's young residents, while encouraging them to become independent, take responsibility and develop socially.&nbsp;<\/strong><\/p>\n\n\n\n<figure class=\"wp-block-image aligncenter size-full is-resized\"><img loading=\"lazy\" decoding=\"async\" width=\"2000\" height=\"1333\" src=\"https:\/\/mairie-montataire.fr\/app\/uploads\/2024\/08\/2024-07-04-JADE-2.jpg\" alt=\"\" class=\"wp-image-3021\" style=\"width:1119px;height:auto\" srcset=\"https:\/\/mairie-montataire.fr\/app\/uploads\/2024\/08\/2024-07-04-JADE-2.jpg 2000w, https:\/\/mairie-montataire.fr\/app\/uploads\/2024\/08\/2024-07-04-JADE-2-300x200.jpg 300w, https:\/\/mairie-montataire.fr\/app\/uploads\/2024\/08\/2024-07-04-JADE-2-1024x682.jpg 1024w, https:\/\/mairie-montataire.fr\/app\/uploads\/2024\/08\/2024-07-04-JADE-2-768x512.jpg 768w, https:\/\/mairie-montataire.fr\/app\/uploads\/2024\/08\/2024-07-04-JADE-2-1536x1024.jpg 1536w, https:\/\/mairie-montataire.fr\/app\/uploads\/2024\/08\/2024-07-04-JADE-2-18x12.jpg 18w\" sizes=\"auto, (max-width: 2000px) 100vw, 2000px\" \/><\/figure>\n\n\n\n<p><strong>To achieve this, the association is organised into three sectors:<\/strong><\/p>\n\n\n\n<div class=\"wp-block-columns is-layout-flex wp-container-core-columns-is-layout-9d6595d7 wp-block-columns-is-layout-flex\">\n<div class=\"wp-block-column is-layout-flow wp-block-column-is-layout-flow\">\n<h3 class=\"wp-block-heading has-text-align-center\"><strong> Home<\/strong><\/h3>\n\n\n\n<p><strong>Helps identify the needs of young people and provide guidance.<\/strong><\/p>\n<\/div>\n\n\n\n<div class=\"wp-block-column is-layout-flow wp-block-column-is-layout-flow\">\n<h3 class=\"wp-block-heading has-text-align-center\"><strong>Listening point<\/strong><\/h3>\n\n\n\n<p><strong>Where a psycho-educational team offers individual or group listening sessions.<\/strong><\/p>\n<\/div>\n\n\n\n<div class=\"wp-block-column is-layout-flow wp-block-column-is-layout-flow\">\n<h3 class=\"wp-block-heading has-text-align-center\"><strong>Entertainment<\/strong><\/h3>\n\n\n\n<p><strong>Offers a range of activities throughout the year, promoting diversity and citizenship.<\/strong><\/p>\n<\/div>\n<\/div>\n\n\n\n<h2 class=\"wp-block-heading\">A daily welcome<\/h2>\n\n\n\n<p>JADE offers a free service open to all. It directs young people to the association's services according to their needs, while providing information on employment, training and all the youth facilities in the area.<\/p>\n\n\n\n<p>A photocopier\/printer and a computer room are available free of charge for young people to use for all their needs.<\/p>\n\n\n\n<h2 class=\"wp-block-heading\">Access to activities and breaks&nbsp;<\/h2>\n\n\n\n<p>JADE offers weekly activities such as futsal, bringing together over a hundred youngsters.&nbsp;<\/p>\n\n\n\n<p>On a more occasional basis, it organises stays during the school holidays, focusing on the autonomy and empowerment of participants through group work. The young people take it in turns to carry out daily tasks such as preparing meals and cleaning. Their days are punctuated by discovery activities to help them acclimatise to their new environment.<\/p>\n\n\n\n<div class=\"wp-block-uagb-container uagb-block-74fb1d72 alignfull uagb-is-root-container\"><div class=\"uagb-container-inner-blocks-wrap\">\n<div class=\"wp-block-uagb-blockquote uagb-block-1d0dd472 uagb-blockquote__skin-border uagb-blockquote__stack-img-none\"><blockquote class=\"uagb-blockquote\"><div class=\"uagb-blockquote__content\">\"\u00a0<em>It's a real opportunity to go on holiday, because our parents don't have the money to pay for such trips. So I discovered the mountains and did activities like rafting and caving. I have some excellent memories<\/em>\u00a0\" <\/div><footer><div class=\"uagb-blockquote__author-wrap uagb-blockquote__author-at-left\"><cite class=\"uagb-blockquote__author\">Testimonial from one of the participants<\/cite><\/div><\/footer><\/blockquote><\/div>\n<\/div><\/div>","protected":false},"excerpt":{"rendered":"<p>Cr\u00e9\u00e9e en 1997, l\u2019objet d&rsquo;association Jeunesse, Activit\u00e9s et D\u00e9veloppement \u00c9ducatif (JADE) est de r\u00e9pondre aux besoins des jeunes habitants de la ville, tout en favorisant leur autonomie, leur prise de responsabilit\u00e9 et leur \u00e9panouissement social.&nbsp; Pour ce faire, l\u2019association est organis\u00e9e en trois secteurs : Accueil Permet d\u2019identifier les besoins des jeunes et d\u2019orienter le [&hellip;]<\/p>\n","protected":false},"author":1,"featured_media":1535,"parent":114,"menu_order":22,"comment_status":"closed","ping_status":"closed","template":"","meta":{"_acf_changed":false,"_uag_custom_page_level_css":"","footnotes":""},"class_list":["post-140","page","type-page","status-publish","has-post-thumbnail","hentry"],"acf":[],"uagb_featured_image_src":{"full":["https:\/\/mairie-montataire.fr\/app\/uploads\/2024\/07\/1.3.4_2024-07-04-JADE-1.jpg",500,350,false],"thumbnail":["https:\/\/mairie-montataire.fr\/app\/uploads\/2024\/07\/1.3.4_2024-07-04-JADE-1-150x150.jpg",150,150,true],"medium":["https:\/\/mairie-montataire.fr\/app\/uploads\/2024\/07\/1.3.4_2024-07-04-JADE-1-300x210.jpg",300,210,true],"medium_large":["https:\/\/mairie-montataire.fr\/app\/uploads\/2024\/07\/1.3.4_2024-07-04-JADE-1.jpg",500,350,false],"large":["https:\/\/mairie-montataire.fr\/app\/uploads\/2024\/07\/1.3.4_2024-07-04-JADE-1.jpg",500,350,false],"1536x1536":["https:\/\/mairie-montataire.fr\/app\/uploads\/2024\/07\/1.3.4_2024-07-04-JADE-1.jpg",500,350,false],"2048x2048":["https:\/\/mairie-montataire.fr\/app\/uploads\/2024\/07\/1.3.4_2024-07-04-JADE-1.jpg",500,350,false],"trp-custom-language-flag":["https:\/\/mairie-montataire.fr\/app\/uploads\/2024\/07\/1.3.4_2024-07-04-JADE-1.jpg",18,12,false],"gform-image-choice-sm":["https:\/\/mairie-montataire.fr\/app\/uploads\/2024\/07\/1.3.4_2024-07-04-JADE-1.jpg",300,210,false],"gform-image-choice-md":["https:\/\/mairie-montataire.fr\/app\/uploads\/2024\/07\/1.3.4_2024-07-04-JADE-1.jpg",400,280,false],"gform-image-choice-lg":["https:\/\/mairie-montataire.fr\/app\/uploads\/2024\/07\/1.3.4_2024-07-04-JADE-1.jpg",500,350,false]},"uagb_author_info":{"display_name":"mentalworks","author_link":"https:\/\/mairie-montataire.fr\/en\/actualites\/author\/mentalworks\/"},"uagb_comment_info":0,"uagb_excerpt":"Cr\u00e9\u00e9e en 1997, l\u2019objet d&rsquo;association Jeunesse, Activit\u00e9s et D\u00e9veloppement \u00c9ducatif (JADE) est de r\u00e9pondre aux besoins des jeunes habitants de la ville, tout en favorisant leur autonomie, leur prise de responsabilit\u00e9 et leur \u00e9panouissement social.&nbsp; Pour ce faire, l\u2019association est organis\u00e9e en trois secteurs : Accueil Permet d\u2019identifier les besoins des jeunes et d\u2019orienter le&hellip;","_links":{"self":[{"href":"https:\/\/mairie-montataire.fr\/en\/wp-json\/wp\/v2\/pages\/140","targetHints":{"allow":["GET"]}}],"collection":[{"href":"https:\/\/mairie-montataire.fr\/en\/wp-json\/wp\/v2\/pages"}],"about":[{"href":"https:\/\/mairie-montataire.fr\/en\/wp-json\/wp\/v2\/types\/page"}],"author":[{"embeddable":true,"href":"https:\/\/mairie-montataire.fr\/en\/wp-json\/wp\/v2\/users\/1"}],"replies":[{"embeddable":true,"href":"https:\/\/mairie-montataire.fr\/en\/wp-json\/wp\/v2\/comments?post=140"}],"version-history":[{"count":29,"href":"https:\/\/mairie-montataire.fr\/en\/wp-json\/wp\/v2\/pages\/140\/revisions"}],"predecessor-version":[{"id":7464,"href":"https:\/\/mairie-montataire.fr\/en\/wp-json\/wp\/v2\/pages\/140\/revisions\/7464"}],"up":[{"embeddable":true,"href":"https:\/\/mairie-montataire.fr\/en\/wp-json\/wp\/v2\/pages\/114"}],"wp:featuredmedia":[{"embeddable":true,"href":"https:\/\/mairie-montataire.fr\/en\/wp-json\/wp\/v2\/media\/1535"}],"wp:attachment":[{"href":"https:\/\/mairie-montataire.fr\/en\/wp-json\/wp\/v2\/media?parent=140"}],"curies":[{"name":"wp","href":"https:\/\/api.w.org\/{rel}","templated":true}]}}

<p><strong>Created in 1997, the aim of the Jeunesse, Activités et Développement Éducatif (JADE) association is to meet the needs of the town's young residents, while encouraging them to become independent, take responsibility and develop socially.&nbsp;</strong></p>



<figure class="wp-block-image aligncenter size-full is-resized"><img loading="lazy" decoding="async" width="2000" height="1333" src="https://mairie-montataire.fr/app/uploads/2024/08/2024-07-04-JADE-2.jpg" alt="" class="wp-image-3021" style="width:1119px;height:auto" srcset="https://mairie-montataire.fr/app/uploads/2024/08/2024-07-04-JADE-2.jpg 2000w, https://mairie-montataire.fr/app/uploads/2024/08/2024-07-04-JADE-2-300x200.jpg 300w, https://mairie-montataire.fr/app/uploads/2024/08/2024-07-04-JADE-2-1024x682.jpg 1024w, https://mairie-montataire.fr/app/uploads/2024/08/2024-07-04-JADE-2-768x512.jpg 768w, https://mairie-montataire.fr/app/uploads/2024/08/2024-07-04-JADE-2-1536x1024.jpg 1536w, https://mairie-montataire.fr/app/uploads/2024/08/2024-07-04-JADE-2-18x12.jpg 18w" sizes="auto, (max-width: 2000px) 100vw, 2000px" /></figure>



<p><strong>To achieve this, the association is organised into three sectors:</strong></p>



<div class="wp-block-columns is-layout-flex wp-container-core-columns-is-layout-9d6595d7 wp-block-columns-is-layout-flex">
<div class="wp-block-column is-layout-flow wp-block-column-is-layout-flow">
<h3 class="wp-block-heading has-text-align-center"><strong> Home</strong></h3>



<p><strong>Helps identify the needs of young people and provide guidance.</strong></p>
</div>



<div class="wp-block-column is-layout-flow wp-block-column-is-layout-flow">
<h3 class="wp-block-heading has-text-align-center"><strong>Listening point</strong></h3>



<p><strong>Where a psycho-educational team offers individual or group listening sessions.</strong></p>
</div>



<div class="wp-block-column is-layout-flow wp-block-column-is-layout-flow">
<h3 class="wp-block-heading has-text-align-center"><strong>Entertainment</strong></h3>



<p><strong>Offers a range of activities throughout the year, promoting diversity and citizenship.</strong></p>
</div>
</div>



<h2 class="wp-block-heading">A daily welcome</h2>



<p>JADE offers a free service open to all. It directs young people to the association's services according to their needs, while providing information on employment, training and all the youth facilities in the area.</p>



<p>A photocopier/printer and a computer room are available free of charge for young people to use for all their needs.</p>



<h2 class="wp-block-heading">Access to activities and breaks&nbsp;</h2>



<p>JADE offers weekly activities such as futsal, bringing together over a hundred youngsters.&nbsp;</p>



<p>On a more occasional basis, it organises stays during the school holidays, focusing on the autonomy and empowerment of participants through group work. The young people take it in turns to carry out daily tasks such as preparing meals and cleaning. Their days are punctuated by discovery activities to help them acclimatise to their new environment.</p>



<div class="wp-block-uagb-container uagb-block-74fb1d72 alignfull uagb-is-root-container"><div class="uagb-container-inner-blocks-wrap">
<div class="wp-block-uagb-blockquote uagb-block-1d0dd472 uagb-blockquote__skin-border uagb-blockquote__stack-img-none"><blockquote class="uagb-blockquote"><div class="uagb-blockquote__content">" <em>It's a real opportunity to go on holiday, because our parents don't have the money to pay for such trips. So I discovered the mountains and did activities like rafting and caving. I have some excellent memories</em> " </div><footer><div class="uagb-blockquote__author-wrap uagb-blockquote__author-at-left"><cite class="uagb-blockquote__author">Testimonial from one of the participants</cite></div></footer></blockquote></div>
</div></div>

<p>Créée en 1997, l’objet d&rsquo;association Jeunesse, Activités et Développement Éducatif (JADE) est de répondre aux besoins des jeunes habitants de la ville, tout en favorisant leur autonomie, leur prise de responsabilité et leur épanouissement social.&nbsp; Pour ce faire, l’association est organisée en trois secteurs : Accueil Permet d’identifier les besoins des jeunes et d’orienter le [&hellip;]</p>

Créée en 1997, l’objet d&rsquo;association Jeunesse, Activités et Développement Éducatif (JADE) est de répondre aux besoins des jeunes habitants de la ville, tout en favorisant leur autonomie, leur prise de responsabilité et leur épanouissement social.&nbsp; Pour ce faire, l’association est organisée en trois secteurs : Accueil Permet d’identifier les besoins des jeunes et d’orienter le&hellip;
