{"id":132,"date":"2024-05-03T09:25:53","date_gmt":"2024-05-03T09:25:53","guid":{"rendered":"https:\/\/montataire.local\/?page_id=132"},"modified":"2025-12-26T16:00:21","modified_gmt":"2025-12-26T16:00:21","slug":"after-school-care","status":"publish","type":"page","link":"https:\/\/mairie-montataire.fr\/en\/habiter\/enfance\/accueils-periscolaires\/","title":{"rendered":"After-school care"},"content":{"rendered":"<p><strong>The local authority is determined to strengthen the public services it offers by developing extra-curricular childcare in the town. By booking in advance, the local authority can offer parents a secure childcare option, enabling them to reconcile their family and professional lives.<\/strong><\/p>\n\n\n\n<p>Pupils can be welcomed in the morning <strong>from 7am to 8.10am<\/strong> and in the evening <strong>from 4.30 p.m. to 6 p.m.<\/strong> (or <strong>18h50<\/strong> depending on the rate chosen), evolving in a suitable environment under the supervision of experienced professionals. A snack is offered from 4.30pm to 5pm, followed by quiet activities such as reading, board games and arts and crafts.<\/p>\n\n\n\n<figure class=\"wp-block-table\"><table class=\"has-fixed-layout\"><thead><tr><th>Schools <\/th><th>After-school care<\/th><\/tr><\/thead><tbody><tr><td>Decour, Decour I, Decour II <\/td><td>Decour II<\/td><\/tr><tr><td>Joliot Curie kindergarten<br>and elementary<\/td><td>Joliot Curie elementary<\/td><\/tr><tr><td>Langevin nursery and elementary<\/td><td>Langevin elementary<\/td><\/tr><tr><td>Bambier nursery and elementary<\/td><td>Bambier<\/td><\/tr><tr><td>Wallon<\/td><td>Wallon<\/td><\/tr><tr><td>Casanova*<\/td><td>Langevin elementary<\/td><\/tr><tr><td>Mac\u00e9 <\/td><td>Mac\u00e9<\/td><\/tr><tr><td>L\u00e9veill\u00e9**<\/td><td>Jaur\u00e8s<\/td><\/tr><tr><td>Jaur\u00e8s, reception in the morning<br>Jaur\u00e8s, evening reception<\/td><td>Jaur\u00e8s<br>Jaur\u00e8s or Mac\u00e9 depending on numbers<\/td><\/tr><\/tbody><\/table><\/figure>\n\n\n\n<p><strong>*<\/strong> <em>After-school care for pupils attending the Casanova school has been relocated to the Langevin after-school care centre. Children are transported to and from school by the school bus.<\/em><br><strong>**<\/strong> <em>After-school care for pupils at Edmond L\u00e9veill\u00e9 school is provided on the premises of the Jean Jaur\u00e8s after-school care centre. A pedibus service has been set up to take children from the centre to school.<\/em><\/p>\n\n\n\n<h2 class=\"wp-block-heading\">How do I register?&nbsp;<\/h2>\n\n\n\n<p>Enrolment in after-school care is open to children whose parents are in employment or training. Enrolment is therefore confirmed by the childcare centre after verification of the eligibility conditions. Subsequently, enrolment is made through the<a href=\"https:\/\/www.espace-citoyens.net\/montataire\/espace-citoyens\/Home\/AccueilPublic\" target=\"_blank\" rel=\"noreferrer noopener\">Citizen Space<\/a>.<\/p>","protected":false},"excerpt":{"rendered":"<p>La municipalit\u00e9 affiche sa volont\u00e9 de renforcer les services publics offerts \u00e0 la population en d\u00e9veloppant les accueils p\u00e9riscolaires dans la ville. Sur r\u00e9servation, la commune propose un mode de garde s\u00e9curis\u00e9, permettant aux parents de concilier sereinement vie familiale et vie professionnelle. Les \u00e9l\u00e8ves peuvent y \u00eatre accueillis le matin de 7h \u00e0 8h10 [&hellip;]<\/p>\n","protected":false},"author":1,"featured_media":1602,"parent":112,"menu_order":16,"comment_status":"closed","ping_status":"closed","template":"","meta":{"_acf_changed":false,"_uag_custom_page_level_css":"","footnotes":""},"class_list":["post-132","page","type-page","status-publish","has-post-thumbnail","hentry"],"acf":[],"uagb_featured_image_src":{"full":["https:\/\/mairie-montataire.fr\/app\/uploads\/2024\/07\/1.2.3_peinture-enfants-heureux-plan-moyen\u00a9Istock-scaled.jpg",2560,1707,false],"thumbnail":["https:\/\/mairie-montataire.fr\/app\/uploads\/2024\/07\/1.2.3_peinture-enfants-heureux-plan-moyen\u00a9Istock-150x150.jpg",150,150,true],"medium":["https:\/\/mairie-montataire.fr\/app\/uploads\/2024\/07\/1.2.3_peinture-enfants-heureux-plan-moyen\u00a9Istock-300x200.jpg",300,200,true],"medium_large":["https:\/\/mairie-montataire.fr\/app\/uploads\/2024\/07\/1.2.3_peinture-enfants-heureux-plan-moyen\u00a9Istock-768x512.jpg",768,512,true],"large":["https:\/\/mairie-montataire.fr\/app\/uploads\/2024\/07\/1.2.3_peinture-enfants-heureux-plan-moyen\u00a9Istock-1024x683.jpg",1024,683,true],"1536x1536":["https:\/\/mairie-montataire.fr\/app\/uploads\/2024\/07\/1.2.3_peinture-enfants-heureux-plan-moyen\u00a9Istock-1536x1024.jpg",1536,1024,true],"2048x2048":["https:\/\/mairie-montataire.fr\/app\/uploads\/2024\/07\/1.2.3_peinture-enfants-heureux-plan-moyen\u00a9Istock-2048x1365.jpg",2048,1365,true],"trp-custom-language-flag":["https:\/\/mairie-montataire.fr\/app\/uploads\/2024\/07\/1.2.3_peinture-enfants-heureux-plan-moyen\u00a9Istock-scaled.jpg",18,12,false],"gform-image-choice-sm":["https:\/\/mairie-montataire.fr\/app\/uploads\/2024\/07\/1.2.3_peinture-enfants-heureux-plan-moyen\u00a9Istock-scaled.jpg",300,200,false],"gform-image-choice-md":["https:\/\/mairie-montataire.fr\/app\/uploads\/2024\/07\/1.2.3_peinture-enfants-heureux-plan-moyen\u00a9Istock-scaled.jpg",400,267,false],"gform-image-choice-lg":["https:\/\/mairie-montataire.fr\/app\/uploads\/2024\/07\/1.2.3_peinture-enfants-heureux-plan-moyen\u00a9Istock-scaled.jpg",600,400,false]},"uagb_author_info":{"display_name":"mentalworks","author_link":"https:\/\/mairie-montataire.fr\/en\/actualites\/author\/mentalworks\/"},"uagb_comment_info":0,"uagb_excerpt":"La municipalit\u00e9 affiche sa volont\u00e9 de renforcer les services publics offerts \u00e0 la population en d\u00e9veloppant les accueils p\u00e9riscolaires dans la ville. Sur r\u00e9servation, la commune propose un mode de garde s\u00e9curis\u00e9, permettant aux parents de concilier sereinement vie familiale et vie professionnelle. Les \u00e9l\u00e8ves peuvent y \u00eatre accueillis le matin de 7h \u00e0 8h10&hellip;","_links":{"self":[{"href":"https:\/\/mairie-montataire.fr\/en\/wp-json\/wp\/v2\/pages\/132","targetHints":{"allow":["GET"]}}],"collection":[{"href":"https:\/\/mairie-montataire.fr\/en\/wp-json\/wp\/v2\/pages"}],"about":[{"href":"https:\/\/mairie-montataire.fr\/en\/wp-json\/wp\/v2\/types\/page"}],"author":[{"embeddable":true,"href":"https:\/\/mairie-montataire.fr\/en\/wp-json\/wp\/v2\/users\/1"}],"replies":[{"embeddable":true,"href":"https:\/\/mairie-montataire.fr\/en\/wp-json\/wp\/v2\/comments?post=132"}],"version-history":[{"count":27,"href":"https:\/\/mairie-montataire.fr\/en\/wp-json\/wp\/v2\/pages\/132\/revisions"}],"predecessor-version":[{"id":7396,"href":"https:\/\/mairie-montataire.fr\/en\/wp-json\/wp\/v2\/pages\/132\/revisions\/7396"}],"up":[{"embeddable":true,"href":"https:\/\/mairie-montataire.fr\/en\/wp-json\/wp\/v2\/pages\/112"}],"wp:featuredmedia":[{"embeddable":true,"href":"https:\/\/mairie-montataire.fr\/en\/wp-json\/wp\/v2\/media\/1602"}],"wp:attachment":[{"href":"https:\/\/mairie-montataire.fr\/en\/wp-json\/wp\/v2\/media?parent=132"}],"curies":[{"name":"wp","href":"https:\/\/api.w.org\/{rel}","templated":true}]}}

<p><strong>The local authority is determined to strengthen the public services it offers by developing extra-curricular childcare in the town. By booking in advance, the local authority can offer parents a secure childcare option, enabling them to reconcile their family and professional lives.</strong></p>



<p>Pupils can be welcomed in the morning <strong>from 7am to 8.10am</strong> and in the evening <strong>from 4.30 p.m. to 6 p.m.</strong> (or <strong>18h50</strong> depending on the rate chosen), evolving in a suitable environment under the supervision of experienced professionals. A snack is offered from 4.30pm to 5pm, followed by quiet activities such as reading, board games and arts and crafts.</p>



<figure class="wp-block-table"><table class="has-fixed-layout"><thead><tr><th>Schools </th><th>After-school care</th></tr></thead><tbody><tr><td>Decour, Decour I, Decour II </td><td>Decour II</td></tr><tr><td>Joliot Curie kindergarten<br>and elementary</td><td>Joliot Curie elementary</td></tr><tr><td>Langevin nursery and elementary</td><td>Langevin elementary</td></tr><tr><td>Bambier nursery and elementary</td><td>Bambier</td></tr><tr><td>Wallon</td><td>Wallon</td></tr><tr><td>Casanova*</td><td>Langevin elementary</td></tr><tr><td>Macé </td><td>Macé</td></tr><tr><td>Léveillé**</td><td>Jaurès</td></tr><tr><td>Jaurès, reception in the morning<br>Jaurès, evening reception</td><td>Jaurès<br>Jaurès or Macé depending on numbers</td></tr></tbody></table></figure>



<p><strong>*</strong> <em>After-school care for pupils attending the Casanova school has been relocated to the Langevin after-school care centre. Children are transported to and from school by the school bus.</em><br><strong>**</strong> <em>After-school care for pupils at Edmond Léveillé school is provided on the premises of the Jean Jaurès after-school care centre. A pedibus service has been set up to take children from the centre to school.</em></p>



<h2 class="wp-block-heading">How do I register?&nbsp;</h2>



<p>Enrolment in after-school care is open to children whose parents are in employment or training. Enrolment is therefore confirmed by the childcare centre after verification of the eligibility conditions. Subsequently, enrolment is made through the<a href="https://www.espace-citoyens.net/montataire/espace-citoyens/Home/AccueilPublic" target="_blank" rel="noreferrer noopener">Citizen Space</a>.</p>

<p>La municipalité affiche sa volonté de renforcer les services publics offerts à la population en développant les accueils périscolaires dans la ville. Sur réservation, la commune propose un mode de garde sécurisé, permettant aux parents de concilier sereinement vie familiale et vie professionnelle. Les élèves peuvent y être accueillis le matin de 7h à 8h10 [&hellip;]</p>

La municipalité affiche sa volonté de renforcer les services publics offerts à la population en développant les accueils périscolaires dans la ville. Sur réservation, la commune propose un mode de garde sécurisé, permettant aux parents de concilier sereinement vie familiale et vie professionnelle. Les élèves peuvent y être accueillis le matin de 7h à 8h10&hellip;
