{"id":128,"date":"2024-05-03T09:24:47","date_gmt":"2024-05-03T09:24:47","guid":{"rendered":"https:\/\/montataire.local\/?page_id=128"},"modified":"2025-12-26T15:59:48","modified_gmt":"2025-12-26T15:59:48","slug":"schools","status":"publish","type":"page","link":"https:\/\/mairie-montataire.fr\/en\/habiter\/enfance\/ecoles\/","title":{"rendered":"Schools"},"content":{"rendered":"<p><strong>Montataire has 6 nursery schools, 4 elementary schools and 3 primary schools run by the town, a coll\u00e8ge run by the Oise d\u00e9partement and a lyc\u00e9e run by the Hauts-de-France region.<\/strong><\/p>\n\n\n\n<p>The town provides school supplies for pupils in elementary classes, thereby supporting families. Every pupil receives exercise books, binders and textbooks at the start of the year. In addition, the local authority buys collective materials such as educational games for nursery schools.<\/p>\n\n\n\n<p>Since the start of the 2019 school year, pupils have benefited from tablets and internet access thanks to the deployment of digital mobile classes in elementary schools. This initiative aims to familiarise children with new technologies while combating the digital divide.<\/p>\n\n\n\n<h2 class=\"wp-block-heading\">Registrations<\/h2>\n\n\n\n<h3 class=\"wp-block-heading\">First day at school<\/h3>\n\n\n\n<p>Most children start school at the age of 3. For example, if your child was born in 2022, you must register him or her for the start of the school year in 2025. To do this, please go to childcare reception with the following documents:<\/p>\n\n\n\n<ul style=\"padding-right:var(--wp--preset--spacing--70);padding-left:var(--wp--preset--spacing--70)\" class=\"wp-block-list\">\n<li>Family record book or birth certificate<\/li>\n\n\n\n<li>Up-to-date health or vaccination records<\/li>\n\n\n\n<li>Proof of address less than 6 months old<\/li>\n\n\n\n<li>CAF: benefit card or statement of benefits<\/li>\n\n\n\n<li>Identity card of the child's parent(s)<\/li>\n\n\n\n<li>Current year's tax or non-taxation notice on the previous year's income<\/li>\n<\/ul>\n\n\n\n<div style=\"height:41px\" aria-hidden=\"true\" class=\"wp-block-spacer\"><\/div>\n\n\n\n<p>Enrolment for the younger sections takes place in February. Families are informed of their children's school assignment in June, so they can prepare for the new school year with peace of mind.<\/p>\n\n\n\n<p style=\"font-style:normal;font-weight:300\">At the same time, families' access to<a href=\"https:\/\/www.espace-citoyens.net\/montataire\/espace-citoyens\/\" target=\"_blank\" rel=\"noreferrer noopener\">Citizen Space<\/a> This will enable you to book the services you want directly online (catering, leisure and after-school care). It is also possible to register at the counter or on the dedicated digital terminal in the childcare service or when registering for school.&nbsp;<\/p>\n\n\n\n<p>There is a charge for these services, which must be booked in advance. Prices are based on your tax assessment.<\/p>\n\n\n\n<h3 class=\"wp-block-heading\">For children already attending school in the city<\/h3>\n\n\n\n<p>Children attending one of the town's schools are automatically renewed. However, parents must register for extra-curricular activities. For school meals, after-school care and extra-curricular activities, registrations and bookings can be made at the counter or via the dedicated digital terminal in the Accueil enfance department or on the<a href=\"https:\/\/www.espace-citoyens.net\/montataire\/espace-citoyens\/Home\/AccueilPublic\" data-type=\"link\" data-id=\"https:\/\/www.espace-citoyens.net\/montataire\/espace-citoyens\/Home\/AccueilPublic\" target=\"_blank\" rel=\"noreferrer noopener\">Citizen Space<\/a>.<\/p>\n\n\n\n<p>For further information, please contact our childcare staff.<\/p>","protected":false},"excerpt":{"rendered":"<p>Vous trouverez \u00e0 Montataire 6 \u00e9coles maternelles, 4 \u00e9coles \u00e9l\u00e9mentaires et 3 \u00e9coles primaires g\u00e9r\u00e9es par la ville, un coll\u00e8ge g\u00e9r\u00e9 par le d\u00e9partement de l\u2019Oise et un lyc\u00e9e g\u00e9r\u00e9 par la r\u00e9gion Hauts-de-France. La ville offre les fournitures scolaires aux \u00e9l\u00e8ves des classes \u00e9l\u00e9mentaires, soutenant ainsi les familles. Chaque \u00e9colier re\u00e7oit des cahiers, des [&hellip;]<\/p>\n","protected":false},"author":1,"featured_media":1471,"parent":112,"menu_order":14,"comment_status":"closed","ping_status":"closed","template":"","meta":{"_acf_changed":false,"_uag_custom_page_level_css":"","footnotes":""},"class_list":["post-128","page","type-page","status-publish","has-post-thumbnail","hentry"],"acf":[],"uagb_featured_image_src":{"full":["https:\/\/mairie-montataire.fr\/app\/uploads\/2024\/07\/1.2.1_ecoles.jpg",475,348,false],"thumbnail":["https:\/\/mairie-montataire.fr\/app\/uploads\/2024\/07\/1.2.1_ecoles-150x150.jpg",150,150,true],"medium":["https:\/\/mairie-montataire.fr\/app\/uploads\/2024\/07\/1.2.1_ecoles-300x220.jpg",300,220,true],"medium_large":["https:\/\/mairie-montataire.fr\/app\/uploads\/2024\/07\/1.2.1_ecoles.jpg",475,348,false],"large":["https:\/\/mairie-montataire.fr\/app\/uploads\/2024\/07\/1.2.1_ecoles.jpg",475,348,false],"1536x1536":["https:\/\/mairie-montataire.fr\/app\/uploads\/2024\/07\/1.2.1_ecoles.jpg",475,348,false],"2048x2048":["https:\/\/mairie-montataire.fr\/app\/uploads\/2024\/07\/1.2.1_ecoles.jpg",475,348,false],"trp-custom-language-flag":["https:\/\/mairie-montataire.fr\/app\/uploads\/2024\/07\/1.2.1_ecoles.jpg",16,12,false],"gform-image-choice-sm":["https:\/\/mairie-montataire.fr\/app\/uploads\/2024\/07\/1.2.1_ecoles.jpg",300,220,false],"gform-image-choice-md":["https:\/\/mairie-montataire.fr\/app\/uploads\/2024\/07\/1.2.1_ecoles.jpg",400,293,false],"gform-image-choice-lg":["https:\/\/mairie-montataire.fr\/app\/uploads\/2024\/07\/1.2.1_ecoles.jpg",475,348,false]},"uagb_author_info":{"display_name":"mentalworks","author_link":"https:\/\/mairie-montataire.fr\/en\/actualites\/author\/mentalworks\/"},"uagb_comment_info":0,"uagb_excerpt":"Vous trouverez \u00e0 Montataire 6 \u00e9coles maternelles, 4 \u00e9coles \u00e9l\u00e9mentaires et 3 \u00e9coles primaires g\u00e9r\u00e9es par la ville, un coll\u00e8ge g\u00e9r\u00e9 par le d\u00e9partement de l\u2019Oise et un lyc\u00e9e g\u00e9r\u00e9 par la r\u00e9gion Hauts-de-France. La ville offre les fournitures scolaires aux \u00e9l\u00e8ves des classes \u00e9l\u00e9mentaires, soutenant ainsi les familles. Chaque \u00e9colier re\u00e7oit des cahiers, des&hellip;","_links":{"self":[{"href":"https:\/\/mairie-montataire.fr\/en\/wp-json\/wp\/v2\/pages\/128","targetHints":{"allow":["GET"]}}],"collection":[{"href":"https:\/\/mairie-montataire.fr\/en\/wp-json\/wp\/v2\/pages"}],"about":[{"href":"https:\/\/mairie-montataire.fr\/en\/wp-json\/wp\/v2\/types\/page"}],"author":[{"embeddable":true,"href":"https:\/\/mairie-montataire.fr\/en\/wp-json\/wp\/v2\/users\/1"}],"replies":[{"embeddable":true,"href":"https:\/\/mairie-montataire.fr\/en\/wp-json\/wp\/v2\/comments?post=128"}],"version-history":[{"count":22,"href":"https:\/\/mairie-montataire.fr\/en\/wp-json\/wp\/v2\/pages\/128\/revisions"}],"predecessor-version":[{"id":7395,"href":"https:\/\/mairie-montataire.fr\/en\/wp-json\/wp\/v2\/pages\/128\/revisions\/7395"}],"up":[{"embeddable":true,"href":"https:\/\/mairie-montataire.fr\/en\/wp-json\/wp\/v2\/pages\/112"}],"wp:featuredmedia":[{"embeddable":true,"href":"https:\/\/mairie-montataire.fr\/en\/wp-json\/wp\/v2\/media\/1471"}],"wp:attachment":[{"href":"https:\/\/mairie-montataire.fr\/en\/wp-json\/wp\/v2\/media?parent=128"}],"curies":[{"name":"wp","href":"https:\/\/api.w.org\/{rel}","templated":true}]}}

<p><strong>Montataire has 6 nursery schools, 4 elementary schools and 3 primary schools run by the town, a collège run by the Oise département and a lycée run by the Hauts-de-France region.</strong></p>



<p>The town provides school supplies for pupils in elementary classes, thereby supporting families. Every pupil receives exercise books, binders and textbooks at the start of the year. In addition, the local authority buys collective materials such as educational games for nursery schools.</p>



<p>Since the start of the 2019 school year, pupils have benefited from tablets and internet access thanks to the deployment of digital mobile classes in elementary schools. This initiative aims to familiarise children with new technologies while combating the digital divide.</p>



<h2 class="wp-block-heading">Registrations</h2>



<h3 class="wp-block-heading">First day at school</h3>



<p>Most children start school at the age of 3. For example, if your child was born in 2022, you must register him or her for the start of the school year in 2025. To do this, please go to childcare reception with the following documents:</p>



<ul style="padding-right:var(--wp--preset--spacing--70);padding-left:var(--wp--preset--spacing--70)" class="wp-block-list">
<li>Family record book or birth certificate</li>



<li>Up-to-date health or vaccination records</li>



<li>Proof of address less than 6 months old</li>



<li>CAF: benefit card or statement of benefits</li>



<li>Identity card of the child's parent(s)</li>



<li>Current year's tax or non-taxation notice on the previous year's income</li>
</ul>



<div style="height:41px" aria-hidden="true" class="wp-block-spacer"></div>



<p>Enrolment for the younger sections takes place in February. Families are informed of their children's school assignment in June, so they can prepare for the new school year with peace of mind.</p>



<p style="font-style:normal;font-weight:300">At the same time, families' access to<a href="https://www.espace-citoyens.net/montataire/espace-citoyens/" target="_blank" rel="noreferrer noopener">Citizen Space</a> This will enable you to book the services you want directly online (catering, leisure and after-school care). It is also possible to register at the counter or on the dedicated digital terminal in the childcare service or when registering for school.&nbsp;</p>



<p>There is a charge for these services, which must be booked in advance. Prices are based on your tax assessment.</p>



<h3 class="wp-block-heading">For children already attending school in the city</h3>



<p>Children attending one of the town's schools are automatically renewed. However, parents must register for extra-curricular activities. For school meals, after-school care and extra-curricular activities, registrations and bookings can be made at the counter or via the dedicated digital terminal in the Accueil enfance department or on the<a href="https://www.espace-citoyens.net/montataire/espace-citoyens/Home/AccueilPublic" data-type="link" data-id="https://www.espace-citoyens.net/montataire/espace-citoyens/Home/AccueilPublic" target="_blank" rel="noreferrer noopener">Citizen Space</a>.</p>



<p>For further information, please contact our childcare staff.</p>

<p>Vous trouverez à Montataire 6 écoles maternelles, 4 écoles élémentaires et 3 écoles primaires gérées par la ville, un collège géré par le département de l’Oise et un lycée géré par la région Hauts-de-France. La ville offre les fournitures scolaires aux élèves des classes élémentaires, soutenant ainsi les familles. Chaque écolier reçoit des cahiers, des [&hellip;]</p>

Vous trouverez à Montataire 6 écoles maternelles, 4 écoles élémentaires et 3 écoles primaires gérées par la ville, un collège géré par le département de l’Oise et un lycée géré par la région Hauts-de-France. La ville offre les fournitures scolaires aux élèves des classes élémentaires, soutenant ainsi les familles. Chaque écolier reçoit des cahiers, des&hellip;
