{"id":118,"date":"2024-05-03T09:22:57","date_gmt":"2024-05-03T09:22:57","guid":{"rendered":"https:\/\/montataire.local\/?page_id=118"},"modified":"2024-07-31T08:26:58","modified_gmt":"2024-07-31T08:26:58","slug":"solidarity","status":"publish","type":"page","link":"https:\/\/mairie-montataire.fr\/en\/habiter\/solidarite\/","title":{"rendered":"Solidarity"},"content":{"rendered":"<p><strong>Montataire places solidarity at the heart of its social action. The Centre Communal d'Action Sociale (CCAS) offers vital support to the most vulnerable, while the town works in partnership with social landlords to provide social housing that is accessible to all. At the same time, it is actively combating substandard housing, ensuring a safe and dignified environment for all its residents.<\/strong><\/p>\n\n\n\n<div class=\"wp-block-uagb-container uagb-block-d680cf5b alignfull uagb-is-root-container\"><div class=\"uagb-container-inner-blocks-wrap\"><div class=\"hub\">\n            <ul class=\"hub__list\" style=\"--nb-items: 3; --width-desktop: 3; --width-tablet: 2; --width-mobile: 1;\">\n                            <li class=\"hub__item\">\n                                            \n<div class=\"mw-card mw-card--3\">\n    <a class=\"mw-card__link\" href=\"https:\/\/mairie-montataire.fr\/en\/habiter\/solidarite\/ccas\/\" aria-label=\"\">\n        <div class=\"mw-card__top\">\n                                                                <figure class=\"mw-card__thumbnail-container\">\n                <img loading=\"lazy\" decoding=\"async\" class=\"mw-card__thumbnail\" src=\"https:\/\/mairie-montataire.fr\/app\/uploads\/2024\/07\/1.5.1_2024-07-25-CCAS-7-1024x683.jpg\" srcset=\"https:\/\/mairie-montataire.fr\/app\/uploads\/2024\/07\/1.5.1_2024-07-25-CCAS-7-1024x683.jpg 1024w, https:\/\/mairie-montataire.fr\/app\/uploads\/2024\/07\/1.5.1_2024-07-25-CCAS-7-300x200.jpg 300w, https:\/\/mairie-montataire.fr\/app\/uploads\/2024\/07\/1.5.1_2024-07-25-CCAS-7-768x512.jpg 768w, https:\/\/mairie-montataire.fr\/app\/uploads\/2024\/07\/1.5.1_2024-07-25-CCAS-7-1536x1024.jpg 1536w, https:\/\/mairie-montataire.fr\/app\/uploads\/2024\/07\/1.5.1_2024-07-25-CCAS-7-2048x1365.jpg 2048w\"\n                     sizes=\"auto, (max-width: 1024px) 100vw, 1024px\" alt=\"\" width=\"2560\"\n                     height=\"1707\"\/>\n            <\/figure>\n        <\/div>\n        <div class=\"mw-card__bottom\">\n            <div class=\"mw-card__content\">\n                                <h3 class=\"mw-card__title\">Local social action centre (CCAS)<\/h3>\n                            <\/div>\n            <p class=\"mw-card__text-link\">\n                                    <span>Find out more<\/span>\n                                <svg width=\"20\" height=\"20\" viewbox=\"0 0 24 24\" fill=\"none\" xmlns=\"http:\/\/www.w3.org\/2000\/svg\">\n<path d=\"M12 5V19M5 12H19\" stroke=\"black\" stroke-width=\"2\" stroke-linecap=\"round\" stroke-linejoin=\"round\"\/>\n<\/svg>\n            <\/p>\n        <\/div>\n    <\/a>\n<\/div>                                    <\/li>\n                            <li class=\"hub__item\">\n                                            \n<div class=\"mw-card mw-card--3\">\n    <a class=\"mw-card__link\" href=\"https:\/\/mairie-montataire.fr\/en\/habiter\/solidarite\/mairie-annexe-des-martinets-logements-sociaux\/\" aria-label=\"\">\n        <div class=\"mw-card__top\">\n                                                                <figure class=\"mw-card__thumbnail-container\">\n                <img loading=\"lazy\" decoding=\"async\" class=\"mw-card__thumbnail\" src=\"https:\/\/mairie-montataire.fr\/app\/uploads\/2024\/07\/1.5.2_mairie_annexe.jpg\" srcset=\"https:\/\/mairie-montataire.fr\/app\/uploads\/2024\/07\/1.5.2_mairie_annexe.jpg 500w, https:\/\/mairie-montataire.fr\/app\/uploads\/2024\/07\/1.5.2_mairie_annexe-300x200.jpg 300w\"\n                     sizes=\"auto, (max-width: 500px) 100vw, 500px\" alt=\"Martinets Town Hall &amp; Social housing\" width=\"500\"\n                     height=\"333\"\/>\n            <\/figure>\n        <\/div>\n        <div class=\"mw-card__bottom\">\n            <div class=\"mw-card__content\">\n                                <h3 class=\"mw-card__title\">Martinets Town Hall &amp; Social Housing<\/h3>\n                            <\/div>\n            <p class=\"mw-card__text-link\">\n                                    <span>Find out more<\/span>\n                                <svg width=\"20\" height=\"20\" viewbox=\"0 0 24 24\" fill=\"none\" xmlns=\"http:\/\/www.w3.org\/2000\/svg\">\n<path d=\"M12 5V19M5 12H19\" stroke=\"black\" stroke-width=\"2\" stroke-linecap=\"round\" stroke-linejoin=\"round\"\/>\n<\/svg>\n            <\/p>\n        <\/div>\n    <\/a>\n<\/div>                                    <\/li>\n                            <li class=\"hub__item\">\n                                            \n<div class=\"mw-card mw-card--3\">\n    <a class=\"mw-card__link\" href=\"https:\/\/mairie-montataire.fr\/en\/habiter\/solidarite\/habitat-indigne\/\" aria-label=\"\">\n        <div class=\"mw-card__top\">\n                                                                <figure class=\"mw-card__thumbnail-container\">\n                <img loading=\"lazy\" decoding=\"async\" class=\"mw-card__thumbnail\" src=\"https:\/\/mairie-montataire.fr\/app\/uploads\/2024\/07\/1.5.3_CLHI.jpg\" srcset=\"https:\/\/mairie-montataire.fr\/app\/uploads\/2024\/07\/1.5.3_CLHI.jpg 500w, https:\/\/mairie-montataire.fr\/app\/uploads\/2024\/07\/1.5.3_CLHI-300x210.jpg 300w\"\n                     sizes=\"auto, (max-width: 500px) 100vw, 500px\" alt=\"\" width=\"500\"\n                     height=\"350\"\/>\n            <\/figure>\n        <\/div>\n        <div class=\"mw-card__bottom\">\n            <div class=\"mw-card__content\">\n                                <h3 class=\"mw-card__title\">Substandard housing<\/h3>\n                            <\/div>\n            <p class=\"mw-card__text-link\">\n                                    <span>Find out more<\/span>\n                                <svg width=\"20\" height=\"20\" viewbox=\"0 0 24 24\" fill=\"none\" xmlns=\"http:\/\/www.w3.org\/2000\/svg\">\n<path d=\"M12 5V19M5 12H19\" stroke=\"black\" stroke-width=\"2\" stroke-linecap=\"round\" stroke-linejoin=\"round\"\/>\n<\/svg>\n            <\/p>\n        <\/div>\n    <\/a>\n<\/div>                                    <\/li>\n                    <\/ul>\n    <\/div><\/div><\/div>","protected":false},"excerpt":{"rendered":"<p>Montataire place la solidarit\u00e9 au c\u0153ur de son action sociale. Le Centre Communal d&rsquo;Action Sociale (CCAS) offre un soutien vital aux plus vuln\u00e9rables, tandis que la ville s&rsquo;engage en partenariat avec les bailleurs sociaux pour offrir des logements sociaux accessibles \u00e0 tous. Parall\u00e8lement, elle m\u00e8ne une lutte active contre l&rsquo;habitat indigne, assurant ainsi un environnement [&hellip;]<\/p>\n","protected":false},"author":1,"featured_media":2308,"parent":32,"menu_order":29,"comment_status":"closed","ping_status":"closed","template":"","meta":{"_acf_changed":false,"_uag_custom_page_level_css":"","footnotes":""},"class_list":["post-118","page","type-page","status-publish","has-post-thumbnail","hentry"],"acf":[],"uagb_featured_image_src":{"full":["https:\/\/mairie-montataire.fr\/app\/uploads\/2024\/07\/1.5_people-happy-support-stacking-community\u00a9Freepik-scaled.jpg",2560,1708,false],"thumbnail":["https:\/\/mairie-montataire.fr\/app\/uploads\/2024\/07\/1.5_people-happy-support-stacking-community\u00a9Freepik-150x150.jpg",150,150,true],"medium":["https:\/\/mairie-montataire.fr\/app\/uploads\/2024\/07\/1.5_people-happy-support-stacking-community\u00a9Freepik-300x200.jpg",300,200,true],"medium_large":["https:\/\/mairie-montataire.fr\/app\/uploads\/2024\/07\/1.5_people-happy-support-stacking-community\u00a9Freepik-768x513.jpg",768,513,true],"large":["https:\/\/mairie-montataire.fr\/app\/uploads\/2024\/07\/1.5_people-happy-support-stacking-community\u00a9Freepik-1024x683.jpg",1024,683,true],"1536x1536":["https:\/\/mairie-montataire.fr\/app\/uploads\/2024\/07\/1.5_people-happy-support-stacking-community\u00a9Freepik-1536x1025.jpg",1536,1025,true],"2048x2048":["https:\/\/mairie-montataire.fr\/app\/uploads\/2024\/07\/1.5_people-happy-support-stacking-community\u00a9Freepik-2048x1367.jpg",2048,1367,true],"trp-custom-language-flag":["https:\/\/mairie-montataire.fr\/app\/uploads\/2024\/07\/1.5_people-happy-support-stacking-community\u00a9Freepik-scaled.jpg",18,12,false],"gform-image-choice-sm":["https:\/\/mairie-montataire.fr\/app\/uploads\/2024\/07\/1.5_people-happy-support-stacking-community\u00a9Freepik-scaled.jpg",300,200,false],"gform-image-choice-md":["https:\/\/mairie-montataire.fr\/app\/uploads\/2024\/07\/1.5_people-happy-support-stacking-community\u00a9Freepik-scaled.jpg",400,267,false],"gform-image-choice-lg":["https:\/\/mairie-montataire.fr\/app\/uploads\/2024\/07\/1.5_people-happy-support-stacking-community\u00a9Freepik-scaled.jpg",600,400,false]},"uagb_author_info":{"display_name":"mentalworks","author_link":"https:\/\/mairie-montataire.fr\/en\/actualites\/author\/mentalworks\/"},"uagb_comment_info":0,"uagb_excerpt":"Montataire place la solidarit\u00e9 au c\u0153ur de son action sociale. Le Centre Communal d&rsquo;Action Sociale (CCAS) offre un soutien vital aux plus vuln\u00e9rables, tandis que la ville s&rsquo;engage en partenariat avec les bailleurs sociaux pour offrir des logements sociaux accessibles \u00e0 tous. Parall\u00e8lement, elle m\u00e8ne une lutte active contre l&rsquo;habitat indigne, assurant ainsi un environnement&hellip;","_links":{"self":[{"href":"https:\/\/mairie-montataire.fr\/en\/wp-json\/wp\/v2\/pages\/118","targetHints":{"allow":["GET"]}}],"collection":[{"href":"https:\/\/mairie-montataire.fr\/en\/wp-json\/wp\/v2\/pages"}],"about":[{"href":"https:\/\/mairie-montataire.fr\/en\/wp-json\/wp\/v2\/types\/page"}],"author":[{"embeddable":true,"href":"https:\/\/mairie-montataire.fr\/en\/wp-json\/wp\/v2\/users\/1"}],"replies":[{"embeddable":true,"href":"https:\/\/mairie-montataire.fr\/en\/wp-json\/wp\/v2\/comments?post=118"}],"version-history":[{"count":6,"href":"https:\/\/mairie-montataire.fr\/en\/wp-json\/wp\/v2\/pages\/118\/revisions"}],"predecessor-version":[{"id":2299,"href":"https:\/\/mairie-montataire.fr\/en\/wp-json\/wp\/v2\/pages\/118\/revisions\/2299"}],"up":[{"embeddable":true,"href":"https:\/\/mairie-montataire.fr\/en\/wp-json\/wp\/v2\/pages\/32"}],"wp:featuredmedia":[{"embeddable":true,"href":"https:\/\/mairie-montataire.fr\/en\/wp-json\/wp\/v2\/media\/2308"}],"wp:attachment":[{"href":"https:\/\/mairie-montataire.fr\/en\/wp-json\/wp\/v2\/media?parent=118"}],"curies":[{"name":"wp","href":"https:\/\/api.w.org\/{rel}","templated":true}]}}

<p>Montataire place la solidarité au cœur de son action sociale. Le Centre Communal d&rsquo;Action Sociale (CCAS) offre un soutien vital aux plus vulnérables, tandis que la ville s&rsquo;engage en partenariat avec les bailleurs sociaux pour offrir des logements sociaux accessibles à tous. Parallèlement, elle mène une lutte active contre l&rsquo;habitat indigne, assurant ainsi un environnement [&hellip;]</p>

Montataire place la solidarité au cœur de son action sociale. Le Centre Communal d&rsquo;Action Sociale (CCAS) offre un soutien vital aux plus vulnérables, tandis que la ville s&rsquo;engage en partenariat avec les bailleurs sociaux pour offrir des logements sociaux accessibles à tous. Parallèlement, elle mène une lutte active contre l&rsquo;habitat indigne, assurant ainsi un environnement&hellip;
