{"id":978,"date":"2024-07-08T13:58:10","date_gmt":"2024-07-08T13:58:10","guid":{"rendered":"https:\/\/montataire.mentalworks.me\/?post_type=online-approach&#038;p=978"},"modified":"2025-12-15T16:31:26","modified_gmt":"2025-12-15T16:31:26","slug":"request-for-legal-aid","status":"publish","type":"online-approach","link":"https:\/\/mairie-montataire.fr\/en\/demarches-en-ligne\/demande-daide-juridictionelle\/","title":{"rendered":"Applying for legal aid"},"content":{"rendered":"<h2 class=\"wp-block-heading\">Applying for legal aid<\/h2>\n\n\n\n<p><strong><a href=\"https:\/\/www.service-public.fr\/particuliers\/vosdroits\/F18074\" target=\"_blank\" rel=\"noreferrer noopener\">Legal aid<\/a>for whom? If your financial resources are insufficient for your case to be heard by a French court, you may be eligible for financial assistance from the State, known as \"legal aid\". Your legal costs will then be paid in full or in part by the State.<\/strong><\/p>\n\n\n\n<h2 class=\"wp-block-heading\">How do you go about it?<\/h2>\n\n\n\n<p>Before making the request, you can use <a href=\"https:\/\/www.aidejuridictionnelle.justice.fr\/simulateur\" target=\"_blank\" rel=\"noreferrer noopener\">the simulator<\/a> to find out whether you are eligible for legal aid.<\/p>\n\n\n\n<h3 class=\"wp-block-heading\">Documents to be provided : <\/h3>\n\n\n\n<ul style=\"padding-right:var(--wp--preset--spacing--60);padding-left:var(--wp--preset--spacing--60)\" class=\"wp-block-list\">\n<li><a href=\"https:\/\/mairie-montataire.fr\/en\/app\/uploads\/2024\/07\/cerfa-aide-juridictionnelle_16146-03.pdf\/\" target=\"_blank\" rel=\"noreferrer noopener\">Legal aid application form - Cerfa 16146*03<\/a><\/li>\n\n\n\n<li>Proof of identity<\/li>\n\n\n\n<li>Proof of income<\/li>\n\n\n\n<li>Proof of assets<\/li>\n\n\n\n<li>Proof of legal expenses insurance if I have one<\/li>\n\n\n\n<li>Proof of legal representation if I have already used the services of a legal representative<\/li>\n\n\n\n<li>Certificate if the insurer does not cover the costs<\/li>\n\n\n\n<li><a href=\"https:\/\/www.service-public.fr\/particuliers\/vosdroits\/R39717\" target=\"_blank\" rel=\"noreferrer noopener\">Certificate of non-insurance cover<\/a> <em>(This certificate must be completed by yourself and your insurer if the latter does not cover the costs of the trial)<\/em><\/li>\n<\/ul>\n\n\n\n<h2 class=\"wp-block-heading\">Contacts<\/h2>\n\n\n\n<p>Le&nbsp;<a href=\"https:\/\/www.service-public.fr\/particuliers\/vosdroits\/F18074\" target=\"_blank\" rel=\"noreferrer noopener\"><strong>place of application<\/strong><\/a>&nbsp;is the legal aid office responsible for your place of residence.<\/p>\n\n\n\n<div style=\"height:30px\" aria-hidden=\"true\" class=\"wp-block-spacer\"><\/div>\n\n\n\n<p><strong>You can get help from :<\/strong><\/p>\n\n\n\n<div class=\"wp-block-columns is-layout-flex wp-container-core-columns-is-layout-9d6595d7 wp-block-columns-is-layout-flex\">\n<div class=\"wp-block-column is-layout-flow wp-block-column-is-layout-flow\">\n<p><strong>House of Justice and Law<\/strong><br><a href=\"https:\/\/www.google.fr\/maps\/dir\/\/26+Rue+Voltaire,+60100+Creil\/@49.2642296,2.4792583,16.75z\/data=!4m9!4m8!1m0!1m5!1m1!1s0x47e64a1b04af6d63:0xc8dd129be1d1ecf7!2m2!1d2.4793817!2d49.265167!3e0?entry=ttu&amp;g_ep=EgoyMDI0MDkwMi4xIKXMDSoASAFQAw%3D%3D\" target=\"_blank\" rel=\"noreferrer noopener\">26, rue Voltaire - 60100 Creil<\/a><br>Monday 2pm to 5pm<br>Tuesday to Friday, 9am to 12pm and 1.30pm to 5pm<br><a href=\"tel:03 44 64 46 70\">03 44 64 46 70<\/a><br><a href=\"https:\/\/www.creilsudoise.fr\/acces-aux-droits\/maison-de-la-justice-et-du-droit\/\" target=\"_blank\" rel=\"noreferrer noopener\">creilsudoise.fr<\/a><\/p>\n<\/div>\n\n\n\n<div class=\"wp-block-column is-layout-flow wp-block-column-is-layout-flow\">\n<p><strong>Lawyer on duty at the Town Hall <\/strong><br><a href=\"https:\/\/www.google.com\/maps\/dir\/\/Mairie+de+Montataire,+Place+Auguste+G%C3%A9nie,+Montataire\/@49.2534496,2.4368934,15.5z\/data=!4m9!4m8!1m0!1m5!1m1!1s0x47e64bdbfeedc0f9:0x37d06c42d3f4f26d!2m2!1d2.4345724!2d49.2563201!3e2?entry=ttu&amp;g_ep=EgoyMDI0MDgyOC4wIKXMDSoASAFQAw%3D%3D\" target=\"_blank\" rel=\"noreferrer noopener\">Place Auguste G\u00e9nie - 60160 Montataire\u00a0<\/a><br><a href=\"tel:03 44 64 44 44\">03 44 64 44 44<\/a><br><a href=\"https:\/\/mairie-montataire.fr\/en\/contact-us\/\" target=\"_blank\" rel=\"noreferrer noopener\">Contact the town hall<\/a><\/p>\n<\/div>\n<\/div>","protected":false},"featured_media":0,"template":"","meta":{"_acf_changed":false,"_uag_custom_page_level_css":""},"online-approach-category":[17],"class_list":["post-978","online-approach","type-online-approach","status-publish","hentry","online-approach-category-centre-communal-daction-sociale-ccas"],"acf":[],"uagb_featured_image_src":{"full":false,"thumbnail":false,"medium":false,"medium_large":false,"large":false,"1536x1536":false,"2048x2048":false,"trp-custom-language-flag":false,"gform-image-choice-sm":false,"gform-image-choice-md":false,"gform-image-choice-lg":false},"uagb_author_info":{"display_name":"Laure Pubert","author_link":"https:\/\/mairie-montataire.fr\/en\/actualites\/author\/"},"uagb_comment_info":0,"uagb_excerpt":"Demande d&rsquo;aide juridictionelle L&rsquo;aide juridictionnelle, pour qui ? Si vos ressources financi\u00e8res sont insuffisantes pour votre proc\u00e8s devant un tribunal fran\u00e7ais, vous pouvez b\u00e9n\u00e9ficier d&rsquo;une aide financi\u00e8re de l&rsquo;\u00c9tat, appel\u00e9e \u00ab\u00a0aide juridictionnelle\u00a0\u00bb.&nbsp;Vos frais de proc\u00e9dure seront alors pris en charge totalement ou partiellement par l\u2019\u00c9tat. Comment faire ? Avant de r\u00e9aliser la demande vous pouvez&hellip;","_links":{"self":[{"href":"https:\/\/mairie-montataire.fr\/en\/wp-json\/wp\/v2\/online-approach\/978","targetHints":{"allow":["GET"]}}],"collection":[{"href":"https:\/\/mairie-montataire.fr\/en\/wp-json\/wp\/v2\/online-approach"}],"about":[{"href":"https:\/\/mairie-montataire.fr\/en\/wp-json\/wp\/v2\/types\/online-approach"}],"wp:attachment":[{"href":"https:\/\/mairie-montataire.fr\/en\/wp-json\/wp\/v2\/media?parent=978"}],"wp:term":[{"taxonomy":"online-approach-category","embeddable":true,"href":"https:\/\/mairie-montataire.fr\/en\/wp-json\/wp\/v2\/online-approach-category?post=978"}],"curies":[{"name":"wp","href":"https:\/\/api.w.org\/{rel}","templated":true}]}}

<h2 class="wp-block-heading">Applying for legal aid</h2>



<p><strong><a href="https://www.service-public.fr/particuliers/vosdroits/F18074" target="_blank" rel="noreferrer noopener">Legal aid</a>for whom? If your financial resources are insufficient for your case to be heard by a French court, you may be eligible for financial assistance from the State, known as "legal aid". Your legal costs will then be paid in full or in part by the State.</strong></p>



<h2 class="wp-block-heading">How do you go about it?</h2>



<p>Before making the request, you can use <a href="https://www.aidejuridictionnelle.justice.fr/simulateur" target="_blank" rel="noreferrer noopener">the simulator</a> to find out whether you are eligible for legal aid.</p>



<h3 class="wp-block-heading">Documents to be provided : </h3>



<ul style="padding-right:var(--wp--preset--spacing--60);padding-left:var(--wp--preset--spacing--60)" class="wp-block-list">
<li><a href="https://mairie-montataire.fr/en/app/uploads/2024/07/cerfa-aide-juridictionnelle_16146-03.pdf/" target="_blank" rel="noreferrer noopener">Legal aid application form - Cerfa 16146*03</a></li>



<li>Proof of identity</li>



<li>Proof of income</li>



<li>Proof of assets</li>



<li>Proof of legal expenses insurance if I have one</li>



<li>Proof of legal representation if I have already used the services of a legal representative</li>



<li>Certificate if the insurer does not cover the costs</li>



<li><a href="https://www.service-public.fr/particuliers/vosdroits/R39717" target="_blank" rel="noreferrer noopener">Certificate of non-insurance cover</a> <em>(This certificate must be completed by yourself and your insurer if the latter does not cover the costs of the trial)</em></li>
</ul>



<h2 class="wp-block-heading">Contacts</h2>



<p>Le&nbsp;<a href="https://www.service-public.fr/particuliers/vosdroits/F18074" target="_blank" rel="noreferrer noopener"><strong>place of application</strong></a>&nbsp;is the legal aid office responsible for your place of residence.</p>



<div style="height:30px" aria-hidden="true" class="wp-block-spacer"></div>



<p><strong>You can get help from :</strong></p>



<div class="wp-block-columns is-layout-flex wp-container-core-columns-is-layout-9d6595d7 wp-block-columns-is-layout-flex">
<div class="wp-block-column is-layout-flow wp-block-column-is-layout-flow">
<p><strong>House of Justice and Law</strong><br><a href="https://www.google.fr/maps/dir//26+Rue+Voltaire,+60100+Creil/@49.2642296,2.4792583,16.75z/data=!4m9!4m8!1m0!1m5!1m1!1s0x47e64a1b04af6d63:0xc8dd129be1d1ecf7!2m2!1d2.4793817!2d49.265167!3e0?entry=ttu&amp;g_ep=EgoyMDI0MDkwMi4xIKXMDSoASAFQAw%3D%3D" target="_blank" rel="noreferrer noopener">26, rue Voltaire - 60100 Creil</a><br>Monday 2pm to 5pm<br>Tuesday to Friday, 9am to 12pm and 1.30pm to 5pm<br><a href="tel:03 44 64 46 70">03 44 64 46 70</a><br><a href="https://www.creilsudoise.fr/acces-aux-droits/maison-de-la-justice-et-du-droit/" target="_blank" rel="noreferrer noopener">creilsudoise.fr</a></p>
</div>



<div class="wp-block-column is-layout-flow wp-block-column-is-layout-flow">
<p><strong>Lawyer on duty at the Town Hall </strong><br><a href="https://www.google.com/maps/dir//Mairie+de+Montataire,+Place+Auguste+G%C3%A9nie,+Montataire/@49.2534496,2.4368934,15.5z/data=!4m9!4m8!1m0!1m5!1m1!1s0x47e64bdbfeedc0f9:0x37d06c42d3f4f26d!2m2!1d2.4345724!2d49.2563201!3e2?entry=ttu&amp;g_ep=EgoyMDI0MDgyOC4wIKXMDSoASAFQAw%3D%3D" target="_blank" rel="noreferrer noopener">Place Auguste Génie - 60160 Montataire </a><br><a href="tel:03 44 64 44 44">03 44 64 44 44</a><br><a href="https://mairie-montataire.fr/en/contact-us/" target="_blank" rel="noreferrer noopener">Contact the town hall</a></p>
</div>
</div>

Demande d&rsquo;aide juridictionelle L&rsquo;aide juridictionnelle, pour qui ? Si vos ressources financières sont insuffisantes pour votre procès devant un tribunal français, vous pouvez bénéficier d&rsquo;une aide financière de l&rsquo;État, appelée « aide juridictionnelle ».&nbsp;Vos frais de procédure seront alors pris en charge totalement ou partiellement par l’État. Comment faire ? Avant de réaliser la demande vous pouvez&hellip;
