{"id":971,"date":"2024-07-08T13:26:26","date_gmt":"2024-07-08T13:26:26","guid":{"rendered":"https:\/\/montataire.mentalworks.me\/?post_type=online-approach&#038;p=971"},"modified":"2025-05-23T12:24:57","modified_gmt":"2025-05-23T12:24:57","slug":"personal-pension-application","status":"publish","type":"online-approach","link":"https:\/\/mairie-montataire.fr\/en\/demarches-en-ligne\/demande-de-retraite-personnelle\/","title":{"rendered":"Applying for a personal pension"},"content":{"rendered":"<h2 class=\"wp-block-heading\">Applying for a personal pension<\/h2>\n\n\n\n<p><strong>At retirement age, depending on their situation, employees can apply to all pension bodies for a pension in order to receive income.<\/strong><\/p>\n\n\n\n<h3 class=\"wp-block-heading\">Other<\/h3>\n\n\n\n<p><strong>Before you retire, you need to be well informed.<\/strong><\/p>\n\n\n\n<p>Starting with the<a href=\"https:\/\/www.info-retraite.fr\/portail-info\/sites\/PortailInformationnel\/home\/reforme-des-retraites\/reforme-des-retraites---age-le-1.html\" target=\"_blank\" rel=\"noreferrer noopener\">legal retirement age<\/a>This will be set at 64 or 65 since the pension reform of 2023.<\/p>\n\n\n\n<div style=\"height:24px\" aria-hidden=\"true\" class=\"wp-block-spacer\"><\/div>\n\n\n\n<p><strong>Early retirement<\/strong><\/p>\n\n\n\n<p>Another condition to be taken into account is the retirement of the employee.&nbsp;<a href=\"https:\/\/www.info-retraite.fr\/portail-info\/sites\/PortailInformationnel\/home\/reforme-des-retraites---depart-a.html\" target=\"_blank\" rel=\"noreferrer noopener\">early retirement<\/a>. Some people benefit, for example, as part of :<\/p>\n\n\n\n<ul style=\"padding-right:var(--wp--preset--spacing--60);padding-left:var(--wp--preset--spacing--60)\" class=\"wp-block-list\">\n<li>A long career;<\/li>\n\n\n\n<li>A disability ;<\/li>\n\n\n\n<li>Permanent disability;<\/li>\n\n\n\n<li>Exposure to asbestos during their working life.<\/li>\n<\/ul>\n\n\n\n<p><strong>Taking account of special pension schemes<\/strong><\/p>\n\n\n\n<p>As regards special schemes, some have been abolished following the pension reform:<\/p>\n\n\n\n<ul style=\"padding-right:var(--wp--preset--spacing--60);padding-left:var(--wp--preset--spacing--60)\" class=\"wp-block-list\">\n<li>Those of the R\u00e9gie Autonome des Transports Parisiens (RATP).<\/li>\n\n\n\n<li>Those of the electricity and gas industries (IEG).<\/li>\n\n\n\n<li>Clerks and employees of notaries (CRPCEN).<\/li>\n\n\n\n<li>Those of the Banque de France.<\/li>\n<\/ul>\n\n\n\n<p>However, this only applies to people recruited from 1 January.<sup>er<\/sup>&nbsp;September 2023, who will join the general scheme and the supplementary scheme for their activity<\/p>\n\n\n\n<h2 class=\"wp-block-heading\">How do you go about it?<\/h2>\n\n\n\n<ul style=\"padding-right:var(--wp--preset--spacing--60);padding-left:var(--wp--preset--spacing--60)\" class=\"wp-block-list\">\n<li><strong>Online at <a href=\"https:\/\/www.info-retraite.fr\/portail-services\/login\" target=\"_blank\" rel=\"noreferrer noopener\">Info Retraite\" portal<\/a> : <\/strong>\n<ul style=\"padding-right:var(--wp--preset--spacing--60);padding-left:var(--wp--preset--spacing--60)\" class=\"wp-block-list\">\n<li><strong>Simplified connection with FranceConnect<\/strong><br>The advantage of applying online is that you only have to make a single pension application for all the basic and supplementary schemes.<br>There are four stages in the application process, \n<ul style=\"padding-right:var(--wp--preset--spacing--60);padding-left:var(--wp--preset--spacing--60)\" class=\"wp-block-list\">\n<li>I connect to my personal space via <a href=\"https:\/\/www.info-retraite.fr\/portail-services\/login\" data-type=\"link\" data-id=\"https:\/\/franceconnect.gouv.fr\/\" target=\"_blank\" rel=\"noreferrer noopener\">FranceConnect.<\/a><\/li>\n\n\n\n<li>I'm applying for my pension under all my schemes.<\/li>\n\n\n\n<li>I complete and sign the pension application form.<\/li>\n\n\n\n<li>I enclose the supporting documents requested.<\/li>\n<\/ul>\n<\/li>\n\n\n\n<li style=\"padding-top:var(--wp--preset--spacing--30);padding-bottom:var(--wp--preset--spacing--30)\"><strong>Login without FranceConnect<\/strong> with your Social Security number and password.<br>It does not give you access to all services, but to a limited range.<\/li>\n<\/ul>\n<\/li>\n\n\n\n<li><strong>By post to all the various pension bodies.<\/strong><\/li>\n<\/ul>\n\n\n\n<div style=\"height:19px\" aria-hidden=\"true\" class=\"wp-block-spacer\"><\/div>\n\n\n\n<p>Once these steps have been completed, an adviser from each scheme will examine your file, contact you if necessary and determine your pension entitlement.<\/p>\n\n\n\n<h3 class=\"wp-block-heading\">Documents to be provided : <\/h3>\n\n\n\n<p>Depending on the applicant's situation and the funds, the documents to be produced when applying for a pension are generally as follows:<\/p>\n\n\n\n<ul style=\"padding-right:var(--wp--preset--spacing--60);padding-left:var(--wp--preset--spacing--60)\" class=\"wp-block-list\">\n<li>Photocopy of pay slips for the last year of employment.<\/li>\n\n\n\n<li>Photocopy of the applicant's identity document.<\/li>\n\n\n\n<li>Photocopy of latest tax assessment.<\/li>\n\n\n\n<li>Bank details (RIB).<\/li>\n\n\n\n<li>Photocopy of the family record book, if the applicant has children.<\/li>\n\n\n\n<li>Copies of certificates from France Travail (formerly P\u00f4le emploi) for periods of unemployment<\/li>\n<\/ul>\n\n\n\n<div style=\"height:27px\" aria-hidden=\"true\" class=\"wp-block-spacer\"><\/div>\n\n\n\n<p>To help you gather your documents: <\/p>\n\n\n\n<ul style=\"padding-right:var(--wp--preset--spacing--60);padding-left:var(--wp--preset--spacing--60)\" class=\"wp-block-list\">\n<li><a href=\"https:\/\/mairie-montataire.fr\/en\/app\/uploads\/2024\/07\/cerfa-demande-de-retraite-S-5135k_NAT_PUB_WEB_2020.01.pdf\/\" target=\"_blank\" rel=\"noreferrer noopener\">Notice - Single application for a personal pension for all your activities covered by: the religious services scheme \/ the pension insurance scheme (employees and self-employed workers) \/ the agricultural scheme<\/a><\/li>\n<\/ul>\n\n\n\n<div style=\"height:27px\" aria-hidden=\"true\" class=\"wp-block-spacer\"><\/div>\n\n\n\n<p>Other documents :<\/p>\n\n\n\n<ul style=\"padding-right:var(--wp--preset--spacing--60);padding-left:var(--wp--preset--spacing--60)\" class=\"wp-block-list\">\n<li><a href=\"https:\/\/mairie-montataire.fr\/en\/app\/uploads\/2024\/07\/Formulaire_demande_de_retraite_complementaire_agirc-arrco.pdf\/\" target=\"_blank\" rel=\"noreferrer noopener\">Applying for supplementary pension <strong>Agirc-Arrco<\/strong><\/a><\/li>\n<\/ul>\n\n\n\n<h2 class=\"wp-block-heading\">Deadlines<\/h2>\n\n\n\n<p>You must apply for retirement between 4 and 5 months before the desired retirement date.<\/p>\n\n\n\n<h2 class=\"wp-block-heading\">Contacts<\/h2>\n\n\n\n<p><strong>Pension insurance<\/strong><br><a href=\"tel:3960\">3960<\/a><br><br><a href=\"https:\/\/services.info-retraite.fr\" target=\"_blank\" rel=\"noreferrer noopener\">services.info-retraite.fr<\/a><br><a href=\"https:\/\/carsat-hdf.fr\/home.html\" target=\"_blank\" rel=\"noreferrer noopener\">carsat-hdf.fr<\/a><br><br><strong>By post <\/strong><br>CARSAT Hauts de France <em>(Aisne 02, Nord 59, Oise 60, Pas de Calais 62, La somme 80)<\/em><br>11, all\u00e9e Vauban - 59662 Villeneuve d'Ascq Cedex - France<\/p>","protected":false},"featured_media":0,"template":"","meta":{"_acf_changed":false,"_uag_custom_page_level_css":""},"online-approach-category":[17],"class_list":["post-971","online-approach","type-online-approach","status-publish","hentry","online-approach-category-centre-communal-daction-sociale-ccas"],"acf":[],"uagb_featured_image_src":{"full":false,"thumbnail":false,"medium":false,"medium_large":false,"large":false,"1536x1536":false,"2048x2048":false,"trp-custom-language-flag":false,"gform-image-choice-sm":false,"gform-image-choice-md":false,"gform-image-choice-lg":false},"uagb_author_info":{"display_name":"Laure Pubert","author_link":"https:\/\/mairie-montataire.fr\/en\/actualites\/author\/"},"uagb_comment_info":0,"uagb_excerpt":"Demande de retraite personnelle \u00c0 l\u2019\u00e2ge de la retraite et fonction de sa situation le salari\u00e9 peut d\u00e9poser une demande de retraite pour l\u2019ensemble des organismes afin de percevoir des ressources. Autres Avant de partir \u00e0 la retraite, il est n\u00e9cessaire de bien s\u2019informer. \u00c0 commencer par l\u2019\u00e2ge l\u00e9gal de d\u00e9part, fix\u00e9 \u00e0 64 ou&hellip;","_links":{"self":[{"href":"https:\/\/mairie-montataire.fr\/en\/wp-json\/wp\/v2\/online-approach\/971","targetHints":{"allow":["GET"]}}],"collection":[{"href":"https:\/\/mairie-montataire.fr\/en\/wp-json\/wp\/v2\/online-approach"}],"about":[{"href":"https:\/\/mairie-montataire.fr\/en\/wp-json\/wp\/v2\/types\/online-approach"}],"wp:attachment":[{"href":"https:\/\/mairie-montataire.fr\/en\/wp-json\/wp\/v2\/media?parent=971"}],"wp:term":[{"taxonomy":"online-approach-category","embeddable":true,"href":"https:\/\/mairie-montataire.fr\/en\/wp-json\/wp\/v2\/online-approach-category?post=971"}],"curies":[{"name":"wp","href":"https:\/\/api.w.org\/{rel}","templated":true}]}}

<h2 class="wp-block-heading">Applying for a personal pension</h2>



<p><strong>At retirement age, depending on their situation, employees can apply to all pension bodies for a pension in order to receive income.</strong></p>



<h3 class="wp-block-heading">Other</h3>



<p><strong>Before you retire, you need to be well informed.</strong></p>



<p>Starting with the<a href="https://www.info-retraite.fr/portail-info/sites/PortailInformationnel/home/reforme-des-retraites/reforme-des-retraites---age-le-1.html" target="_blank" rel="noreferrer noopener">legal retirement age</a>This will be set at 64 or 65 since the pension reform of 2023.</p>



<div style="height:24px" aria-hidden="true" class="wp-block-spacer"></div>



<p><strong>Early retirement</strong></p>



<p>Another condition to be taken into account is the retirement of the employee.&nbsp;<a href="https://www.info-retraite.fr/portail-info/sites/PortailInformationnel/home/reforme-des-retraites---depart-a.html" target="_blank" rel="noreferrer noopener">early retirement</a>. Some people benefit, for example, as part of :</p>



<ul style="padding-right:var(--wp--preset--spacing--60);padding-left:var(--wp--preset--spacing--60)" class="wp-block-list">
<li>A long career;</li>



<li>A disability ;</li>



<li>Permanent disability;</li>



<li>Exposure to asbestos during their working life.</li>
</ul>



<p><strong>Taking account of special pension schemes</strong></p>



<p>As regards special schemes, some have been abolished following the pension reform:</p>



<ul style="padding-right:var(--wp--preset--spacing--60);padding-left:var(--wp--preset--spacing--60)" class="wp-block-list">
<li>Those of the Régie Autonome des Transports Parisiens (RATP).</li>



<li>Those of the electricity and gas industries (IEG).</li>



<li>Clerks and employees of notaries (CRPCEN).</li>



<li>Those of the Banque de France.</li>
</ul>



<p>However, this only applies to people recruited from 1 January.<sup>er</sup>&nbsp;September 2023, who will join the general scheme and the supplementary scheme for their activity</p>



<h2 class="wp-block-heading">How do you go about it?</h2>



<ul style="padding-right:var(--wp--preset--spacing--60);padding-left:var(--wp--preset--spacing--60)" class="wp-block-list">
<li><strong>Online at <a href="https://www.info-retraite.fr/portail-services/login" target="_blank" rel="noreferrer noopener">Info Retraite" portal</a> : </strong>
<ul style="padding-right:var(--wp--preset--spacing--60);padding-left:var(--wp--preset--spacing--60)" class="wp-block-list">
<li><strong>Simplified connection with FranceConnect</strong><br>The advantage of applying online is that you only have to make a single pension application for all the basic and supplementary schemes.<br>There are four stages in the application process, 
<ul style="padding-right:var(--wp--preset--spacing--60);padding-left:var(--wp--preset--spacing--60)" class="wp-block-list">
<li>I connect to my personal space via <a href="https://www.info-retraite.fr/portail-services/login" data-type="link" data-id="https://franceconnect.gouv.fr/" target="_blank" rel="noreferrer noopener">FranceConnect.</a></li>



<li>I'm applying for my pension under all my schemes.</li>



<li>I complete and sign the pension application form.</li>



<li>I enclose the supporting documents requested.</li>
</ul>
</li>



<li style="padding-top:var(--wp--preset--spacing--30);padding-bottom:var(--wp--preset--spacing--30)"><strong>Login without FranceConnect</strong> with your Social Security number and password.<br>It does not give you access to all services, but to a limited range.</li>
</ul>
</li>



<li><strong>By post to all the various pension bodies.</strong></li>
</ul>



<div style="height:19px" aria-hidden="true" class="wp-block-spacer"></div>



<p>Once these steps have been completed, an adviser from each scheme will examine your file, contact you if necessary and determine your pension entitlement.</p>



<h3 class="wp-block-heading">Documents to be provided : </h3>



<p>Depending on the applicant's situation and the funds, the documents to be produced when applying for a pension are generally as follows:</p>



<ul style="padding-right:var(--wp--preset--spacing--60);padding-left:var(--wp--preset--spacing--60)" class="wp-block-list">
<li>Photocopy of pay slips for the last year of employment.</li>



<li>Photocopy of the applicant's identity document.</li>



<li>Photocopy of latest tax assessment.</li>



<li>Bank details (RIB).</li>



<li>Photocopy of the family record book, if the applicant has children.</li>



<li>Copies of certificates from France Travail (formerly Pôle emploi) for periods of unemployment</li>
</ul>



<div style="height:27px" aria-hidden="true" class="wp-block-spacer"></div>



<p>To help you gather your documents: </p>



<ul style="padding-right:var(--wp--preset--spacing--60);padding-left:var(--wp--preset--spacing--60)" class="wp-block-list">
<li><a href="https://mairie-montataire.fr/en/app/uploads/2024/07/cerfa-demande-de-retraite-S-5135k_NAT_PUB_WEB_2020.01.pdf/" target="_blank" rel="noreferrer noopener">Notice - Single application for a personal pension for all your activities covered by: the religious services scheme / the pension insurance scheme (employees and self-employed workers) / the agricultural scheme</a></li>
</ul>



<div style="height:27px" aria-hidden="true" class="wp-block-spacer"></div>



<p>Other documents :</p>



<ul style="padding-right:var(--wp--preset--spacing--60);padding-left:var(--wp--preset--spacing--60)" class="wp-block-list">
<li><a href="https://mairie-montataire.fr/en/app/uploads/2024/07/Formulaire_demande_de_retraite_complementaire_agirc-arrco.pdf/" target="_blank" rel="noreferrer noopener">Applying for supplementary pension <strong>Agirc-Arrco</strong></a></li>
</ul>



<h2 class="wp-block-heading">Deadlines</h2>



<p>You must apply for retirement between 4 and 5 months before the desired retirement date.</p>



<h2 class="wp-block-heading">Contacts</h2>



<p><strong>Pension insurance</strong><br><a href="tel:3960">3960</a><br><br><a href="https://services.info-retraite.fr" target="_blank" rel="noreferrer noopener">services.info-retraite.fr</a><br><a href="https://carsat-hdf.fr/home.html" target="_blank" rel="noreferrer noopener">carsat-hdf.fr</a><br><br><strong>By post </strong><br>CARSAT Hauts de France <em>(Aisne 02, Nord 59, Oise 60, Pas de Calais 62, La somme 80)</em><br>11, allée Vauban - 59662 Villeneuve d'Ascq Cedex - France</p>

Demande de retraite personnelle À l’âge de la retraite et fonction de sa situation le salarié peut déposer une demande de retraite pour l’ensemble des organismes afin de percevoir des ressources. Autres Avant de partir à la retraite, il est nécessaire de bien s’informer. À commencer par l’âge légal de départ, fixé à 64 ou&hellip;
