{"id":648,"date":"2024-06-18T15:55:52","date_gmt":"2024-06-18T15:55:52","guid":{"rendered":"https:\/\/montataire.mentalworks.me\/?post_type=online-approach&#038;p=648"},"modified":"2024-09-06T09:23:53","modified_gmt":"2024-09-06T09:23:53","slug":"agglo-pass","status":"publish","type":"online-approach","link":"https:\/\/mairie-montataire.fr\/en\/demarches-en-ligne\/pass-agglo\/","title":{"rendered":"Agglo Pass"},"content":{"rendered":"<h2 class=\"wp-block-heading\">Agglo Pass<\/h2>\n\n\n\n<p><strong>The Communaut\u00e9 d'Agglom\u00e9ration Creil Sud Oise is keen to promote access to culture, leisure activities and sport for all local residents.<br><\/strong><br>For further information: <a href=\"https:\/\/www.creilsudoise.fr\/mon-passagglo\/?section=mon-passagglo\" target=\"_blank\" rel=\"noreferrer noopener\">creilsudoise.fr\/my-passagglo<\/a><\/p>\n\n\n\n<h2 class=\"wp-block-heading\">How do you go about it? <\/h2>\n\n\n\n<p>Go to the withdrawal points with the documents you need to provide:<\/p>\n\n\n\n<ul class=\"wp-block-list\">\n<li>The <strong>town halls<\/strong> from the 11 ACSO municipalities<\/li>\n\n\n\n<li><strong>Greater Creil Sud Oise<\/strong> <br><a href=\"https:\/\/www.google.fr\/maps\/dir\/\/24+Rue+de+la+Villageoise,+60100+Creil\/@49.2605956,2.4546292,17z\/data=!4m9!4m8!1m0!1m5!1m1!1s0x47e64bb96958dc49:0xc6fc736ad1adfd0d!2m2!1d2.4572041!2d49.2605921!3e0?entry=ttu&amp;g_ep=EgoyMDI0MDkwMi4xIKXMDSoASAFQAw%3D%3D\" target=\"_blank\" rel=\"noreferrer noopener\">24 rue de la Villageoise - 60100 Creil<\/a><br><a href=\"tel:03 44 64 74 74\">03 44 64 74 74<\/a><\/li>\n\n\n\n<li><strong>Jean-Pierre Besse multimedia library<br><\/strong><a href=\"https:\/\/www.google.fr\/maps\/dir\/\/346+Av.+L%C3%A9onard+de+Vinci,+60100+Creil\/@49.2576452,2.4501107,13.75z\/data=!4m9!4m8!1m0!1m5!1m1!1s0x47e64a01c22a7ed1:0xc15c15dd6dd3c57!2m2!1d2.4879697!2d49.2584368!3e0?entry=ttu&amp;g_ep=EgoyMDI0MDkwMi4xIKXMDSoASAFQAw%3D%3D\" target=\"_blank\" rel=\"noreferrer noopener\">346, av. L\u00e9onard de Vinci - 60100 Creil<\/a><br><a href=\"tel:03 44 29 51 80\">03 44 29 51 80<\/a><\/li>\n\n\n\n<li><strong>Villers-Saint-Paul Cultural Service <br><\/strong><a href=\"https:\/\/www.google.fr\/maps\/dir\/\/26+Bd+de+la+R%C3%A9publique,+60870+Villers-Saint-Paul\/@49.2924216,2.4300905,13.75z\/data=!4m9!4m8!1m0!1m5!1m1!1s0x47e64a65798f291f:0xdb75791ea759b394!2m2!1d2.4808125!2d49.2885343!3e0?entry=ttu&amp;g_ep=EgoyMDI0MDkwMi4xIKXMDSoASAFQAw%3D%3D\" target=\"_blank\" rel=\"noreferrer noopener\">26, bd. de la R\u00e9publique - 60870 Villers-Saint-Paul <\/a><br><a href=\"tel:03 44 74 04 92\">03 44 74 04 92<\/a><\/li>\n\n\n\n<li><strong>Trait d'Union in Villers-Saint-Paul Espace Pierre Perret<br><\/strong><a href=\"https:\/\/www.google.fr\/maps\/dir\/\/Cav%C3%A9e+des+Renards,+60870+Villers-Saint-Paul\/@49.2924309,2.4894791,15z\/data=!4m9!4m8!1m0!1m5!1m1!1s0x47e63586b40b4657:0x2d4a47520776182c!2m2!1d2.4997788!2d49.2924174!3e0?entry=ttu&amp;g_ep=EgoyMDI0MDkwMi4xIKXMDSoASAFQAw%3D%3D\" target=\"_blank\" rel=\"noreferrer noopener\">Cav\u00e9e des Renards - 60870 Villers-Saint-Paul <br><\/a><a href=\"tel:03 44 66 32 55\">03 44 66 32 55<\/a><\/li>\n<\/ul>\n\n\n\n<h3 class=\"wp-block-heading\">Documents to be provided :<\/h3>\n\n\n\n<ul style=\"padding-right:var(--wp--preset--spacing--60);padding-left:var(--wp--preset--spacing--60)\" class=\"wp-block-list\">\n<li>Identity card<\/li>\n\n\n\n<li>Proof of address less than 3 months old<\/li>\n\n\n\n<li>A recent passport photo<\/li>\n\n\n\n<li>A family record book for under-18s<\/li>\n<\/ul>\n\n\n\n<h2 class=\"wp-block-heading\">Price :<\/h2>\n\n\n\n<p>Free for all residents of the Creil Sud Oise conurbation<\/p>\n\n\n\n<h2 class=\"wp-block-heading\">Deadlines :<\/h2>\n\n\n\n<p><strong>Valid for 1 year from the date of issue and renewable each year at collection points.<\/strong><\/p>\n\n\n\n<h2 class=\"wp-block-heading\">Contacts:<\/h2>\n\n\n\n<p><a href=\"https:\/\/www.creilsudoise.fr\/\" target=\"_blank\" rel=\"noreferrer noopener\"><strong>Greater Creil Sud Oise<\/strong> <br><\/a><a href=\"https:\/\/www.google.fr\/maps\/dir\/\/24+Rue+de+la+Villageoise,+60100+Creil\/@49.2605956,2.4546292,17z\/data=!4m9!4m8!1m0!1m5!1m1!1s0x47e64bb96958dc49:0xc6fc736ad1adfd0d!2m2!1d2.4572041!2d49.2605921!3e0?entry=ttu&amp;g_ep=EgoyMDI0MDkwMi4xIKXMDSoASAFQAw%3D%3D\" target=\"_blank\" rel=\"noreferrer noopener\">24 rue de la Villageoise - 60100 Creil<\/a><br><a href=\"tel:03 44 64 74 74\">03 44 64 74 74<\/a><br><a href=\"mailto:contact@creilsudoise.fr\">contact@creilsudoise.fr<\/a><\/p>","protected":false},"featured_media":0,"template":"","meta":{"_acf_changed":false,"_uag_custom_page_level_css":""},"online-approach-category":[26],"class_list":["post-648","online-approach","type-online-approach","status-publish","hentry","online-approach-category-ma-rue-mon-quartier-ma-ville"],"acf":[],"uagb_featured_image_src":{"full":false,"thumbnail":false,"medium":false,"medium_large":false,"large":false,"1536x1536":false,"2048x2048":false,"trp-custom-language-flag":false,"gform-image-choice-sm":false,"gform-image-choice-md":false,"gform-image-choice-lg":false},"uagb_author_info":{"display_name":"Laure Pubert","author_link":"https:\/\/mairie-montataire.fr\/en\/actualites\/author\/"},"uagb_comment_info":0,"uagb_excerpt":"Pass&nbsp;\u2018Agglo La communaut\u00e9 d\u2019Agglom\u00e9ration Creil Sud Oise souhaite favoriser l\u2019acc\u00e8s \u00e0 la culture, aux loisirs &amp; \u00e0 la pratique sportive de tous les habitants du territoire.Pour plus d&rsquo;informations : creilsudoise.fr\/mon-passagglo Comment faire&nbsp;? Rendez vous dans les points de retraits avec les documents \u00e0 fournir&nbsp;: Documents \u00e0 fournir : Tarif&nbsp;: Gratuite pour tous les habitant\u00b7e\u00b7s de&hellip;","_links":{"self":[{"href":"https:\/\/mairie-montataire.fr\/en\/wp-json\/wp\/v2\/online-approach\/648","targetHints":{"allow":["GET"]}}],"collection":[{"href":"https:\/\/mairie-montataire.fr\/en\/wp-json\/wp\/v2\/online-approach"}],"about":[{"href":"https:\/\/mairie-montataire.fr\/en\/wp-json\/wp\/v2\/types\/online-approach"}],"wp:attachment":[{"href":"https:\/\/mairie-montataire.fr\/en\/wp-json\/wp\/v2\/media?parent=648"}],"wp:term":[{"taxonomy":"online-approach-category","embeddable":true,"href":"https:\/\/mairie-montataire.fr\/en\/wp-json\/wp\/v2\/online-approach-category?post=648"}],"curies":[{"name":"wp","href":"https:\/\/api.w.org\/{rel}","templated":true}]}}

<h2 class="wp-block-heading">Agglo Pass</h2>



<p><strong>The Communauté d'Agglomération Creil Sud Oise is keen to promote access to culture, leisure activities and sport for all local residents.<br></strong><br>For further information: <a href="https://www.creilsudoise.fr/mon-passagglo/?section=mon-passagglo" target="_blank" rel="noreferrer noopener">creilsudoise.fr/my-passagglo</a></p>



<h2 class="wp-block-heading">How do you go about it? </h2>



<p>Go to the withdrawal points with the documents you need to provide:</p>



<ul class="wp-block-list">
<li>The <strong>town halls</strong> from the 11 ACSO municipalities</li>



<li><strong>Greater Creil Sud Oise</strong> <br><a href="https://www.google.fr/maps/dir//24+Rue+de+la+Villageoise,+60100+Creil/@49.2605956,2.4546292,17z/data=!4m9!4m8!1m0!1m5!1m1!1s0x47e64bb96958dc49:0xc6fc736ad1adfd0d!2m2!1d2.4572041!2d49.2605921!3e0?entry=ttu&amp;g_ep=EgoyMDI0MDkwMi4xIKXMDSoASAFQAw%3D%3D" target="_blank" rel="noreferrer noopener">24 rue de la Villageoise - 60100 Creil</a><br><a href="tel:03 44 64 74 74">03 44 64 74 74</a></li>



<li><strong>Jean-Pierre Besse multimedia library<br></strong><a href="https://www.google.fr/maps/dir//346+Av.+L%C3%A9onard+de+Vinci,+60100+Creil/@49.2576452,2.4501107,13.75z/data=!4m9!4m8!1m0!1m5!1m1!1s0x47e64a01c22a7ed1:0xc15c15dd6dd3c57!2m2!1d2.4879697!2d49.2584368!3e0?entry=ttu&amp;g_ep=EgoyMDI0MDkwMi4xIKXMDSoASAFQAw%3D%3D" target="_blank" rel="noreferrer noopener">346, av. Léonard de Vinci - 60100 Creil</a><br><a href="tel:03 44 29 51 80">03 44 29 51 80</a></li>



<li><strong>Villers-Saint-Paul Cultural Service <br></strong><a href="https://www.google.fr/maps/dir//26+Bd+de+la+R%C3%A9publique,+60870+Villers-Saint-Paul/@49.2924216,2.4300905,13.75z/data=!4m9!4m8!1m0!1m5!1m1!1s0x47e64a65798f291f:0xdb75791ea759b394!2m2!1d2.4808125!2d49.2885343!3e0?entry=ttu&amp;g_ep=EgoyMDI0MDkwMi4xIKXMDSoASAFQAw%3D%3D" target="_blank" rel="noreferrer noopener">26, bd. de la République - 60870 Villers-Saint-Paul </a><br><a href="tel:03 44 74 04 92">03 44 74 04 92</a></li>



<li><strong>Trait d'Union in Villers-Saint-Paul Espace Pierre Perret<br></strong><a href="https://www.google.fr/maps/dir//Cav%C3%A9e+des+Renards,+60870+Villers-Saint-Paul/@49.2924309,2.4894791,15z/data=!4m9!4m8!1m0!1m5!1m1!1s0x47e63586b40b4657:0x2d4a47520776182c!2m2!1d2.4997788!2d49.2924174!3e0?entry=ttu&amp;g_ep=EgoyMDI0MDkwMi4xIKXMDSoASAFQAw%3D%3D" target="_blank" rel="noreferrer noopener">Cavée des Renards - 60870 Villers-Saint-Paul <br></a><a href="tel:03 44 66 32 55">03 44 66 32 55</a></li>
</ul>



<h3 class="wp-block-heading">Documents to be provided :</h3>



<ul style="padding-right:var(--wp--preset--spacing--60);padding-left:var(--wp--preset--spacing--60)" class="wp-block-list">
<li>Identity card</li>



<li>Proof of address less than 3 months old</li>



<li>A recent passport photo</li>



<li>A family record book for under-18s</li>
</ul>



<h2 class="wp-block-heading">Price :</h2>



<p>Free for all residents of the Creil Sud Oise conurbation</p>



<h2 class="wp-block-heading">Deadlines :</h2>



<p><strong>Valid for 1 year from the date of issue and renewable each year at collection points.</strong></p>



<h2 class="wp-block-heading">Contacts:</h2>



<p><a href="https://www.creilsudoise.fr/" target="_blank" rel="noreferrer noopener"><strong>Greater Creil Sud Oise</strong> <br></a><a href="https://www.google.fr/maps/dir//24+Rue+de+la+Villageoise,+60100+Creil/@49.2605956,2.4546292,17z/data=!4m9!4m8!1m0!1m5!1m1!1s0x47e64bb96958dc49:0xc6fc736ad1adfd0d!2m2!1d2.4572041!2d49.2605921!3e0?entry=ttu&amp;g_ep=EgoyMDI0MDkwMi4xIKXMDSoASAFQAw%3D%3D" target="_blank" rel="noreferrer noopener">24 rue de la Villageoise - 60100 Creil</a><br><a href="tel:03 44 64 74 74">03 44 64 74 74</a><br><a href="mailto:contact@creilsudoise.fr">contact@creilsudoise.fr</a></p>

Pass&nbsp;‘Agglo La communauté d’Agglomération Creil Sud Oise souhaite favoriser l’accès à la culture, aux loisirs &amp; à la pratique sportive de tous les habitants du territoire.Pour plus d&rsquo;informations : creilsudoise.fr/mon-passagglo Comment faire&nbsp;? Rendez vous dans les points de retraits avec les documents à fournir&nbsp;: Documents à fournir : Tarif&nbsp;: Gratuite pour tous les habitant·e·s de&hellip;
