{"id":8268,"date":"2026-08-27T08:00:00","date_gmt":"2026-08-27T08:00:00","guid":{"rendered":"https:\/\/mairie-montataire.fr\/?post_type=event&#038;p=8268"},"modified":"2026-08-05T09:17:22","modified_gmt":"2026-08-05T09:17:22","slug":"la-semaine-bleue-6","status":"publish","type":"event","link":"https:\/\/mairie-montataire.fr\/en\/agenda\/retraites\/la-semaine-bleue-6\/","title":{"rendered":"Blue Week"},"content":{"rendered":"<p class=\"wp-block-paragraph\">La Semaine bleue, semaine nationale d\u00e9di\u00e9e aux personnes retrait\u00e9s et \u00e2g\u00e9es, est organis\u00e9e chaque ann\u00e9e elle met en valeur la place essentielle des a\u00een\u00e9s dans notre soci\u00e9t\u00e9 et rappelle l\u2019importance des liens interg\u00e9n\u00e9rationnels.<\/p>\n\n\n\n<p class=\"wp-block-paragraph\">\u00c0 Montataire, un programme vari\u00e9 m\u00ealant activit\u00e9s physiques, bien-\u00eatre, culture, loisirs et d\u00e9couverte est propos\u00e9 pour l\u2019occasion en partenariat avec le lyc\u00e9e Andr\u00e9 Malraux, l\u2019associations Femmes solidaires et les services de la Ville du 5 au 10 octobre 2026.<\/p>\n\n\n\n<div style=\"height:39px\" aria-hidden=\"true\" class=\"wp-block-spacer\"><\/div>\n\n\n<div class=\"highlight\">\n                <div class=\"highlight__description\"><p style=\"text-align: center;\"><span style=\"color: #993300;\"><strong>ATTENTION<\/strong><\/span><br \/>\n<span style=\"color: #993300;\"><strong>Registration for Blue Week activities will take place at<\/strong><\/span><br \/>\n<span style=\"color: #993300;\"><strong>le jeudi 10 septembre \u00e0 partir de 14h \u00e0 la r\u00e9sidence Maurice Mignon.<\/strong><\/span><\/p>\n<\/div>\n    <\/div>\n\n\n<div style=\"height:39px\" aria-hidden=\"true\" class=\"wp-block-spacer\"><\/div>\n\n\n\n<h3 class=\"wp-block-heading has-text-align-center\">SAMEDI 10 OCTOBRE : <strong><strong>Cl\u00f4ture de la Semaine Bleue<\/strong><\/strong><\/h3>\n\n\n\n<p class=\"wp-block-paragraph\">La semaine s&rsquo;ach\u00e8vera au cin\u00e9ma Palace avec la com\u00e9die \u00ab Sherlock Holmes et la vall\u00e9e de Boscombe \u00bb, <strong>suivie d&rsquo;un moment convivial autour d\u2019un caf\u00e9.<\/strong><\/p>\n\n\n\n<h4 class=\"wp-block-heading\">Sherlock Holmes et le myst\u00e8re de la vall\u00e9e de Boscombe<\/h4>\n\n\n\n<p class=\"wp-block-paragraph\"><strong>Christophe Delort d&rsquo;apr\u00e8s une nouvelle d&rsquo;Arthur Conan Doyle<\/strong><\/p>\n\n\n\n<div class=\"wp-block-uagb-image aligncenter uagb-block-f67768a2 wp-block-uagb-image--layout-default wp-block-uagb-image--effect-static wp-block-uagb-image--align-center\"><figure class=\"wp-block-uagb-image__figure\"><img decoding=\"async\" src=\"https:\/\/mairie-montataire.fr\/app\/uploads\/2026\/08\/SherlockValle\u2560ueBoscombe_Photo5_@Le-Portrait-Parisien-1022x1024.jpeg\" alt=\"\" class=\"uag-image-8270\" width=\"1022\" height=\"1024\" title=\"SherlockValle\u2560\u00fceBoscombe_Photo5_@Le Portrait Parisien\" loading=\"lazy\" role=\"img\" \/><figcaption class=\"uagb-image-caption\">\u00a9Le Portrait Parisien<\/figcaption><\/figure><\/div>\n\n\n\n<div style=\"height:32px\" aria-hidden=\"true\" class=\"wp-block-spacer\"><\/div>\n\n\n\n<p class=\"wp-block-paragraph\">3 com\u00e9diens\u00b7nes, 9 personnages, 1 meurtrier !<\/p>\n\n\n\n<p class=\"wp-block-paragraph\"><em>Sherlock Holmes et le myst\u00e8re de la Vall\u00e9e de Boscombe<\/em> vous plonge dans l\u2019une des affaires les plus myst\u00e9rieuses du c\u00e9l\u00e8bre d\u00e9tective ! James McCarthy est accus\u00e9 du meurtre de son propre p\u00e8re et tout semble le d\u00e9signer coupable. Mais Sherlock Holmes, accompagn\u00e9 de son fid\u00e8le Dr Watson, n\u2019est jamais dupe des apparences.<\/p>\n\n\n\n<p class=\"wp-block-paragraph\">Entre interrogatoires saisissants, indices troublants et d\u00e9ductions spectaculaires, cette pi\u00e8ce offre un m\u00e9lange parfait de suspense et de com\u00e9die. Dr\u00f4le, dynamique et captivant, ce spectacle revisite avec brio l\u2019univers d\u2019Arthur Conan Doyle tout en y ajoutant une touche de modernit\u00e9. Une exp\u00e9rience th\u00e9\u00e2trale \u00e0 la fois intrigante et divertissante, qui a d\u00e9j\u00e0 conquis plus de 500\u2009000 spectateurs\u00b7trices\u2009!<\/p>\n\n\n\n<div style=\"height:19px\" aria-hidden=\"true\" class=\"wp-block-spacer\"><\/div>\n\n\n\n<figure class=\"wp-block-embed is-type-video is-provider-youtube wp-block-embed-youtube wp-embed-aspect-16-9 wp-has-aspect-ratio\"><div class=\"wp-block-embed__wrapper\">\n<script>document.addEventListener('DOMContentLoaded', function() {(tarteaucitron.job = tarteaucitron.job || []).push('youtube');});<\/script><div class=\"youtube_player\" videoid=\"XmYM_CPN0FY\" width=\"100%\" height=\"100%\" style=\"height:50vw\" theme=\"light\" rel=\"0\" controls=\"1\" showinfo=\"1\" autoplay=\"0\"><\/div>\n<\/div><\/figure>\n\n\n\n<div style=\"height:19px\" aria-hidden=\"true\" class=\"wp-block-spacer\"><\/div>\n\n\n\n<div class=\"wp-block-uagb-separator uagb-block-bf7086f3\"><div class=\"wp-block-uagb-separator__inner\" style=\"--my-background-image:\"><\/div><\/div>\n\n\n\n<h4 class=\"wp-block-heading\">Productions and endorsements<\/h4>\n\n\n\n<p class=\"wp-block-paragraph\"><strong>Authors :<\/strong> Arthur CONAN DOYLE, Christophe DELORT<br><strong>Artistes :<\/strong> Christophe, Jonathan Chaboissier ou Henri Rizk ou Jean Marc Guillaume, Karim Wallet ou Pauline Gardel ou Sidonie Groignet ou Aur\u00e9lie Vigent, Pierre Cachia, H\u00e9l\u00e8ne Roisin<br><strong>Directed by : <\/strong>Christophe DELORT<\/p>\n\n\n\n<p class=\"wp-block-paragraph\"><\/p>","protected":false},"featured_media":4292,"parent":0,"template":"","meta":{"_acf_changed":true,"_uag_custom_page_level_css":""},"event-theme":[99],"class_list":["post-8268","event","type-event","status-publish","has-post-thumbnail","hentry","event-theme-retraites"],"acf":[],"uagb_featured_image_src":{"full":["https:\/\/mairie-montataire.fr\/app\/uploads\/2024\/09\/Agenda_SemaineBleue24.jpg",450,335,false],"thumbnail":["https:\/\/mairie-montataire.fr\/app\/uploads\/2024\/09\/Agenda_SemaineBleue24-150x150.jpg",150,150,true],"medium":["https:\/\/mairie-montataire.fr\/app\/uploads\/2024\/09\/Agenda_SemaineBleue24-300x223.jpg",300,223,true],"medium_large":["https:\/\/mairie-montataire.fr\/app\/uploads\/2024\/09\/Agenda_SemaineBleue24.jpg",450,335,false],"large":["https:\/\/mairie-montataire.fr\/app\/uploads\/2024\/09\/Agenda_SemaineBleue24.jpg",450,335,false],"1536x1536":["https:\/\/mairie-montataire.fr\/app\/uploads\/2024\/09\/Agenda_SemaineBleue24.jpg",450,335,false],"2048x2048":["https:\/\/mairie-montataire.fr\/app\/uploads\/2024\/09\/Agenda_SemaineBleue24.jpg",450,335,false],"trp-custom-language-flag":["https:\/\/mairie-montataire.fr\/app\/uploads\/2024\/09\/Agenda_SemaineBleue24-16x12.jpg",16,12,true],"gform-image-choice-sm":["https:\/\/mairie-montataire.fr\/app\/uploads\/2024\/09\/Agenda_SemaineBleue24.jpg",300,223,false],"gform-image-choice-md":["https:\/\/mairie-montataire.fr\/app\/uploads\/2024\/09\/Agenda_SemaineBleue24.jpg",400,298,false],"gform-image-choice-lg":["https:\/\/mairie-montataire.fr\/app\/uploads\/2024\/09\/Agenda_SemaineBleue24.jpg",450,335,false]},"uagb_author_info":{"display_name":"Laure Pubert","author_link":"https:\/\/mairie-montataire.fr\/en\/actualites\/author\/"},"uagb_comment_info":0,"uagb_excerpt":"La Semaine bleue, semaine nationale d\u00e9di\u00e9e aux personnes retrait\u00e9s et \u00e2g\u00e9es, est organis\u00e9e chaque ann\u00e9e elle met en valeur la place essentielle des a\u00een\u00e9s dans notre soci\u00e9t\u00e9 et rappelle l\u2019importance des liens interg\u00e9n\u00e9rationnels. \u00c0 Montataire, un programme vari\u00e9 m\u00ealant activit\u00e9s physiques, bien-\u00eatre, culture, loisirs et d\u00e9couverte est propos\u00e9 pour l\u2019occasion en partenariat avec le lyc\u00e9e&hellip;","_links":{"self":[{"href":"https:\/\/mairie-montataire.fr\/en\/wp-json\/wp\/v2\/event\/8268","targetHints":{"allow":["GET"]}}],"collection":[{"href":"https:\/\/mairie-montataire.fr\/en\/wp-json\/wp\/v2\/event"}],"about":[{"href":"https:\/\/mairie-montataire.fr\/en\/wp-json\/wp\/v2\/types\/event"}],"wp:featuredmedia":[{"embeddable":true,"href":"https:\/\/mairie-montataire.fr\/en\/wp-json\/wp\/v2\/media\/4292"}],"wp:attachment":[{"href":"https:\/\/mairie-montataire.fr\/en\/wp-json\/wp\/v2\/media?parent=8268"}],"wp:term":[{"taxonomy":"event-theme","embeddable":true,"href":"https:\/\/mairie-montataire.fr\/en\/wp-json\/wp\/v2\/event-theme?post=8268"}],"curies":[{"name":"wp","href":"https:\/\/api.w.org\/{rel}","templated":true}]}}

<p class="wp-block-paragraph">La Semaine bleue, semaine nationale dédiée aux personnes retraités et âgées, est organisée chaque année elle met en valeur la place essentielle des aînés dans notre société et rappelle l’importance des liens intergénérationnels.</p>



<p class="wp-block-paragraph">À Montataire, un programme varié mêlant activités physiques, bien-être, culture, loisirs et découverte est proposé pour l’occasion en partenariat avec le lycée André Malraux, l’associations Femmes solidaires et les services de la Ville du 5 au 10 octobre 2026.</p>



<div style="height:39px" aria-hidden="true" class="wp-block-spacer"></div>


<div class="highlight">
                <div class="highlight__description"><p style="text-align: center;"><span style="color: #993300;"><strong>ATTENTION</strong></span><br />
<span style="color: #993300;"><strong>Registration for Blue Week activities will take place at</strong></span><br />
<span style="color: #993300;"><strong>le jeudi 10 septembre à partir de 14h à la résidence Maurice Mignon.</strong></span></p>
</div>
    </div>


<div style="height:39px" aria-hidden="true" class="wp-block-spacer"></div>



<h3 class="wp-block-heading has-text-align-center">SAMEDI 10 OCTOBRE : <strong><strong>Clôture de la Semaine Bleue</strong></strong></h3>



<p class="wp-block-paragraph">La semaine s&rsquo;achèvera au cinéma Palace avec la comédie « Sherlock Holmes et la vallée de Boscombe », <strong>suivie d&rsquo;un moment convivial autour d’un café.</strong></p>



<h4 class="wp-block-heading">Sherlock Holmes et le mystère de la vallée de Boscombe</h4>



<p class="wp-block-paragraph"><strong>Christophe Delort d&rsquo;après une nouvelle d&rsquo;Arthur Conan Doyle</strong></p>



<div class="wp-block-uagb-image aligncenter uagb-block-f67768a2 wp-block-uagb-image--layout-default wp-block-uagb-image--effect-static wp-block-uagb-image--align-center"><figure class="wp-block-uagb-image__figure"><img decoding="async" src="https://mairie-montataire.fr/app/uploads/2026/08/SherlockValle╠ueBoscombe_Photo5_@Le-Portrait-Parisien-1022x1024.jpeg" alt="" class="uag-image-8270" width="1022" height="1024" title="SherlockValle╠üeBoscombe_Photo5_@Le Portrait Parisien" loading="lazy" role="img" /><figcaption class="uagb-image-caption">©Le Portrait Parisien</figcaption></figure></div>



<div style="height:32px" aria-hidden="true" class="wp-block-spacer"></div>



<p class="wp-block-paragraph">3 comédiens·nes, 9 personnages, 1 meurtrier !</p>



<p class="wp-block-paragraph"><em>Sherlock Holmes et le mystère de la Vallée de Boscombe</em> vous plonge dans l’une des affaires les plus mystérieuses du célèbre détective ! James McCarthy est accusé du meurtre de son propre père et tout semble le désigner coupable. Mais Sherlock Holmes, accompagné de son fidèle Dr Watson, n’est jamais dupe des apparences.</p>



<p class="wp-block-paragraph">Entre interrogatoires saisissants, indices troublants et déductions spectaculaires, cette pièce offre un mélange parfait de suspense et de comédie. Drôle, dynamique et captivant, ce spectacle revisite avec brio l’univers d’Arthur Conan Doyle tout en y ajoutant une touche de modernité. Une expérience théâtrale à la fois intrigante et divertissante, qui a déjà conquis plus de 500 000 spectateurs·trices !</p>



<div style="height:19px" aria-hidden="true" class="wp-block-spacer"></div>



<figure class="wp-block-embed is-type-video is-provider-youtube wp-block-embed-youtube wp-embed-aspect-16-9 wp-has-aspect-ratio"><div class="wp-block-embed__wrapper">
<script>document.addEventListener('DOMContentLoaded', function() {(tarteaucitron.job = tarteaucitron.job || []).push('youtube');});</script><div class="youtube_player" videoid="XmYM_CPN0FY" width="100%" height="100%" style="height:50vw" theme="light" rel="0" controls="1" showinfo="1" autoplay="0"></div>
</div></figure>



<div style="height:19px" aria-hidden="true" class="wp-block-spacer"></div>



<div class="wp-block-uagb-separator uagb-block-bf7086f3"><div class="wp-block-uagb-separator__inner" style="--my-background-image:"></div></div>



<h4 class="wp-block-heading">Productions and endorsements</h4>



<p class="wp-block-paragraph"><strong>Authors :</strong> Arthur CONAN DOYLE, Christophe DELORT<br><strong>Artistes :</strong> Christophe, Jonathan Chaboissier ou Henri Rizk ou Jean Marc Guillaume, Karim Wallet ou Pauline Gardel ou Sidonie Groignet ou Aurélie Vigent, Pierre Cachia, Hélène Roisin<br><strong>Directed by : </strong>Christophe DELORT</p>



<p class="wp-block-paragraph"></p>

La Semaine bleue, semaine nationale dédiée aux personnes retraités et âgées, est organisée chaque année elle met en valeur la place essentielle des aînés dans notre société et rappelle l’importance des liens intergénérationnels. À Montataire, un programme varié mêlant activités physiques, bien-être, culture, loisirs et découverte est proposé pour l’occasion en partenariat avec le lycée&hellip;
