{"id":7798,"date":"2026-04-10T08:05:20","date_gmt":"2026-04-10T08:05:20","guid":{"rendered":"https:\/\/mairie-montataire.fr\/?post_type=event&#038;p=7798"},"modified":"2026-04-10T08:07:46","modified_gmt":"2026-04-10T08:07:46","slug":"mbb-spring-flea-market","status":"publish","type":"event","link":"https:\/\/mairie-montataire.fr\/en\/agenda\/vie-associative\/brocante-de-lascension-mbb\/","title":{"rendered":"Brocante de l'Ascension - MBB"},"content":{"rendered":"<div class=\"wp-block-columns is-layout-flex wp-container-core-columns-is-layout-9d6595d7 wp-block-columns-is-layout-flex\">\n<div class=\"wp-block-column is-layout-flow wp-block-column-is-layout-flow\" style=\"flex-basis:33.33%\">\n<div class=\"wp-block-uagb-image uagb-block-8181703c wp-block-uagb-image--layout-default wp-block-uagb-image--effect-static wp-block-uagb-image--align-none\"><figure class=\"wp-block-uagb-image__figure\"><img decoding=\"async\" srcset=\"https:\/\/mairie-montataire.fr\/app\/uploads\/2026\/04\/aff_brocante-ascension-2026_V2-724x1024.png ,https:\/\/mairie-montataire.fr\/app\/uploads\/2026\/04\/aff_brocante-ascension-2026_V2-scaled.png 780w, https:\/\/mairie-montataire.fr\/app\/uploads\/2026\/04\/aff_brocante-ascension-2026_V2-scaled.png 360w\" sizes=\"auto, (max-width: 480px) 150px\" src=\"https:\/\/mairie-montataire.fr\/app\/uploads\/2026\/04\/aff_brocante-ascension-2026_V2-724x1024.png\" alt=\"\" class=\"uag-image-7799\" width=\"724\" height=\"1024\" title=\"aff_brocante ascension 2026_V2\" loading=\"lazy\" role=\"img\"\/><\/figure><\/div>\n<\/div>\n\n\n\n<div class=\"wp-block-column is-layout-flow wp-block-column-is-layout-flow\" style=\"flex-basis:66.66%\">\n<p>The flea market is organised by the association <a href=\"https:\/\/mairie-montataire.fr\/en\/directories\/associations\/sport\/montataire-basketball-mbb\/\">Montataire Basket-Ball<\/a>. It covers the Place de la Mairie, Rue de la R\u00e9publique and Parc Marcel Cachin.<\/p>\n\n\n\n<p>Registration takes place on Fridays 17, 24 and Thursday 30 April from 6pm to 7.30pm and on Saturdays 2 and 9 May from 10.30am to 12pm at the Marcel Coene sports hall, avenue Guy M\u00f4quet.<\/p>\n\n\n\n<p><strong> <em>Please note: no pitches can be reserved on the day!<\/em><\/strong><\/p>\n\n\n\n<h3 class=\"wp-block-heading\">Prices :<\/h3>\n\n\n\n<ul class=\"wp-block-list\">\n<li style=\"font-style:normal;font-weight:400\"><strong>Montataire<\/strong> 5 per linear metre<\/li>\n\n\n\n<li style=\"font-style:normal;font-weight:400\"><strong>Outside<\/strong> 5.50 per linear metre<\/li>\n<\/ul>\n\n\n\n<p><strong>Contacts:<\/strong> 06 64 77 67 79 \/ brocantemontatairebb@gmail.com<\/p>\n\n\n\n<ul class=\"wp-block-list\">\n<li style=\"font-style:normal;font-weight:400\"><strong>Professionals<\/strong> 5.30 per linear metre (registration with Micha\u00ebl Dupuis - 06 15 11 77 04)<\/li>\n<\/ul>\n<\/div>\n<\/div>","protected":false},"featured_media":7800,"parent":0,"template":"","meta":{"_acf_changed":true,"_uag_custom_page_level_css":""},"event-theme":[73],"class_list":["post-7798","event","type-event","status-publish","has-post-thumbnail","hentry","event-theme-vie-associative"],"acf":[],"uagb_featured_image_src":{"full":["https:\/\/mairie-montataire.fr\/app\/uploads\/2026\/04\/Agenda_BrocanteAcsensionMBB.jpg",450,335,false],"thumbnail":["https:\/\/mairie-montataire.fr\/app\/uploads\/2026\/04\/Agenda_BrocanteAcsensionMBB-150x150.jpg",150,150,true],"medium":["https:\/\/mairie-montataire.fr\/app\/uploads\/2026\/04\/Agenda_BrocanteAcsensionMBB-300x223.jpg",300,223,true],"medium_large":["https:\/\/mairie-montataire.fr\/app\/uploads\/2026\/04\/Agenda_BrocanteAcsensionMBB.jpg",450,335,false],"large":["https:\/\/mairie-montataire.fr\/app\/uploads\/2026\/04\/Agenda_BrocanteAcsensionMBB.jpg",450,335,false],"1536x1536":["https:\/\/mairie-montataire.fr\/app\/uploads\/2026\/04\/Agenda_BrocanteAcsensionMBB.jpg",450,335,false],"2048x2048":["https:\/\/mairie-montataire.fr\/app\/uploads\/2026\/04\/Agenda_BrocanteAcsensionMBB.jpg",450,335,false],"trp-custom-language-flag":["https:\/\/mairie-montataire.fr\/app\/uploads\/2026\/04\/Agenda_BrocanteAcsensionMBB-16x12.jpg",16,12,true],"gform-image-choice-sm":["https:\/\/mairie-montataire.fr\/app\/uploads\/2026\/04\/Agenda_BrocanteAcsensionMBB.jpg",300,223,false],"gform-image-choice-md":["https:\/\/mairie-montataire.fr\/app\/uploads\/2026\/04\/Agenda_BrocanteAcsensionMBB.jpg",400,298,false],"gform-image-choice-lg":["https:\/\/mairie-montataire.fr\/app\/uploads\/2026\/04\/Agenda_BrocanteAcsensionMBB.jpg",450,335,false]},"uagb_author_info":{"display_name":"Laure Pubert","author_link":"https:\/\/mairie-montataire.fr\/en\/actualites\/author\/"},"uagb_comment_info":0,"uagb_excerpt":"La brocante est organis\u00e9e par l&rsquo;association Montataire Basket-Ball. Elle s&rsquo;\u00e9tend sur la place de la mairie, rue de la R\u00e9publique et le parc Marcel Cachin. Les inscriptions sont les vendredis 17, 24 et jeudi 30 avril de 18h \u00e0 19h30 et les samedis 2 et 9 mai de 10h30 \u00e0 12h \u00e0 la salle des&hellip;","_links":{"self":[{"href":"https:\/\/mairie-montataire.fr\/en\/wp-json\/wp\/v2\/event\/7798","targetHints":{"allow":["GET"]}}],"collection":[{"href":"https:\/\/mairie-montataire.fr\/en\/wp-json\/wp\/v2\/event"}],"about":[{"href":"https:\/\/mairie-montataire.fr\/en\/wp-json\/wp\/v2\/types\/event"}],"wp:featuredmedia":[{"embeddable":true,"href":"https:\/\/mairie-montataire.fr\/en\/wp-json\/wp\/v2\/media\/7800"}],"wp:attachment":[{"href":"https:\/\/mairie-montataire.fr\/en\/wp-json\/wp\/v2\/media?parent=7798"}],"wp:term":[{"taxonomy":"event-theme","embeddable":true,"href":"https:\/\/mairie-montataire.fr\/en\/wp-json\/wp\/v2\/event-theme?post=7798"}],"curies":[{"name":"wp","href":"https:\/\/api.w.org\/{rel}","templated":true}]}}

<div class="wp-block-columns is-layout-flex wp-container-core-columns-is-layout-9d6595d7 wp-block-columns-is-layout-flex">
<div class="wp-block-column is-layout-flow wp-block-column-is-layout-flow" style="flex-basis:33.33%">
<div class="wp-block-uagb-image uagb-block-8181703c wp-block-uagb-image--layout-default wp-block-uagb-image--effect-static wp-block-uagb-image--align-none"><figure class="wp-block-uagb-image__figure"><img decoding="async" srcset="https://mairie-montataire.fr/app/uploads/2026/04/aff_brocante-ascension-2026_V2-724x1024.png ,https://mairie-montataire.fr/app/uploads/2026/04/aff_brocante-ascension-2026_V2-scaled.png 780w, https://mairie-montataire.fr/app/uploads/2026/04/aff_brocante-ascension-2026_V2-scaled.png 360w" sizes="auto, (max-width: 480px) 150px" src="https://mairie-montataire.fr/app/uploads/2026/04/aff_brocante-ascension-2026_V2-724x1024.png" alt="" class="uag-image-7799" width="724" height="1024" title="aff_brocante ascension 2026_V2" loading="lazy" role="img"/></figure></div>
</div>



<div class="wp-block-column is-layout-flow wp-block-column-is-layout-flow" style="flex-basis:66.66%">
<p>The flea market is organised by the association <a href="https://mairie-montataire.fr/en/directories/associations/sport/montataire-basketball-mbb/">Montataire Basket-Ball</a>. It covers the Place de la Mairie, Rue de la République and Parc Marcel Cachin.</p>



<p>Registration takes place on Fridays 17, 24 and Thursday 30 April from 6pm to 7.30pm and on Saturdays 2 and 9 May from 10.30am to 12pm at the Marcel Coene sports hall, avenue Guy Môquet.</p>



<p><strong> <em>Please note: no pitches can be reserved on the day!</em></strong></p>



<h3 class="wp-block-heading">Prices :</h3>



<ul class="wp-block-list">
<li style="font-style:normal;font-weight:400"><strong>Montataire</strong> 5 per linear metre</li>



<li style="font-style:normal;font-weight:400"><strong>Outside</strong> 5.50 per linear metre</li>
</ul>



<p><strong>Contacts:</strong> 06 64 77 67 79 / brocantemontatairebb@gmail.com</p>



<ul class="wp-block-list">
<li style="font-style:normal;font-weight:400"><strong>Professionals</strong> 5.30 per linear metre (registration with Michaël Dupuis - 06 15 11 77 04)</li>
</ul>
</div>
</div>

La brocante est organisée par l&rsquo;association Montataire Basket-Ball. Elle s&rsquo;étend sur la place de la mairie, rue de la République et le parc Marcel Cachin. Les inscriptions sont les vendredis 17, 24 et jeudi 30 avril de 18h à 19h30 et les samedis 2 et 9 mai de 10h30 à 12h à la salle des&hellip;
