{"id":7750,"date":"2026-04-01T13:27:44","date_gmt":"2026-04-01T13:27:44","guid":{"rendered":"https:\/\/mairie-montataire.fr\/?post_type=event&#038;p=7750"},"modified":"2026-04-01T13:27:44","modified_gmt":"2026-04-01T13:27:44","slug":"un-cafe-des-idees-les-petits-dejeuners-des-martinets","status":"publish","type":"event","link":"https:\/\/mairie-montataire.fr\/en\/agenda\/rencontres\/un-cafe-des-idees-les-petits-dejeuners-des-martinets\/","title":{"rendered":"Would you like a coffee? We've got ideas! Martinets breakfasts"},"content":{"rendered":"<p>After the neighbourhood tables, here come the Martinets breakfasts! This is a time for participatory democracy, where we discuss your day-to-day problems and issues with you, but with an extra twist, as we present a number of topics in the process: <\/p>\n\n\n\n<ul class=\"wp-block-list\">\n<li>Find out more about the eco-pasturing project!<\/li>\n\n\n\n<li>Build the programme for the next Quartiers d'\u00e9t\u00e9! <\/li>\n<\/ul>\n\n\n\n<p><\/p>\n\n\n\n<div style=\"height:95px\" aria-hidden=\"true\" class=\"wp-block-spacer\"><\/div>\n\n\n\n<div class=\"wp-block-uagb-image uagb-block-7b9c1003 wp-block-uagb-image--layout-default wp-block-uagb-image--effect-static wp-block-uagb-image--align-none\"><figure class=\"wp-block-uagb-image__figure\"><img decoding=\"async\" srcset=\"https:\/\/mairie-montataire.fr\/app\/uploads\/2026\/04\/Aff-ptts-dej-quartiers-V2-HD-724x1024.png ,https:\/\/mairie-montataire.fr\/app\/uploads\/2026\/04\/Aff-ptts-dej-quartiers-V2-HD-scaled.png 780w, https:\/\/mairie-montataire.fr\/app\/uploads\/2026\/04\/Aff-ptts-dej-quartiers-V2-HD-scaled.png 360w\" sizes=\"auto, (max-width: 480px) 150px\" src=\"https:\/\/mairie-montataire.fr\/app\/uploads\/2026\/04\/Aff-ptts-dej-quartiers-V2-HD-724x1024.png\" alt=\"\" class=\"uag-image-7752\" width=\"724\" height=\"1024\" title=\"Aff ptts-dej quartiers V2 HD\" loading=\"lazy\" role=\"img\"\/><\/figure><\/div>","protected":false},"featured_media":7751,"parent":0,"template":"","meta":{"_acf_changed":true,"_uag_custom_page_level_css":""},"event-theme":[78],"class_list":["post-7750","event","type-event","status-publish","has-post-thumbnail","hentry","event-theme-rencontres"],"acf":[],"uagb_featured_image_src":{"full":["https:\/\/mairie-montataire.fr\/app\/uploads\/2026\/04\/Agenda_PetitDejPRU.jpg",450,335,false],"thumbnail":["https:\/\/mairie-montataire.fr\/app\/uploads\/2026\/04\/Agenda_PetitDejPRU-150x150.jpg",150,150,true],"medium":["https:\/\/mairie-montataire.fr\/app\/uploads\/2026\/04\/Agenda_PetitDejPRU-300x223.jpg",300,223,true],"medium_large":["https:\/\/mairie-montataire.fr\/app\/uploads\/2026\/04\/Agenda_PetitDejPRU.jpg",450,335,false],"large":["https:\/\/mairie-montataire.fr\/app\/uploads\/2026\/04\/Agenda_PetitDejPRU.jpg",450,335,false],"1536x1536":["https:\/\/mairie-montataire.fr\/app\/uploads\/2026\/04\/Agenda_PetitDejPRU.jpg",450,335,false],"2048x2048":["https:\/\/mairie-montataire.fr\/app\/uploads\/2026\/04\/Agenda_PetitDejPRU.jpg",450,335,false],"trp-custom-language-flag":["https:\/\/mairie-montataire.fr\/app\/uploads\/2026\/04\/Agenda_PetitDejPRU-16x12.jpg",16,12,true],"gform-image-choice-sm":["https:\/\/mairie-montataire.fr\/app\/uploads\/2026\/04\/Agenda_PetitDejPRU.jpg",300,223,false],"gform-image-choice-md":["https:\/\/mairie-montataire.fr\/app\/uploads\/2026\/04\/Agenda_PetitDejPRU.jpg",400,298,false],"gform-image-choice-lg":["https:\/\/mairie-montataire.fr\/app\/uploads\/2026\/04\/Agenda_PetitDejPRU.jpg",450,335,false]},"uagb_author_info":{"display_name":"Laure Pubert","author_link":"https:\/\/mairie-montataire.fr\/en\/actualites\/author\/"},"uagb_comment_info":0,"uagb_excerpt":"Apr\u00e8s les Tables de quartier, voici les petits d\u00e9jeuners des Martinets ! Moment de d\u00e9mocratie participative o\u00f9 on discute avec vous de vos probl\u00e9matiques et enjeux du quotidien, mais, avec un petit plus, car on vous pr\u00e9sente au passage des sujets :","_links":{"self":[{"href":"https:\/\/mairie-montataire.fr\/en\/wp-json\/wp\/v2\/event\/7750","targetHints":{"allow":["GET"]}}],"collection":[{"href":"https:\/\/mairie-montataire.fr\/en\/wp-json\/wp\/v2\/event"}],"about":[{"href":"https:\/\/mairie-montataire.fr\/en\/wp-json\/wp\/v2\/types\/event"}],"wp:featuredmedia":[{"embeddable":true,"href":"https:\/\/mairie-montataire.fr\/en\/wp-json\/wp\/v2\/media\/7751"}],"wp:attachment":[{"href":"https:\/\/mairie-montataire.fr\/en\/wp-json\/wp\/v2\/media?parent=7750"}],"wp:term":[{"taxonomy":"event-theme","embeddable":true,"href":"https:\/\/mairie-montataire.fr\/en\/wp-json\/wp\/v2\/event-theme?post=7750"}],"curies":[{"name":"wp","href":"https:\/\/api.w.org\/{rel}","templated":true}]}}

<p>After the neighbourhood tables, here come the Martinets breakfasts! This is a time for participatory democracy, where we discuss your day-to-day problems and issues with you, but with an extra twist, as we present a number of topics in the process: </p>



<ul class="wp-block-list">
<li>Find out more about the eco-pasturing project!</li>



<li>Build the programme for the next Quartiers d'été! </li>
</ul>



<p></p>



<div style="height:95px" aria-hidden="true" class="wp-block-spacer"></div>



<div class="wp-block-uagb-image uagb-block-7b9c1003 wp-block-uagb-image--layout-default wp-block-uagb-image--effect-static wp-block-uagb-image--align-none"><figure class="wp-block-uagb-image__figure"><img decoding="async" srcset="https://mairie-montataire.fr/app/uploads/2026/04/Aff-ptts-dej-quartiers-V2-HD-724x1024.png ,https://mairie-montataire.fr/app/uploads/2026/04/Aff-ptts-dej-quartiers-V2-HD-scaled.png 780w, https://mairie-montataire.fr/app/uploads/2026/04/Aff-ptts-dej-quartiers-V2-HD-scaled.png 360w" sizes="auto, (max-width: 480px) 150px" src="https://mairie-montataire.fr/app/uploads/2026/04/Aff-ptts-dej-quartiers-V2-HD-724x1024.png" alt="" class="uag-image-7752" width="724" height="1024" title="Aff ptts-dej quartiers V2 HD" loading="lazy" role="img"/></figure></div>

Après les Tables de quartier, voici les petits déjeuners des Martinets ! Moment de démocratie participative où on discute avec vous de vos problématiques et enjeux du quotidien, mais, avec un petit plus, car on vous présente au passage des sujets :
