{"id":7748,"date":"2026-04-01T13:03:34","date_gmt":"2026-04-01T13:03:34","guid":{"rendered":"https:\/\/mairie-montataire.fr\/?post_type=event&#038;p=7748"},"modified":"2026-04-01T13:03:34","modified_gmt":"2026-04-01T13:03:34","slug":"concert-by-ramzi-aburedwan-and-his-ensemble-dalouna","status":"publish","type":"event","link":"https:\/\/mairie-montataire.fr\/en\/agenda\/vie-associative\/concert-de-ramzi-aburedwan-et-son-ensemble-dalouna\/","title":{"rendered":"Concert by Ramzi Aburedwan and his Dal'Ouna Ensemble"},"content":{"rendered":"<p>Le <a href=\"https:\/\/mairie-montataire.fr\/en\/directories\/associations\/twinning-and-international\/montataire-dheisheh-twinning-committee\/\">Montataire-Dheisheh twinning committee<\/a> invites you to discover a musical universe from the East on Saturday 11 April at 8pm at the Palace. <\/p>\n\n\n\n<p><strong>Ramzi Aburedwan<\/strong> has created the\u2019<strong><a href=\"https:\/\/www.ziadbenyoussef.com\/dalouna\/\" target=\"_blank\" rel=\"noreferrer noopener\">Dal'Ouna Ensemble<\/a><\/strong> in 2000, named after typical Palestinian festive music, a music that sings and plays everyday life in Palestine. Through music that transcends borders, the group expresses the hopes of a welcoming people who love to live, laugh and sing.<\/p>\n\n\n\n<figure class=\"wp-block-embed is-type-video is-provider-youtube wp-block-embed-youtube wp-embed-aspect-16-9 wp-has-aspect-ratio\"><div class=\"wp-block-embed__wrapper\">\n<script>document.addEventListener('DOMContentLoaded', function() {(tarteaucitron.job = tarteaucitron.job || []).push('youtube');});<\/script><div class=\"youtube_player\" videoid=\"2-ljLq2mk_c\" width=\"100%\" height=\"100%\" style=\"height:50vw\" theme=\"light\" rel=\"0\" controls=\"1\" showinfo=\"1\" autoplay=\"0\"><\/div>\n<\/div><\/figure>\n\n\n\n<p><\/p>","protected":false},"featured_media":7749,"parent":0,"template":"","meta":{"_acf_changed":true,"_uag_custom_page_level_css":""},"event-theme":[73],"class_list":["post-7748","event","type-event","status-publish","has-post-thumbnail","hentry","event-theme-vie-associative"],"acf":[],"uagb_featured_image_src":{"full":["https:\/\/mairie-montataire.fr\/app\/uploads\/2026\/04\/Agenda_ConcertJumelage.jpg",450,335,false],"thumbnail":["https:\/\/mairie-montataire.fr\/app\/uploads\/2026\/04\/Agenda_ConcertJumelage-150x150.jpg",150,150,true],"medium":["https:\/\/mairie-montataire.fr\/app\/uploads\/2026\/04\/Agenda_ConcertJumelage-300x223.jpg",300,223,true],"medium_large":["https:\/\/mairie-montataire.fr\/app\/uploads\/2026\/04\/Agenda_ConcertJumelage.jpg",450,335,false],"large":["https:\/\/mairie-montataire.fr\/app\/uploads\/2026\/04\/Agenda_ConcertJumelage.jpg",450,335,false],"1536x1536":["https:\/\/mairie-montataire.fr\/app\/uploads\/2026\/04\/Agenda_ConcertJumelage.jpg",450,335,false],"2048x2048":["https:\/\/mairie-montataire.fr\/app\/uploads\/2026\/04\/Agenda_ConcertJumelage.jpg",450,335,false],"trp-custom-language-flag":["https:\/\/mairie-montataire.fr\/app\/uploads\/2026\/04\/Agenda_ConcertJumelage-16x12.jpg",16,12,true],"gform-image-choice-sm":["https:\/\/mairie-montataire.fr\/app\/uploads\/2026\/04\/Agenda_ConcertJumelage.jpg",300,223,false],"gform-image-choice-md":["https:\/\/mairie-montataire.fr\/app\/uploads\/2026\/04\/Agenda_ConcertJumelage.jpg",400,298,false],"gform-image-choice-lg":["https:\/\/mairie-montataire.fr\/app\/uploads\/2026\/04\/Agenda_ConcertJumelage.jpg",450,335,false]},"uagb_author_info":{"display_name":"Laure Pubert","author_link":"https:\/\/mairie-montataire.fr\/en\/actualites\/author\/"},"uagb_comment_info":0,"uagb_excerpt":"Le comit\u00e9 de jumelage Montataire-Dheisheh vous propose de d\u00e9couvrir un univers musical du levant le samedi 11 avril \u00e0 20h au Palace. Ramzi Aburedwan a cr\u00e9e l\u2019Ensemble Dal\u2019Ouna en 2000, du nom de la musique festive typique palestinienne, une musique qui chante et joue la vie quotidienne en Palestine. Gr\u00e2ce \u00e0 la musique qui transcende&hellip;","_links":{"self":[{"href":"https:\/\/mairie-montataire.fr\/en\/wp-json\/wp\/v2\/event\/7748","targetHints":{"allow":["GET"]}}],"collection":[{"href":"https:\/\/mairie-montataire.fr\/en\/wp-json\/wp\/v2\/event"}],"about":[{"href":"https:\/\/mairie-montataire.fr\/en\/wp-json\/wp\/v2\/types\/event"}],"wp:featuredmedia":[{"embeddable":true,"href":"https:\/\/mairie-montataire.fr\/en\/wp-json\/wp\/v2\/media\/7749"}],"wp:attachment":[{"href":"https:\/\/mairie-montataire.fr\/en\/wp-json\/wp\/v2\/media?parent=7748"}],"wp:term":[{"taxonomy":"event-theme","embeddable":true,"href":"https:\/\/mairie-montataire.fr\/en\/wp-json\/wp\/v2\/event-theme?post=7748"}],"curies":[{"name":"wp","href":"https:\/\/api.w.org\/{rel}","templated":true}]}}

Le comité de jumelage Montataire-Dheisheh vous propose de découvrir un univers musical du levant le samedi 11 avril à 20h au Palace. Ramzi Aburedwan a crée l’Ensemble Dal’Ouna en 2000, du nom de la musique festive typique palestinienne, une musique qui chante et joue la vie quotidienne en Palestine. Grâce à la musique qui transcende&hellip;
