{"id":7738,"date":"2026-03-26T15:58:26","date_gmt":"2026-03-26T15:58:26","guid":{"rendered":"https:\/\/mairie-montataire.fr\/?post_type=event&#038;p=7738"},"modified":"2026-03-26T15:58:26","modified_gmt":"2026-03-26T15:58:26","slug":"jacques-decour-playground-gets-a-makeover-thanks-to-your-ideas","status":"publish","type":"event","link":"https:\/\/mairie-montataire.fr\/en\/agenda\/rencontres\/laire-de-jeux-jacques-decour-se-renove-grace-a-vos-idees\/","title":{"rendered":"The Jacques Decour playground is being renovated thanks to your ideas!"},"content":{"rendered":"<p>At a neighbourhood meeting on rue Jacques Decour, local residents called for the play area to be renovated to make it more attractive and child-friendly.<\/p>\n\n\n\n<p>The town wanted to take inspiration from the ideas of the first users: children! To this end, during the Quartiers d'\u00c9t\u00e9 2025 event, Montataire organised a drawing workshop. This creative activity was led by Montataire artist Amine Berhila. The children who took part were asked to draw their ideal playground.<\/p>\n\n\n\n<p><strong>The town will be presenting the project on 31 March from 4.30pm at the Jacques Decour playground!<\/strong><\/p>\n\n\n\n<div class=\"wp-block-uagb-image aligncenter uagb-block-637f0013 wp-block-uagb-image--layout-default wp-block-uagb-image--effect-static wp-block-uagb-image--align-center\"><figure class=\"wp-block-uagb-image__figure\"><img decoding=\"async\" srcset=\"https:\/\/mairie-montataire.fr\/app\/uploads\/2026\/03\/Affiches-aire-de-jeux-V3-HD-724x1024.png ,https:\/\/mairie-montataire.fr\/app\/uploads\/2026\/03\/Affiches-aire-de-jeux-V3-HD-scaled.png 780w, https:\/\/mairie-montataire.fr\/app\/uploads\/2026\/03\/Affiches-aire-de-jeux-V3-HD-scaled.png 360w\" sizes=\"auto, (max-width: 480px) 150px\" src=\"https:\/\/mairie-montataire.fr\/app\/uploads\/2026\/03\/Affiches-aire-de-jeux-V3-HD-724x1024.png\" alt=\"\" class=\"uag-image-7739\" width=\"724\" height=\"1024\" title=\"V3 HD playground posters\" loading=\"lazy\" role=\"img\"\/><\/figure><\/div>","protected":false},"featured_media":7740,"parent":0,"template":"","meta":{"_acf_changed":true,"_uag_custom_page_level_css":""},"event-theme":[78],"class_list":["post-7738","event","type-event","status-publish","has-post-thumbnail","hentry","event-theme-rencontres"],"acf":[],"uagb_featured_image_src":{"full":["https:\/\/mairie-montataire.fr\/app\/uploads\/2026\/03\/Actu_AiredeJeuxJacquesDecour.jpg",450,335,false],"thumbnail":["https:\/\/mairie-montataire.fr\/app\/uploads\/2026\/03\/Actu_AiredeJeuxJacquesDecour-150x150.jpg",150,150,true],"medium":["https:\/\/mairie-montataire.fr\/app\/uploads\/2026\/03\/Actu_AiredeJeuxJacquesDecour-300x223.jpg",300,223,true],"medium_large":["https:\/\/mairie-montataire.fr\/app\/uploads\/2026\/03\/Actu_AiredeJeuxJacquesDecour.jpg",450,335,false],"large":["https:\/\/mairie-montataire.fr\/app\/uploads\/2026\/03\/Actu_AiredeJeuxJacquesDecour.jpg",450,335,false],"1536x1536":["https:\/\/mairie-montataire.fr\/app\/uploads\/2026\/03\/Actu_AiredeJeuxJacquesDecour.jpg",450,335,false],"2048x2048":["https:\/\/mairie-montataire.fr\/app\/uploads\/2026\/03\/Actu_AiredeJeuxJacquesDecour.jpg",450,335,false],"trp-custom-language-flag":["https:\/\/mairie-montataire.fr\/app\/uploads\/2026\/03\/Actu_AiredeJeuxJacquesDecour-16x12.jpg",16,12,true],"gform-image-choice-sm":["https:\/\/mairie-montataire.fr\/app\/uploads\/2026\/03\/Actu_AiredeJeuxJacquesDecour.jpg",300,223,false],"gform-image-choice-md":["https:\/\/mairie-montataire.fr\/app\/uploads\/2026\/03\/Actu_AiredeJeuxJacquesDecour.jpg",400,298,false],"gform-image-choice-lg":["https:\/\/mairie-montataire.fr\/app\/uploads\/2026\/03\/Actu_AiredeJeuxJacquesDecour.jpg",450,335,false]},"uagb_author_info":{"display_name":"Laure Pubert","author_link":"https:\/\/mairie-montataire.fr\/en\/actualites\/author\/"},"uagb_comment_info":0,"uagb_excerpt":"Lors d\u2019une table de quartier sur la rue Jacques Decour, des habitants et habitantes du quartier ont demand\u00e9 \u00e0 ce que l\u2019aire de jeux situ\u00e9e \u00e0 cet endroit soit r\u00e9nov\u00e9e pour \u00eatre plus attractive et plus adapt\u00e9e aux enfants. La Ville a souhait\u00e9 s\u2019inspirer des id\u00e9es des premiers utilisateurs : les enfants ! Pour cela,&hellip;","_links":{"self":[{"href":"https:\/\/mairie-montataire.fr\/en\/wp-json\/wp\/v2\/event\/7738","targetHints":{"allow":["GET"]}}],"collection":[{"href":"https:\/\/mairie-montataire.fr\/en\/wp-json\/wp\/v2\/event"}],"about":[{"href":"https:\/\/mairie-montataire.fr\/en\/wp-json\/wp\/v2\/types\/event"}],"wp:featuredmedia":[{"embeddable":true,"href":"https:\/\/mairie-montataire.fr\/en\/wp-json\/wp\/v2\/media\/7740"}],"wp:attachment":[{"href":"https:\/\/mairie-montataire.fr\/en\/wp-json\/wp\/v2\/media?parent=7738"}],"wp:term":[{"taxonomy":"event-theme","embeddable":true,"href":"https:\/\/mairie-montataire.fr\/en\/wp-json\/wp\/v2\/event-theme?post=7738"}],"curies":[{"name":"wp","href":"https:\/\/api.w.org\/{rel}","templated":true}]}}

<p>At a neighbourhood meeting on rue Jacques Decour, local residents called for the play area to be renovated to make it more attractive and child-friendly.</p>



<p>The town wanted to take inspiration from the ideas of the first users: children! To this end, during the Quartiers d'Été 2025 event, Montataire organised a drawing workshop. This creative activity was led by Montataire artist Amine Berhila. The children who took part were asked to draw their ideal playground.</p>



<p><strong>The town will be presenting the project on 31 March from 4.30pm at the Jacques Decour playground!</strong></p>



<div class="wp-block-uagb-image aligncenter uagb-block-637f0013 wp-block-uagb-image--layout-default wp-block-uagb-image--effect-static wp-block-uagb-image--align-center"><figure class="wp-block-uagb-image__figure"><img decoding="async" srcset="https://mairie-montataire.fr/app/uploads/2026/03/Affiches-aire-de-jeux-V3-HD-724x1024.png ,https://mairie-montataire.fr/app/uploads/2026/03/Affiches-aire-de-jeux-V3-HD-scaled.png 780w, https://mairie-montataire.fr/app/uploads/2026/03/Affiches-aire-de-jeux-V3-HD-scaled.png 360w" sizes="auto, (max-width: 480px) 150px" src="https://mairie-montataire.fr/app/uploads/2026/03/Affiches-aire-de-jeux-V3-HD-724x1024.png" alt="" class="uag-image-7739" width="724" height="1024" title="V3 HD playground posters" loading="lazy" role="img"/></figure></div>

Lors d’une table de quartier sur la rue Jacques Decour, des habitants et habitantes du quartier ont demandé à ce que l’aire de jeux située à cet endroit soit rénovée pour être plus attractive et plus adaptée aux enfants. La Ville a souhaité s’inspirer des idées des premiers utilisateurs : les enfants ! Pour cela,&hellip;
