{"id":7713,"date":"2026-03-20T10:05:58","date_gmt":"2026-03-20T10:05:58","guid":{"rendered":"https:\/\/mairie-montataire.fr\/?post_type=event&#038;p=7713"},"modified":"2026-03-27T15:09:54","modified_gmt":"2026-03-27T15:09:54","slug":"amour-denfants-picardie-and-theatrarires-join-forces-to-help-children","status":"publish","type":"event","link":"https:\/\/mairie-montataire.fr\/en\/agenda\/vie-associative\/amour-denfants-picardie-et-theatrarires-unis-pour-venir-en-aide-aux-enfants\/","title":{"rendered":"Amour d'enfants Picardie and Th\u00e9\u00e2tr\u00e0Rires: working together to help children"},"content":{"rendered":"<p>The Th\u00e9\u00e2tr\u00e0Rires and <a href=\"https:\/\/mairie-montataire.fr\/en\/directories\/associations\/solidarity\/amour-denfants-picardie\/\">Amour d'enfants Picardie<\/a> are organising a theatre evening with\u00ab\u00a0<strong>We'll have dinner in bed<\/strong>\u00a0\u00bbat the Salle Art et Culture in Saint-Leu-d'Esserent on <strong>Saturday 11 April 2026 at 8.30pm<\/strong>, with the help and support of the host municipality.<\/p>\n\n\n\n<p>It will be a festive evening, with talented actors, and a night of solidarity. <strong>Profits will help fund their social initiatives for children with disabilities.<\/strong>.<\/p>\n\n\n\n<div class=\"wp-block-uagb-image aligncenter uagb-block-07bb63f2 wp-block-uagb-image--layout-default wp-block-uagb-image--effect-static wp-block-uagb-image--align-center\"><figure class=\"wp-block-uagb-image__figure\"><img decoding=\"async\" srcset=\"https:\/\/mairie-montataire.fr\/app\/uploads\/2026\/03\/AEP_2026_OnDineraaulit_Affiche_V1_Pixel-683x1024.jpg ,https:\/\/mairie-montataire.fr\/app\/uploads\/2026\/03\/AEP_2026_OnDineraaulit_Affiche_V1_Pixel-scaled.jpg 780w, https:\/\/mairie-montataire.fr\/app\/uploads\/2026\/03\/AEP_2026_OnDineraaulit_Affiche_V1_Pixel-scaled.jpg 360w\" sizes=\"auto, (max-width: 480px) 150px\" src=\"https:\/\/mairie-montataire.fr\/app\/uploads\/2026\/03\/AEP_2026_OnDineraaulit_Affiche_V1_Pixel-683x1024.jpg\" alt=\"\" class=\"uag-image-7714\" width=\"683\" height=\"1024\" title=\"AEP_2026_OnDineraaulit_Poster_V1_Pixel\" loading=\"lazy\" role=\"img\"\/><\/figure><\/div>","protected":false},"featured_media":7715,"parent":0,"template":"","meta":{"_acf_changed":true,"_uag_custom_page_level_css":""},"event-theme":[73],"class_list":["post-7713","event","type-event","status-publish","has-post-thumbnail","hentry","event-theme-vie-associative"],"acf":[],"uagb_featured_image_src":{"full":["https:\/\/mairie-montataire.fr\/app\/uploads\/2026\/03\/Actu_Amourdenfanttheatre.jpg",450,335,false],"thumbnail":["https:\/\/mairie-montataire.fr\/app\/uploads\/2026\/03\/Actu_Amourdenfanttheatre-150x150.jpg",150,150,true],"medium":["https:\/\/mairie-montataire.fr\/app\/uploads\/2026\/03\/Actu_Amourdenfanttheatre-300x223.jpg",300,223,true],"medium_large":["https:\/\/mairie-montataire.fr\/app\/uploads\/2026\/03\/Actu_Amourdenfanttheatre.jpg",450,335,false],"large":["https:\/\/mairie-montataire.fr\/app\/uploads\/2026\/03\/Actu_Amourdenfanttheatre.jpg",450,335,false],"1536x1536":["https:\/\/mairie-montataire.fr\/app\/uploads\/2026\/03\/Actu_Amourdenfanttheatre.jpg",450,335,false],"2048x2048":["https:\/\/mairie-montataire.fr\/app\/uploads\/2026\/03\/Actu_Amourdenfanttheatre.jpg",450,335,false],"trp-custom-language-flag":["https:\/\/mairie-montataire.fr\/app\/uploads\/2026\/03\/Actu_Amourdenfanttheatre-16x12.jpg",16,12,true],"gform-image-choice-sm":["https:\/\/mairie-montataire.fr\/app\/uploads\/2026\/03\/Actu_Amourdenfanttheatre.jpg",300,223,false],"gform-image-choice-md":["https:\/\/mairie-montataire.fr\/app\/uploads\/2026\/03\/Actu_Amourdenfanttheatre.jpg",400,298,false],"gform-image-choice-lg":["https:\/\/mairie-montataire.fr\/app\/uploads\/2026\/03\/Actu_Amourdenfanttheatre.jpg",450,335,false]},"uagb_author_info":{"display_name":"Laure Pubert","author_link":"https:\/\/mairie-montataire.fr\/en\/actualites\/author\/"},"uagb_comment_info":0,"uagb_excerpt":"L\u2019association Th\u00e9\u00e2tr\u00e0Rires et Amour d&rsquo;enfants Picardie organisent une soir\u00e9e th\u00e9\u00e2tre avec \u00ab\u00a0On d\u00eenera au lit\u00a0\u00bb \u00e0 la salle Art et Culture de Saint-Leu-d\u2019Esserent le samedi 11 avril 2026 \u00e0 20h30, avec le concours et le support de la commune accueillante. Cette soir\u00e9e sera festive, avec des acteurs de talent, et solidaire car les b\u00e9n\u00e9fices contribueront&hellip;","_links":{"self":[{"href":"https:\/\/mairie-montataire.fr\/en\/wp-json\/wp\/v2\/event\/7713","targetHints":{"allow":["GET"]}}],"collection":[{"href":"https:\/\/mairie-montataire.fr\/en\/wp-json\/wp\/v2\/event"}],"about":[{"href":"https:\/\/mairie-montataire.fr\/en\/wp-json\/wp\/v2\/types\/event"}],"wp:featuredmedia":[{"embeddable":true,"href":"https:\/\/mairie-montataire.fr\/en\/wp-json\/wp\/v2\/media\/7715"}],"wp:attachment":[{"href":"https:\/\/mairie-montataire.fr\/en\/wp-json\/wp\/v2\/media?parent=7713"}],"wp:term":[{"taxonomy":"event-theme","embeddable":true,"href":"https:\/\/mairie-montataire.fr\/en\/wp-json\/wp\/v2\/event-theme?post=7713"}],"curies":[{"name":"wp","href":"https:\/\/api.w.org\/{rel}","templated":true}]}}

Amour d'enfants Picardie and ThéâtràRires: working together to help children

<p>The ThéâtràRires and <a href="https://mairie-montataire.fr/en/directories/associations/solidarity/amour-denfants-picardie/">Amour d'enfants Picardie</a> are organising a theatre evening with« <strong>We'll have dinner in bed</strong> »at the Salle Art et Culture in Saint-Leu-d'Esserent on <strong>Saturday 11 April 2026 at 8.30pm</strong>, with the help and support of the host municipality.</p>



<p>It will be a festive evening, with talented actors, and a night of solidarity. <strong>Profits will help fund their social initiatives for children with disabilities.</strong>.</p>



<div class="wp-block-uagb-image aligncenter uagb-block-07bb63f2 wp-block-uagb-image--layout-default wp-block-uagb-image--effect-static wp-block-uagb-image--align-center"><figure class="wp-block-uagb-image__figure"><img decoding="async" srcset="https://mairie-montataire.fr/app/uploads/2026/03/AEP_2026_OnDineraaulit_Affiche_V1_Pixel-683x1024.jpg ,https://mairie-montataire.fr/app/uploads/2026/03/AEP_2026_OnDineraaulit_Affiche_V1_Pixel-scaled.jpg 780w, https://mairie-montataire.fr/app/uploads/2026/03/AEP_2026_OnDineraaulit_Affiche_V1_Pixel-scaled.jpg 360w" sizes="auto, (max-width: 480px) 150px" src="https://mairie-montataire.fr/app/uploads/2026/03/AEP_2026_OnDineraaulit_Affiche_V1_Pixel-683x1024.jpg" alt="" class="uag-image-7714" width="683" height="1024" title="AEP_2026_OnDineraaulit_Poster_V1_Pixel" loading="lazy" role="img"/></figure></div>

L’association ThéâtràRires et Amour d&rsquo;enfants Picardie organisent une soirée théâtre avec « On dînera au lit » à la salle Art et Culture de Saint-Leu-d’Esserent le samedi 11 avril 2026 à 20h30, avec le concours et le support de la commune accueillante. Cette soirée sera festive, avec des acteurs de talent, et solidaire car les bénéfices contribueront&hellip;
