{"id":7698,"date":"2026-03-18T08:08:00","date_gmt":"2026-03-18T08:08:00","guid":{"rendered":"https:\/\/mairie-montataire.fr\/?post_type=event&#038;p=7698"},"modified":"2026-03-17T15:17:22","modified_gmt":"2026-03-17T15:17:22","slug":"green-walk","status":"publish","type":"event","link":"https:\/\/mairie-montataire.fr\/en\/agenda\/rencontres\/marche-verte\/","title":{"rendered":"Green Walk"},"content":{"rendered":"<p><strong>La <a href=\"https:\/\/www.sahlm60.com\/\" target=\"_blank\" rel=\"noreferrer noopener\">S.A. HLM<\/a>, in association with the town, is organising a green walk in the neighbourhood and among neighbours on Wednesday 1 July.<sup>er<\/sup> April from 2pm to 4pm. Meet at 38, rue du Colonel Fabien. Everyday action for our planet!<\/strong><\/p>\n\n\n\n<p>It's a fun way to take care of our environment together. After the walk, children can take part in a drawing competition on the theme of nature. A gift will be given to the winner.<\/p>\n\n\n\n<div class=\"wp-block-uagb-image aligncenter uagb-block-66c74181 wp-block-uagb-image--layout-default wp-block-uagb-image--effect-static wp-block-uagb-image--align-center\"><figure class=\"wp-block-uagb-image__figure\"><img decoding=\"async\" srcset=\"https:\/\/mairie-montataire.fr\/app\/uploads\/2026\/03\/affiche-marche-verte-724x1024.png ,https:\/\/mairie-montataire.fr\/app\/uploads\/2026\/03\/affiche-marche-verte-scaled.png 780w, https:\/\/mairie-montataire.fr\/app\/uploads\/2026\/03\/affiche-marche-verte-scaled.png 360w\" sizes=\"auto, (max-width: 480px) 150px\" src=\"https:\/\/mairie-montataire.fr\/app\/uploads\/2026\/03\/affiche-marche-verte-724x1024.png\" alt=\"\" class=\"uag-image-7700\" width=\"724\" height=\"1024\" title=\"green walk poster\" loading=\"lazy\" role=\"img\"\/><\/figure><\/div>","protected":false},"featured_media":7699,"parent":0,"template":"","meta":{"_acf_changed":true,"_uag_custom_page_level_css":""},"event-theme":[78],"class_list":["post-7698","event","type-event","status-publish","has-post-thumbnail","hentry","event-theme-rencontres"],"acf":[],"uagb_featured_image_src":{"full":["https:\/\/mairie-montataire.fr\/app\/uploads\/2026\/03\/Actu_MarcheVerteSAHLM.jpg",450,335,false],"thumbnail":["https:\/\/mairie-montataire.fr\/app\/uploads\/2026\/03\/Actu_MarcheVerteSAHLM-150x150.jpg",150,150,true],"medium":["https:\/\/mairie-montataire.fr\/app\/uploads\/2026\/03\/Actu_MarcheVerteSAHLM-300x223.jpg",300,223,true],"medium_large":["https:\/\/mairie-montataire.fr\/app\/uploads\/2026\/03\/Actu_MarcheVerteSAHLM.jpg",450,335,false],"large":["https:\/\/mairie-montataire.fr\/app\/uploads\/2026\/03\/Actu_MarcheVerteSAHLM.jpg",450,335,false],"1536x1536":["https:\/\/mairie-montataire.fr\/app\/uploads\/2026\/03\/Actu_MarcheVerteSAHLM.jpg",450,335,false],"2048x2048":["https:\/\/mairie-montataire.fr\/app\/uploads\/2026\/03\/Actu_MarcheVerteSAHLM.jpg",450,335,false],"trp-custom-language-flag":["https:\/\/mairie-montataire.fr\/app\/uploads\/2026\/03\/Actu_MarcheVerteSAHLM-16x12.jpg",16,12,true],"gform-image-choice-sm":["https:\/\/mairie-montataire.fr\/app\/uploads\/2026\/03\/Actu_MarcheVerteSAHLM.jpg",300,223,false],"gform-image-choice-md":["https:\/\/mairie-montataire.fr\/app\/uploads\/2026\/03\/Actu_MarcheVerteSAHLM.jpg",400,298,false],"gform-image-choice-lg":["https:\/\/mairie-montataire.fr\/app\/uploads\/2026\/03\/Actu_MarcheVerteSAHLM.jpg",450,335,false]},"uagb_author_info":{"display_name":"Laure Pubert","author_link":"https:\/\/mairie-montataire.fr\/en\/actualites\/author\/"},"uagb_comment_info":0,"uagb_excerpt":"La S.A. HLM, en association avec la ville, vous propose une marche verte dans le quartier et entre voisins, le mercredi 1er avril de 14h \u00e0 16h. Rendez-vous au 38, rue du Colonel Fabien. Agir au quotidien pour notre plan\u00e8te ! Un moment convivial pour prendre soin du cadre de vie, ensemble. Apr\u00e8s la marche,&hellip;","_links":{"self":[{"href":"https:\/\/mairie-montataire.fr\/en\/wp-json\/wp\/v2\/event\/7698","targetHints":{"allow":["GET"]}}],"collection":[{"href":"https:\/\/mairie-montataire.fr\/en\/wp-json\/wp\/v2\/event"}],"about":[{"href":"https:\/\/mairie-montataire.fr\/en\/wp-json\/wp\/v2\/types\/event"}],"wp:featuredmedia":[{"embeddable":true,"href":"https:\/\/mairie-montataire.fr\/en\/wp-json\/wp\/v2\/media\/7699"}],"wp:attachment":[{"href":"https:\/\/mairie-montataire.fr\/en\/wp-json\/wp\/v2\/media?parent=7698"}],"wp:term":[{"taxonomy":"event-theme","embeddable":true,"href":"https:\/\/mairie-montataire.fr\/en\/wp-json\/wp\/v2\/event-theme?post=7698"}],"curies":[{"name":"wp","href":"https:\/\/api.w.org\/{rel}","templated":true}]}}

La S.A. HLM, en association avec la ville, vous propose une marche verte dans le quartier et entre voisins, le mercredi 1er avril de 14h à 16h. Rendez-vous au 38, rue du Colonel Fabien. Agir au quotidien pour notre planète ! Un moment convivial pour prendre soin du cadre de vie, ensemble. Après la marche,&hellip;
