{"id":7683,"date":"2026-03-17T09:05:05","date_gmt":"2026-03-17T09:05:05","guid":{"rendered":"https:\/\/mairie-montataire.fr\/?post_type=event&#038;p=7683"},"modified":"2026-03-17T09:15:42","modified_gmt":"2026-03-17T09:15:42","slug":"inaugural-meeting-of-the-new-town-council","status":"publish","type":"event","link":"https:\/\/mairie-montataire.fr\/en\/agenda\/information\/seance-dinstallation-du-nouveau-conseil-municipal\/","title":{"rendered":"Installation of the new Municipal Council"},"content":{"rendered":"<p>Following the municipal elections on 15 March, in which the \u00abCitoyen.ne.s rassembl\u00e9.e.s pour Montataire\u00bb list led by Jean-Pierre BOSINO was elected with 77.59% of the votes, a new municipal council must be installed.<\/p>\n\n\n\n<p>The Council meeting will be held on Saturday 21 March at 10.30am in the Council Chamber at the Town Hall annexe, 104 rue Jean Jaur\u00e8s, Montataire.<\/p>\n\n\n\n<p>Council meetings are open to the public. You can attend in person or by <a href=\"https:\/\/www.facebook.com\/events\/24069696216060687\" target=\"_blank\" rel=\"noreferrer noopener\">Facebook live<\/a> on the <a href=\"https:\/\/www.facebook.com\/Montataire\" target=\"_blank\" rel=\"noreferrer noopener\">City page<\/a>.<\/p>\n\n\n\n<p><\/p>","protected":false},"featured_media":7687,"parent":0,"template":"","meta":{"_acf_changed":true,"_uag_custom_page_level_css":""},"event-theme":[91],"class_list":["post-7683","event","type-event","status-publish","has-post-thumbnail","hentry","event-theme-information"],"acf":[],"uagb_featured_image_src":{"full":["https:\/\/mairie-montataire.fr\/app\/uploads\/2026\/03\/Agenda_Installationduconseilmunicipal.jpg",450,335,false],"thumbnail":["https:\/\/mairie-montataire.fr\/app\/uploads\/2026\/03\/Agenda_Installationduconseilmunicipal-150x150.jpg",150,150,true],"medium":["https:\/\/mairie-montataire.fr\/app\/uploads\/2026\/03\/Agenda_Installationduconseilmunicipal-300x223.jpg",300,223,true],"medium_large":["https:\/\/mairie-montataire.fr\/app\/uploads\/2026\/03\/Agenda_Installationduconseilmunicipal.jpg",450,335,false],"large":["https:\/\/mairie-montataire.fr\/app\/uploads\/2026\/03\/Agenda_Installationduconseilmunicipal.jpg",450,335,false],"1536x1536":["https:\/\/mairie-montataire.fr\/app\/uploads\/2026\/03\/Agenda_Installationduconseilmunicipal.jpg",450,335,false],"2048x2048":["https:\/\/mairie-montataire.fr\/app\/uploads\/2026\/03\/Agenda_Installationduconseilmunicipal.jpg",450,335,false],"trp-custom-language-flag":["https:\/\/mairie-montataire.fr\/app\/uploads\/2026\/03\/Agenda_Installationduconseilmunicipal-16x12.jpg",16,12,true],"gform-image-choice-sm":["https:\/\/mairie-montataire.fr\/app\/uploads\/2026\/03\/Agenda_Installationduconseilmunicipal.jpg",300,223,false],"gform-image-choice-md":["https:\/\/mairie-montataire.fr\/app\/uploads\/2026\/03\/Agenda_Installationduconseilmunicipal.jpg",400,298,false],"gform-image-choice-lg":["https:\/\/mairie-montataire.fr\/app\/uploads\/2026\/03\/Agenda_Installationduconseilmunicipal.jpg",450,335,false]},"uagb_author_info":{"display_name":"Laure Pubert","author_link":"https:\/\/mairie-montataire.fr\/en\/actualites\/author\/"},"uagb_comment_info":0,"uagb_excerpt":"Suite aux \u00e9lections municipales du 15 mars dernier, o\u00f9 la liste \u00ab Citoyen.ne.s rassembl\u00e9.e.s pour Montataire \u00bb men\u00e9e par Jean-Pierre BOSINO a \u00e9t\u00e9 \u00e9lue \u00e0 77.59% des voix, un nouveau conseil municipal doit \u00eatre install\u00e9. La s\u00e9ance de ce conseil se tiendra le samedi 21 mars \u00e0 10h30 en salle du conseil, en mairie annexe,&hellip;","_links":{"self":[{"href":"https:\/\/mairie-montataire.fr\/en\/wp-json\/wp\/v2\/event\/7683","targetHints":{"allow":["GET"]}}],"collection":[{"href":"https:\/\/mairie-montataire.fr\/en\/wp-json\/wp\/v2\/event"}],"about":[{"href":"https:\/\/mairie-montataire.fr\/en\/wp-json\/wp\/v2\/types\/event"}],"wp:featuredmedia":[{"embeddable":true,"href":"https:\/\/mairie-montataire.fr\/en\/wp-json\/wp\/v2\/media\/7687"}],"wp:attachment":[{"href":"https:\/\/mairie-montataire.fr\/en\/wp-json\/wp\/v2\/media?parent=7683"}],"wp:term":[{"taxonomy":"event-theme","embeddable":true,"href":"https:\/\/mairie-montataire.fr\/en\/wp-json\/wp\/v2\/event-theme?post=7683"}],"curies":[{"name":"wp","href":"https:\/\/api.w.org\/{rel}","templated":true}]}}

<p>Following the municipal elections on 15 March, in which the «Citoyen.ne.s rassemblé.e.s pour Montataire» list led by Jean-Pierre BOSINO was elected with 77.59% of the votes, a new municipal council must be installed.</p>



<p>The Council meeting will be held on Saturday 21 March at 10.30am in the Council Chamber at the Town Hall annexe, 104 rue Jean Jaurès, Montataire.</p>



<p>Council meetings are open to the public. You can attend in person or by <a href="https://www.facebook.com/events/24069696216060687" target="_blank" rel="noreferrer noopener">Facebook live</a> on the <a href="https://www.facebook.com/Montataire" target="_blank" rel="noreferrer noopener">City page</a>.</p>



<p></p>

Suite aux élections municipales du 15 mars dernier, où la liste « Citoyen.ne.s rassemblé.e.s pour Montataire » menée par Jean-Pierre BOSINO a été élue à 77.59% des voix, un nouveau conseil municipal doit être installé. La séance de ce conseil se tiendra le samedi 21 mars à 10h30 en salle du conseil, en mairie annexe,&hellip;
