{"id":7536,"date":"2026-02-02T15:52:42","date_gmt":"2026-02-02T15:52:42","guid":{"rendered":"https:\/\/mairie-montataire.fr\/?post_type=event&#038;p=7536"},"modified":"2026-02-02T15:52:42","modified_gmt":"2026-02-02T15:52:42","slug":"femmes-solidaires-card-distribution-and-exhibition-opening","status":"publish","type":"event","link":"https:\/\/mairie-montataire.fr\/en\/agenda\/vie-associative\/femmes-solidaires-remise-de-cartes-et-vernissage-dexposition\/","title":{"rendered":"Femmes Solidaires: Card distribution and exhibition preview"},"content":{"rendered":"<p>The Femmes Solidaires association invites you to the presentation of their 2026 cards and the opening of the exhibition \u00bbThe political history of trousers\u00ab, an edifying history of the evolution of society. The exhibition is the work of president Fr\u00e9d\u00e9rique Bulcke, with the support of members. <\/p>\n\n\n\n<div class=\"wp-block-uagb-image aligncenter uagb-block-beafc2f1 wp-block-uagb-image--layout-default wp-block-uagb-image--effect-static wp-block-uagb-image--align-center\"><figure class=\"wp-block-uagb-image__figure\"><img decoding=\"async\" srcset=\"https:\/\/mairie-montataire.fr\/app\/uploads\/2026\/02\/Agenda_remisedecartesvernissagesFemmesSolidaires.jpg ,https:\/\/mairie-montataire.fr\/app\/uploads\/2026\/02\/Agenda_remisedecartesvernissagesFemmesSolidaires.jpg 780w, https:\/\/mairie-montataire.fr\/app\/uploads\/2026\/02\/Agenda_remisedecartesvernissagesFemmesSolidaires.jpg 360w\" sizes=\"auto, (max-width: 480px) 150px\" src=\"https:\/\/mairie-montataire.fr\/app\/uploads\/2026\/02\/Agenda_remisedecartesvernissagesFemmesSolidaires.jpg\" alt=\"6 women with one hand raised in the street wearing trousers in 1933\" class=\"uag-image-7537\" width=\"450\" height=\"335\" title=\"Agenda_remisedecartesvernissagesFemmesSolidaires\" loading=\"lazy\" role=\"img\"\/><\/figure><\/div>\n\n\n\n<p class=\"has-text-align-center\"><em>Portrait of a pioneer woman: Women in trousers - C. BERGAMIA 1933<\/em><\/p>\n\n\n\n<p><\/p>","protected":false},"featured_media":7537,"parent":0,"template":"","meta":{"_acf_changed":true,"_uag_custom_page_level_css":""},"event-theme":[73],"class_list":["post-7536","event","type-event","status-publish","has-post-thumbnail","hentry","event-theme-vie-associative"],"acf":[],"uagb_featured_image_src":{"full":["https:\/\/mairie-montataire.fr\/app\/uploads\/2026\/02\/Agenda_remisedecartesvernissagesFemmesSolidaires.jpg",450,335,false],"thumbnail":["https:\/\/mairie-montataire.fr\/app\/uploads\/2026\/02\/Agenda_remisedecartesvernissagesFemmesSolidaires-150x150.jpg",150,150,true],"medium":["https:\/\/mairie-montataire.fr\/app\/uploads\/2026\/02\/Agenda_remisedecartesvernissagesFemmesSolidaires-300x223.jpg",300,223,true],"medium_large":["https:\/\/mairie-montataire.fr\/app\/uploads\/2026\/02\/Agenda_remisedecartesvernissagesFemmesSolidaires.jpg",450,335,false],"large":["https:\/\/mairie-montataire.fr\/app\/uploads\/2026\/02\/Agenda_remisedecartesvernissagesFemmesSolidaires.jpg",450,335,false],"1536x1536":["https:\/\/mairie-montataire.fr\/app\/uploads\/2026\/02\/Agenda_remisedecartesvernissagesFemmesSolidaires.jpg",450,335,false],"2048x2048":["https:\/\/mairie-montataire.fr\/app\/uploads\/2026\/02\/Agenda_remisedecartesvernissagesFemmesSolidaires.jpg",450,335,false],"trp-custom-language-flag":["https:\/\/mairie-montataire.fr\/app\/uploads\/2026\/02\/Agenda_remisedecartesvernissagesFemmesSolidaires-16x12.jpg",16,12,true],"gform-image-choice-sm":["https:\/\/mairie-montataire.fr\/app\/uploads\/2026\/02\/Agenda_remisedecartesvernissagesFemmesSolidaires.jpg",300,223,false],"gform-image-choice-md":["https:\/\/mairie-montataire.fr\/app\/uploads\/2026\/02\/Agenda_remisedecartesvernissagesFemmesSolidaires.jpg",400,298,false],"gform-image-choice-lg":["https:\/\/mairie-montataire.fr\/app\/uploads\/2026\/02\/Agenda_remisedecartesvernissagesFemmesSolidaires.jpg",450,335,false]},"uagb_author_info":{"display_name":"Laure Pubert","author_link":"https:\/\/mairie-montataire.fr\/en\/actualites\/author\/"},"uagb_comment_info":0,"uagb_excerpt":"L&rsquo;association Femmes Solidaires vous invite \u00e0 leur remise de cartes 2026 et au vernissage de l&rsquo;exposition \u00a0\u00bb l&rsquo;histoire politique du pantalon \u00ab\u00a0, une histoire \u00e9difiante sur l&rsquo;\u00e9volution de la soci\u00e9t\u00e9. Elle est r\u00e9alis\u00e9e par la pr\u00e9sidente Fr\u00e9d\u00e9rique Bulcke et le soutien des adh\u00e9rentes. Portrait de pionni\u00e8res\u00a0: Les femmes en pantalon \u2013 C. BERGAMIA\u00a0 1933","_links":{"self":[{"href":"https:\/\/mairie-montataire.fr\/en\/wp-json\/wp\/v2\/event\/7536","targetHints":{"allow":["GET"]}}],"collection":[{"href":"https:\/\/mairie-montataire.fr\/en\/wp-json\/wp\/v2\/event"}],"about":[{"href":"https:\/\/mairie-montataire.fr\/en\/wp-json\/wp\/v2\/types\/event"}],"wp:featuredmedia":[{"embeddable":true,"href":"https:\/\/mairie-montataire.fr\/en\/wp-json\/wp\/v2\/media\/7537"}],"wp:attachment":[{"href":"https:\/\/mairie-montataire.fr\/en\/wp-json\/wp\/v2\/media?parent=7536"}],"wp:term":[{"taxonomy":"event-theme","embeddable":true,"href":"https:\/\/mairie-montataire.fr\/en\/wp-json\/wp\/v2\/event-theme?post=7536"}],"curies":[{"name":"wp","href":"https:\/\/api.w.org\/{rel}","templated":true}]}}

<p>The Femmes Solidaires association invites you to the presentation of their 2026 cards and the opening of the exhibition »The political history of trousers«, an edifying history of the evolution of society. The exhibition is the work of president Frédérique Bulcke, with the support of members. </p>



<div class="wp-block-uagb-image aligncenter uagb-block-beafc2f1 wp-block-uagb-image--layout-default wp-block-uagb-image--effect-static wp-block-uagb-image--align-center"><figure class="wp-block-uagb-image__figure"><img decoding="async" srcset="https://mairie-montataire.fr/app/uploads/2026/02/Agenda_remisedecartesvernissagesFemmesSolidaires.jpg ,https://mairie-montataire.fr/app/uploads/2026/02/Agenda_remisedecartesvernissagesFemmesSolidaires.jpg 780w, https://mairie-montataire.fr/app/uploads/2026/02/Agenda_remisedecartesvernissagesFemmesSolidaires.jpg 360w" sizes="auto, (max-width: 480px) 150px" src="https://mairie-montataire.fr/app/uploads/2026/02/Agenda_remisedecartesvernissagesFemmesSolidaires.jpg" alt="6 women with one hand raised in the street wearing trousers in 1933" class="uag-image-7537" width="450" height="335" title="Agenda_remisedecartesvernissagesFemmesSolidaires" loading="lazy" role="img"/></figure></div>



<p class="has-text-align-center"><em>Portrait of a pioneer woman: Women in trousers - C. BERGAMIA 1933</em></p>



<p></p>

L&rsquo;association Femmes Solidaires vous invite à leur remise de cartes 2026 et au vernissage de l&rsquo;exposition  » l&rsquo;histoire politique du pantalon « , une histoire édifiante sur l&rsquo;évolution de la société. Elle est réalisée par la présidente Frédérique Bulcke et le soutien des adhérentes. Portrait de pionnières : Les femmes en pantalon – C. BERGAMIA  1933
