{"id":7523,"date":"2026-01-29T10:01:41","date_gmt":"2026-01-29T10:01:41","guid":{"rendered":"https:\/\/mairie-montataire.fr\/?post_type=event&#038;p=7523"},"modified":"2026-01-29T10:01:41","modified_gmt":"2026-01-29T10:01:41","slug":"bts-forum","status":"publish","type":"event","link":"https:\/\/mairie-montataire.fr\/en\/agenda\/scolaire\/forum-des-bts\/","title":{"rendered":"BTS Forum"},"content":{"rendered":"<p>For young people looking for a project for the future, come along to the first edition of the <strong>BTS FORUM at the Lyc\u00e9e des M\u00e9tiers Amyot d'Inville<\/strong> in Senlis. Visit <strong>Thursday 5 February from 6pm to 8pm<\/strong>, 7 secondary schools will be on hand to present their courses:<\/p>\n\n\n\n<ul class=\"wp-block-list\">\n<li style=\"font-style:normal;font-weight:400\">Hugues Capet (Senlis)<\/li>\n\n\n\n<li style=\"font-style:normal;font-weight:400\">Amyot d'Inville (Senlis)<\/li>\n\n\n\n<li style=\"font-style:normal;font-weight:400\">Marie Curie (Nogent-sur-Oise)<\/li>\n\n\n\n<li style=\"font-style:normal;font-weight:400\">Hubertine Auclert (Chantilly)<\/li>\n\n\n\n<li style=\"font-style:normal;font-weight:400\">Jules Uhry (Creil)<\/li>\n\n\n\n<li style=\"font-style:normal;font-weight:400\">Andr\u00e9 Malraux (Montataire)<\/li>\n\n\n\n<li style=\"font-style:normal;font-weight:400\">Roberval (Breuil-le-Vert)<\/li>\n<\/ul>\n\n\n\n<div class=\"wp-block-uagb-image aligncenter uagb-block-df619ed1 wp-block-uagb-image--layout-default wp-block-uagb-image--effect-static wp-block-uagb-image--align-center\"><figure class=\"wp-block-uagb-image__figure\"><img decoding=\"async\" srcset=\"https:\/\/mairie-montataire.fr\/app\/uploads\/2026\/01\/Flyer-FORUM-BTS-Amyot-dInville-5-fevrier-2026.png ,https:\/\/mairie-montataire.fr\/app\/uploads\/2026\/01\/Flyer-FORUM-BTS-Amyot-dInville-5-fevrier-2026.png 780w, https:\/\/mairie-montataire.fr\/app\/uploads\/2026\/01\/Flyer-FORUM-BTS-Amyot-dInville-5-fevrier-2026.png 360w\" sizes=\"auto, (max-width: 480px) 150px\" src=\"https:\/\/mairie-montataire.fr\/app\/uploads\/2026\/01\/Flyer-FORUM-BTS-Amyot-dInville-5-fevrier-2026.png\" alt=\"\" class=\"uag-image-7525\" width=\"384\" height=\"548\" title=\"Flyer-FORUM-BTS-Amyot-dInville-5-February-2026\" loading=\"lazy\" role=\"img\"\/><\/figure><\/div>\n\n\n\n<p><\/p>","protected":false},"featured_media":7524,"parent":0,"template":"","meta":{"_acf_changed":true,"_uag_custom_page_level_css":""},"event-theme":[85],"class_list":["post-7523","event","type-event","status-publish","has-post-thumbnail","hentry","event-theme-scolaire"],"acf":[],"uagb_featured_image_src":{"full":["https:\/\/mairie-montataire.fr\/app\/uploads\/2026\/01\/Agenda_ForumBTSLyceeAmyot.jpg",450,335,false],"thumbnail":["https:\/\/mairie-montataire.fr\/app\/uploads\/2026\/01\/Agenda_ForumBTSLyceeAmyot-150x150.jpg",150,150,true],"medium":["https:\/\/mairie-montataire.fr\/app\/uploads\/2026\/01\/Agenda_ForumBTSLyceeAmyot-300x223.jpg",300,223,true],"medium_large":["https:\/\/mairie-montataire.fr\/app\/uploads\/2026\/01\/Agenda_ForumBTSLyceeAmyot.jpg",450,335,false],"large":["https:\/\/mairie-montataire.fr\/app\/uploads\/2026\/01\/Agenda_ForumBTSLyceeAmyot.jpg",450,335,false],"1536x1536":["https:\/\/mairie-montataire.fr\/app\/uploads\/2026\/01\/Agenda_ForumBTSLyceeAmyot.jpg",450,335,false],"2048x2048":["https:\/\/mairie-montataire.fr\/app\/uploads\/2026\/01\/Agenda_ForumBTSLyceeAmyot.jpg",450,335,false],"trp-custom-language-flag":["https:\/\/mairie-montataire.fr\/app\/uploads\/2026\/01\/Agenda_ForumBTSLyceeAmyot-16x12.jpg",16,12,true],"gform-image-choice-sm":["https:\/\/mairie-montataire.fr\/app\/uploads\/2026\/01\/Agenda_ForumBTSLyceeAmyot.jpg",300,223,false],"gform-image-choice-md":["https:\/\/mairie-montataire.fr\/app\/uploads\/2026\/01\/Agenda_ForumBTSLyceeAmyot.jpg",400,298,false],"gform-image-choice-lg":["https:\/\/mairie-montataire.fr\/app\/uploads\/2026\/01\/Agenda_ForumBTSLyceeAmyot.jpg",450,335,false]},"uagb_author_info":{"display_name":"Laure Pubert","author_link":"https:\/\/mairie-montataire.fr\/en\/actualites\/author\/"},"uagb_comment_info":0,"uagb_excerpt":"Pour vos jeunes en recherche de projet d&rsquo;avenir, venez assister \u00e0 la premi\u00e8re \u00e9dition du FORUM DES BTS au lyc\u00e9e des m\u00e9tiers Amyot d&rsquo;Inville \u00e0 Senlis. Le jeudi 5 f\u00e9vrier de 18h \u00e0 20h, 7 lyc\u00e9es seront pr\u00e9sents pour vous pr\u00e9senter leurs cursus :","_links":{"self":[{"href":"https:\/\/mairie-montataire.fr\/en\/wp-json\/wp\/v2\/event\/7523","targetHints":{"allow":["GET"]}}],"collection":[{"href":"https:\/\/mairie-montataire.fr\/en\/wp-json\/wp\/v2\/event"}],"about":[{"href":"https:\/\/mairie-montataire.fr\/en\/wp-json\/wp\/v2\/types\/event"}],"wp:featuredmedia":[{"embeddable":true,"href":"https:\/\/mairie-montataire.fr\/en\/wp-json\/wp\/v2\/media\/7524"}],"wp:attachment":[{"href":"https:\/\/mairie-montataire.fr\/en\/wp-json\/wp\/v2\/media?parent=7523"}],"wp:term":[{"taxonomy":"event-theme","embeddable":true,"href":"https:\/\/mairie-montataire.fr\/en\/wp-json\/wp\/v2\/event-theme?post=7523"}],"curies":[{"name":"wp","href":"https:\/\/api.w.org\/{rel}","templated":true}]}}

<p>For young people looking for a project for the future, come along to the first edition of the <strong>BTS FORUM at the Lycée des Métiers Amyot d'Inville</strong> in Senlis. Visit <strong>Thursday 5 February from 6pm to 8pm</strong>, 7 secondary schools will be on hand to present their courses:</p>



<ul class="wp-block-list">
<li style="font-style:normal;font-weight:400">Hugues Capet (Senlis)</li>



<li style="font-style:normal;font-weight:400">Amyot d'Inville (Senlis)</li>



<li style="font-style:normal;font-weight:400">Marie Curie (Nogent-sur-Oise)</li>



<li style="font-style:normal;font-weight:400">Hubertine Auclert (Chantilly)</li>



<li style="font-style:normal;font-weight:400">Jules Uhry (Creil)</li>



<li style="font-style:normal;font-weight:400">André Malraux (Montataire)</li>



<li style="font-style:normal;font-weight:400">Roberval (Breuil-le-Vert)</li>
</ul>



<div class="wp-block-uagb-image aligncenter uagb-block-df619ed1 wp-block-uagb-image--layout-default wp-block-uagb-image--effect-static wp-block-uagb-image--align-center"><figure class="wp-block-uagb-image__figure"><img decoding="async" srcset="https://mairie-montataire.fr/app/uploads/2026/01/Flyer-FORUM-BTS-Amyot-dInville-5-fevrier-2026.png ,https://mairie-montataire.fr/app/uploads/2026/01/Flyer-FORUM-BTS-Amyot-dInville-5-fevrier-2026.png 780w, https://mairie-montataire.fr/app/uploads/2026/01/Flyer-FORUM-BTS-Amyot-dInville-5-fevrier-2026.png 360w" sizes="auto, (max-width: 480px) 150px" src="https://mairie-montataire.fr/app/uploads/2026/01/Flyer-FORUM-BTS-Amyot-dInville-5-fevrier-2026.png" alt="" class="uag-image-7525" width="384" height="548" title="Flyer-FORUM-BTS-Amyot-dInville-5-February-2026" loading="lazy" role="img"/></figure></div>



<p></p>

Pour vos jeunes en recherche de projet d&rsquo;avenir, venez assister à la première édition du FORUM DES BTS au lycée des métiers Amyot d&rsquo;Inville à Senlis. Le jeudi 5 février de 18h à 20h, 7 lycées seront présents pour vous présenter leurs cursus :
