{"id":7321,"date":"2025-12-15T10:23:36","date_gmt":"2025-12-15T10:23:36","guid":{"rendered":"https:\/\/mairie-montataire.fr\/?post_type=event&#038;p=7321"},"modified":"2025-12-15T10:23:36","modified_gmt":"2025-12-15T10:23:36","slug":"paris-firefighters-perform-in-montataire","status":"publish","type":"event","link":"https:\/\/mairie-montataire.fr\/en\/agenda\/vie-associative\/les-pompiers-de-paris-en-spectacle-a-montataire\/","title":{"rendered":"The Paris Fire Brigade performs in Montataire"},"content":{"rendered":"<p>The town of Montataire will host an exceptional event on <strong>Saturday, 10 January at 6 p.m.<\/strong> : one <strong>two-hour show<\/strong> presented by the <strong>Gymnastics section of the Paris Fire Brigade<\/strong>, on the initiative of <strong>the gymnastics club <a href=\"https:\/\/mairie-montataire.fr\/en\/directories\/associations\/sport\/esperance-municipale-de-montataire\/\">Municipal Hope<\/a><\/strong>, organiser of the event.<\/p>\n\n\n\n<p>Renowned for its outstanding performance, this elite group combines <strong>sporting discipline, spectacular acrobatics and operational expertise<\/strong>. He has distinguished himself at numerous prestigious events, notably at the <strong>opening and closing ceremonies of the Paris Olympic Games<\/strong>at <strong>Monaco Circus<\/strong>, to <strong>Miss France 2024<\/strong>, as well as to <strong>Bouglione Winter Circus<\/strong>. Their performance at the closing ceremony of the Games, with a spectacular show at the Stade de France, left a lasting impression.<\/p>\n\n\n\n<p>This show, <strong>highly recommended for families and children<\/strong>, will offer a unique immersion into the world of firefighters through high-level gymnastics demonstrations, combining <strong>technical expertise, commitment and team spirit<\/strong>.<\/p>\n\n\n\n<p>A cultural and sporting event not to be missed, celebrating the values of <strong>surpassing oneself, solidarity and excellence<\/strong>, which are important to community organisations and public services.<\/p>\n\n\n\n<div class=\"wp-block-uagb-image aligncenter uagb-block-7c7db817 wp-block-uagb-image--layout-default wp-block-uagb-image--effect-static wp-block-uagb-image--align-center\"><figure class=\"wp-block-uagb-image__figure\"><img decoding=\"async\" srcset=\"https:\/\/mairie-montataire.fr\/app\/uploads\/2025\/12\/Spectacle-Pompiers-de-Paris-6-724x1024.jpg ,https:\/\/mairie-montataire.fr\/app\/uploads\/2025\/12\/Spectacle-Pompiers-de-Paris-6.jpg 780w, https:\/\/mairie-montataire.fr\/app\/uploads\/2025\/12\/Spectacle-Pompiers-de-Paris-6.jpg 360w\" sizes=\"auto, (max-width: 480px) 150px\" src=\"https:\/\/mairie-montataire.fr\/app\/uploads\/2025\/12\/Spectacle-Pompiers-de-Paris-6-724x1024.jpg\" alt=\"\" class=\"uag-image-7323\" width=\"724\" height=\"1024\" title=\"Paris Fire Brigade Show (6)\" loading=\"lazy\" role=\"img\"\/><\/figure><\/div>","protected":false},"featured_media":7322,"parent":0,"template":"","meta":{"_acf_changed":true,"_uag_custom_page_level_css":""},"event-theme":[73],"class_list":["post-7321","event","type-event","status-publish","has-post-thumbnail","hentry","event-theme-vie-associative"],"acf":[],"uagb_featured_image_src":{"full":["https:\/\/mairie-montataire.fr\/app\/uploads\/2025\/12\/Agenda_SpectPompiersParisEMM.jpg",450,335,false],"thumbnail":["https:\/\/mairie-montataire.fr\/app\/uploads\/2025\/12\/Agenda_SpectPompiersParisEMM-150x150.jpg",150,150,true],"medium":["https:\/\/mairie-montataire.fr\/app\/uploads\/2025\/12\/Agenda_SpectPompiersParisEMM-300x223.jpg",300,223,true],"medium_large":["https:\/\/mairie-montataire.fr\/app\/uploads\/2025\/12\/Agenda_SpectPompiersParisEMM.jpg",450,335,false],"large":["https:\/\/mairie-montataire.fr\/app\/uploads\/2025\/12\/Agenda_SpectPompiersParisEMM.jpg",450,335,false],"1536x1536":["https:\/\/mairie-montataire.fr\/app\/uploads\/2025\/12\/Agenda_SpectPompiersParisEMM.jpg",450,335,false],"2048x2048":["https:\/\/mairie-montataire.fr\/app\/uploads\/2025\/12\/Agenda_SpectPompiersParisEMM.jpg",450,335,false],"trp-custom-language-flag":["https:\/\/mairie-montataire.fr\/app\/uploads\/2025\/12\/Agenda_SpectPompiersParisEMM-16x12.jpg",16,12,true],"gform-image-choice-sm":["https:\/\/mairie-montataire.fr\/app\/uploads\/2025\/12\/Agenda_SpectPompiersParisEMM.jpg",300,223,false],"gform-image-choice-md":["https:\/\/mairie-montataire.fr\/app\/uploads\/2025\/12\/Agenda_SpectPompiersParisEMM.jpg",400,298,false],"gform-image-choice-lg":["https:\/\/mairie-montataire.fr\/app\/uploads\/2025\/12\/Agenda_SpectPompiersParisEMM.jpg",450,335,false]},"uagb_author_info":{"display_name":"Laure Pubert","author_link":"https:\/\/mairie-montataire.fr\/en\/actualites\/author\/"},"uagb_comment_info":0,"uagb_excerpt":"La commune de Montataire accueillera un \u00e9v\u00e9nement d\u2019exception le samedi 10 janvier \u00e0 18h : un spectacle de deux heures pr\u00e9sent\u00e9 par la Section de gymnastique des Sapeurs-Pompiers de Paris, \u00e0 l\u2019initiative de l\u2019association de gymnastique Esp\u00e9rance Municipale, organisatrice de la manifestation. Reconnu pour l\u2019excellence de ses performances, ce groupe d\u2019\u00e9lite allie discipline sportive, acrobaties&hellip;","_links":{"self":[{"href":"https:\/\/mairie-montataire.fr\/en\/wp-json\/wp\/v2\/event\/7321","targetHints":{"allow":["GET"]}}],"collection":[{"href":"https:\/\/mairie-montataire.fr\/en\/wp-json\/wp\/v2\/event"}],"about":[{"href":"https:\/\/mairie-montataire.fr\/en\/wp-json\/wp\/v2\/types\/event"}],"wp:featuredmedia":[{"embeddable":true,"href":"https:\/\/mairie-montataire.fr\/en\/wp-json\/wp\/v2\/media\/7322"}],"wp:attachment":[{"href":"https:\/\/mairie-montataire.fr\/en\/wp-json\/wp\/v2\/media?parent=7321"}],"wp:term":[{"taxonomy":"event-theme","embeddable":true,"href":"https:\/\/mairie-montataire.fr\/en\/wp-json\/wp\/v2\/event-theme?post=7321"}],"curies":[{"name":"wp","href":"https:\/\/api.w.org\/{rel}","templated":true}]}}

La commune de Montataire accueillera un événement d’exception le samedi 10 janvier à 18h : un spectacle de deux heures présenté par la Section de gymnastique des Sapeurs-Pompiers de Paris, à l’initiative de l’association de gymnastique Espérance Municipale, organisatrice de la manifestation. Reconnu pour l’excellence de ses performances, ce groupe d’élite allie discipline sportive, acrobaties&hellip;
