{"id":7258,"date":"2025-11-28T13:04:56","date_gmt":"2025-11-28T13:04:56","guid":{"rendered":"https:\/\/mairie-montataire.fr\/?post_type=event&#038;p=7258"},"modified":"2025-11-28T13:04:57","modified_gmt":"2025-11-28T13:04:57","slug":"end-of-year-pension-payments","status":"publish","type":"event","link":"https:\/\/mairie-montataire.fr\/en\/agenda\/retraites\/colis-de-fin-dannee-pour-les-retraites\/","title":{"rendered":"End-of-year parcels for pensioners"},"content":{"rendered":"<p>Retired City employees received an invitation card at home a few days before distribution to remind them of the date, time, location and type of package requested (traditional or sweet). This card must be presented on the day to collect the package. It is possible to appoint a proxy (on the back of the invitation).<\/p>\n\n\n\n<p>To ensure that no one is left out, distribution will take place in nursing homes in December to deliver parcels to people who have left the municipality.<br><\/p>\n\n\n\n<p><\/p>","protected":false},"featured_media":7259,"parent":0,"template":"","meta":{"_acf_changed":true,"_uag_custom_page_level_css":""},"event-theme":[99],"class_list":["post-7258","event","type-event","status-publish","has-post-thumbnail","hentry","event-theme-retraites"],"acf":[],"uagb_featured_image_src":{"full":["https:\/\/mairie-montataire.fr\/app\/uploads\/2025\/11\/Agenda_ColisRetraites.jpg",450,335,false],"thumbnail":["https:\/\/mairie-montataire.fr\/app\/uploads\/2025\/11\/Agenda_ColisRetraites-150x150.jpg",150,150,true],"medium":["https:\/\/mairie-montataire.fr\/app\/uploads\/2025\/11\/Agenda_ColisRetraites-300x223.jpg",300,223,true],"medium_large":["https:\/\/mairie-montataire.fr\/app\/uploads\/2025\/11\/Agenda_ColisRetraites.jpg",450,335,false],"large":["https:\/\/mairie-montataire.fr\/app\/uploads\/2025\/11\/Agenda_ColisRetraites.jpg",450,335,false],"1536x1536":["https:\/\/mairie-montataire.fr\/app\/uploads\/2025\/11\/Agenda_ColisRetraites.jpg",450,335,false],"2048x2048":["https:\/\/mairie-montataire.fr\/app\/uploads\/2025\/11\/Agenda_ColisRetraites.jpg",450,335,false],"trp-custom-language-flag":["https:\/\/mairie-montataire.fr\/app\/uploads\/2025\/11\/Agenda_ColisRetraites-16x12.jpg",16,12,true],"gform-image-choice-sm":["https:\/\/mairie-montataire.fr\/app\/uploads\/2025\/11\/Agenda_ColisRetraites.jpg",300,223,false],"gform-image-choice-md":["https:\/\/mairie-montataire.fr\/app\/uploads\/2025\/11\/Agenda_ColisRetraites.jpg",400,298,false],"gform-image-choice-lg":["https:\/\/mairie-montataire.fr\/app\/uploads\/2025\/11\/Agenda_ColisRetraites.jpg",450,335,false]},"uagb_author_info":{"display_name":"Laure Pubert","author_link":"https:\/\/mairie-montataire.fr\/en\/actualites\/author\/"},"uagb_comment_info":0,"uagb_excerpt":"Les retrait\u00e9s de la Ville ont re\u00e7u un carton d&rsquo;invitation \u00e0 domicile quelques jours avant la distribution pour rappeler la date, l&rsquo;heure, le lieu et le colis qui a \u00e9t\u00e9 demand\u00e9 (traditionnel ou sucr\u00e9). Il faudra le remettre le jour j pour r\u00e9cup\u00e9rer le colis. Il est possible de faire une procuration (au dos de&hellip;","_links":{"self":[{"href":"https:\/\/mairie-montataire.fr\/en\/wp-json\/wp\/v2\/event\/7258","targetHints":{"allow":["GET"]}}],"collection":[{"href":"https:\/\/mairie-montataire.fr\/en\/wp-json\/wp\/v2\/event"}],"about":[{"href":"https:\/\/mairie-montataire.fr\/en\/wp-json\/wp\/v2\/types\/event"}],"wp:featuredmedia":[{"embeddable":true,"href":"https:\/\/mairie-montataire.fr\/en\/wp-json\/wp\/v2\/media\/7259"}],"wp:attachment":[{"href":"https:\/\/mairie-montataire.fr\/en\/wp-json\/wp\/v2\/media?parent=7258"}],"wp:term":[{"taxonomy":"event-theme","embeddable":true,"href":"https:\/\/mairie-montataire.fr\/en\/wp-json\/wp\/v2\/event-theme?post=7258"}],"curies":[{"name":"wp","href":"https:\/\/api.w.org\/{rel}","templated":true}]}}

Les retraités de la Ville ont reçu un carton d&rsquo;invitation à domicile quelques jours avant la distribution pour rappeler la date, l&rsquo;heure, le lieu et le colis qui a été demandé (traditionnel ou sucré). Il faudra le remettre le jour j pour récupérer le colis. Il est possible de faire une procuration (au dos de&hellip;
