{"id":7221,"date":"2025-11-20T09:39:58","date_gmt":"2025-11-20T09:39:58","guid":{"rendered":"https:\/\/mairie-montataire.fr\/?post_type=event&#038;p=7221"},"modified":"2025-11-21T12:49:28","modified_gmt":"2025-11-21T12:49:28","slug":"femmes-solidaires-celebrates-its-80th-anniversary-an-afternoon-of-sharing-memories-and-commitment","status":"publish","type":"event","link":"https:\/\/mairie-montataire.fr\/en\/agenda\/vie-associative\/femmes-solidaires-celebre-ses-80-ans-un-apres-midi-dechanges-de-memoire-et-dengagement\/","title":{"rendered":"Femmes Solidaires celebrates its 80th anniversary: an afternoon of exchange, remembrance and commitment"},"content":{"rendered":"<p>On the occasion of its <strong>80 years old<\/strong>, the association <strong><a href=\"https:\/\/mairie-montataire.fr\/en\/directories\/associations\/solidarity\/women-in-solidarity\/\">Women in Solidarity<\/a><\/strong> is organising a major initiative on <strong>Saturday 6 December 2025<\/strong>, in the main hall of the space <strong>Elsa Triolet<\/strong>, from <strong>15h<\/strong>. A momentous occasion, open to all, to celebrate a heritage of struggle, solidarity and action in favour of women's rights.<\/p>\n\n\n\n<h2 class=\"wp-block-heading\"><strong>A lively debate on women's right to vote<\/strong><\/h2>\n\n\n\n<p>A key figure in the National Collective of Femmes Solidaires, <strong>Soad Baba Aissa<\/strong> will host a debate on a key topic: <strong>women's right to vote<\/strong>, a major achievement and a symbol of equal citizenship. This discussion will provide an opportunity to revisit the past, assess how far we have come and question the issues that are still relevant today.<\/p>\n\n\n\n<h2 class=\"wp-block-heading\"><strong>An artistic collaboration with young girls from the Departmental Centre for Children and Families<\/strong> (CDEF)<\/h2>\n\n\n\n<p>Music will also be at the heart of the event. <strong>Virginie Brantrand<\/strong>, accompanied by her band <strong>La Rue AcoustiK\u2019<\/strong>, She will be giving a committed and sensitive performance. She is also leading an educational project with a group of young girls from the <strong>Senlis CDEF <\/strong>. Together, they are preparing an interpretation of <strong>\u00abThe Women's Anthem\u00bb<\/strong>, which they will present at the initiative.<\/p>\n\n\n\n<h2 class=\"wp-block-heading\"><strong>Exhibitions: memory and militant archives<\/strong><\/h2>\n\n\n\n<p>To celebrate this symbolic anniversary, a number of exhibitions will be on show:<\/p>\n\n\n\n<ul class=\"wp-block-list\">\n<li style=\"font-style:normal;font-weight:400\">An exhibition on loan from the <strong>French Communist Party<\/strong>, dedicated to women's rights.<\/li>\n\n\n\n<li style=\"font-style:normal;font-weight:400\">Panels specially produced by Femmes Solidaires tracing the history of the <strong>women's right to vote<\/strong>.<\/li>\n\n\n\n<li style=\"font-style:normal;font-weight:400\">The <strong>22 Heures Claires calendars<\/strong>, from the former\u2019<strong>Union of French Women<\/strong> (which became Femmes Solidaires in 1945), exhibited together to mark the association's 80th anniversary.<\/li>\n<\/ul>\n\n\n\n<h2 class=\"wp-block-heading\"><strong>About Femmes Solidaires<\/strong><\/h2>\n\n\n\n<p>For 80 years, the association has been informing and raising awareness of women's rights, with the aim of changing mentalities towards a society free of relations of domination. It defends fundamental values: <strong>secularism, co-education, equality, peace and freedom<\/strong>.<br>A solid commitment at the heart of social and civic life.<\/p>\n\n\n<div class=\"highlight\">\n                <div class=\"highlight__description\"><p style=\"text-align: center;\">In addition to its public actions, Femmes Solidaires provides a <strong>listening service<\/strong> to provide information, advice, guidance and support for women.<br \/>\n<strong>Espace Elsa Triolet - 92, avenue Anatole France<\/strong><br \/>\n<strong>Mondays and Thursdays: 2pm - 4pm<\/strong><br \/>\n<strong>Last Thursday of the month: 4pm - 6pm<\/strong><\/p>\n<\/div>\n    <\/div>","protected":false},"featured_media":2772,"parent":0,"template":"","meta":{"_acf_changed":true,"_uag_custom_page_level_css":""},"event-theme":[73],"class_list":["post-7221","event","type-event","status-publish","has-post-thumbnail","hentry","event-theme-vie-associative"],"acf":[],"uagb_featured_image_src":{"full":["https:\/\/mairie-montataire.fr\/app\/uploads\/2024\/08\/Logo_FemmesSolidaires.jpg",270,230,false],"thumbnail":["https:\/\/mairie-montataire.fr\/app\/uploads\/2024\/08\/Logo_FemmesSolidaires-150x150.jpg",150,150,true],"medium":["https:\/\/mairie-montataire.fr\/app\/uploads\/2024\/08\/Logo_FemmesSolidaires.jpg",270,230,false],"medium_large":["https:\/\/mairie-montataire.fr\/app\/uploads\/2024\/08\/Logo_FemmesSolidaires.jpg",270,230,false],"large":["https:\/\/mairie-montataire.fr\/app\/uploads\/2024\/08\/Logo_FemmesSolidaires.jpg",270,230,false],"1536x1536":["https:\/\/mairie-montataire.fr\/app\/uploads\/2024\/08\/Logo_FemmesSolidaires.jpg",270,230,false],"2048x2048":["https:\/\/mairie-montataire.fr\/app\/uploads\/2024\/08\/Logo_FemmesSolidaires.jpg",270,230,false],"trp-custom-language-flag":["https:\/\/mairie-montataire.fr\/app\/uploads\/2024\/08\/Logo_FemmesSolidaires.jpg",14,12,false],"gform-image-choice-sm":["https:\/\/mairie-montataire.fr\/app\/uploads\/2024\/08\/Logo_FemmesSolidaires.jpg",270,230,false],"gform-image-choice-md":["https:\/\/mairie-montataire.fr\/app\/uploads\/2024\/08\/Logo_FemmesSolidaires.jpg",270,230,false],"gform-image-choice-lg":["https:\/\/mairie-montataire.fr\/app\/uploads\/2024\/08\/Logo_FemmesSolidaires.jpg",270,230,false]},"uagb_author_info":{"display_name":"Laure Pubert","author_link":"https:\/\/mairie-montataire.fr\/en\/actualites\/author\/"},"uagb_comment_info":0,"uagb_excerpt":"\u00c0 l\u2019occasion de ses 80 ans, l\u2019association Femmes Solidaires organise une grande initiative le samedi 6 d\u00e9cembre 2025, dans la salle principale de l\u2019espace Elsa Triolet, \u00e0 partir de 15h. Un moment fort, ouvert \u00e0 toutes et \u00e0 tous, pour c\u00e9l\u00e9brer un h\u00e9ritage de luttes, de solidarit\u00e9 et d\u2019actions en faveur des droits des femmes.&hellip;","_links":{"self":[{"href":"https:\/\/mairie-montataire.fr\/en\/wp-json\/wp\/v2\/event\/7221","targetHints":{"allow":["GET"]}}],"collection":[{"href":"https:\/\/mairie-montataire.fr\/en\/wp-json\/wp\/v2\/event"}],"about":[{"href":"https:\/\/mairie-montataire.fr\/en\/wp-json\/wp\/v2\/types\/event"}],"wp:featuredmedia":[{"embeddable":true,"href":"https:\/\/mairie-montataire.fr\/en\/wp-json\/wp\/v2\/media\/2772"}],"wp:attachment":[{"href":"https:\/\/mairie-montataire.fr\/en\/wp-json\/wp\/v2\/media?parent=7221"}],"wp:term":[{"taxonomy":"event-theme","embeddable":true,"href":"https:\/\/mairie-montataire.fr\/en\/wp-json\/wp\/v2\/event-theme?post=7221"}],"curies":[{"name":"wp","href":"https:\/\/api.w.org\/{rel}","templated":true}]}}

À l’occasion de ses 80 ans, l’association Femmes Solidaires organise une grande initiative le samedi 6 décembre 2025, dans la salle principale de l’espace Elsa Triolet, à partir de 15h. Un moment fort, ouvert à toutes et à tous, pour célébrer un héritage de luttes, de solidarité et d’actions en faveur des droits des femmes.&hellip;
