{"id":6928,"date":"2025-09-25T12:36:48","date_gmt":"2025-09-25T12:36:48","guid":{"rendered":"https:\/\/mairie-montataire.fr\/?post_type=event&#038;p=6928"},"modified":"2025-09-29T09:10:02","modified_gmt":"2025-09-29T09:10:02","slug":"bambier-neighbourhood-meetings","status":"publish","type":"event","link":"https:\/\/mairie-montataire.fr\/en\/agenda\/rencontres\/reunions-de-quartier-bambier\/","title":{"rendered":"Neighbourhood meetings - Bambier"},"content":{"rendered":"<p><strong>It concerns :<\/strong><\/p>\n\n\n\n<ul class=\"wp-block-list\">\n<li>Avenue du 17 octobre 1961<\/li>\n\n\n\n<li>Rue de la R\u00e9volution Fran\u00e7aise<\/li>\n\n\n\n<li>Rue Olympe de Gouges<\/li>\n\n\n\n<li>Rue Maximilien Robespierre<\/li>\n\n\n\n<li>Rue du Chemin Blanc<\/li>\n\n\n\n<li>Rue Maurice Thorez<\/li>\n\n\n\n<li>Avenue Paul Vaillant Couturier<\/li>\n\n\n\n<li>Rue du Colonel Fabien<\/li>\n<\/ul>\n\n\n\n<h2 class=\"wp-block-heading\">Montataire and its budget: you have the floor!<\/h2>\n\n\n\n<p><strong>These meetings are at the heart of local democratic life and provide a valuable forum for exchange and citizen participation.&nbsp;<\/strong><\/p>\n\n\n\n<p>These meetings enable :<\/p>\n\n\n\n<ul style=\"padding-right:var(--wp--preset--spacing--60);padding-left:var(--wp--preset--spacing--60)\" class=\"wp-block-list\">\n<li style=\"font-style:normal;font-weight:400\">A presentation on the budget.&nbsp;<\/li>\n\n\n\n<li style=\"font-style:normal;font-weight:400\">To put questions directly to elected representatives and the municipal team.<\/li>\n\n\n\n<li style=\"font-style:normal;font-weight:400\">&nbsp;Talk to neighbours about neighbourhood issues.<\/li>\n\n\n\n<li style=\"font-style:normal;font-weight:400\">&nbsp;To help improve the quality of life in the neighbourhood.<\/li>\n<\/ul>","protected":false},"featured_media":6902,"parent":0,"template":"","meta":{"_acf_changed":true,"_uag_custom_page_level_css":""},"event-theme":[78],"class_list":["post-6928","event","type-event","status-publish","has-post-thumbnail","hentry","event-theme-rencontres"],"acf":[],"uagb_featured_image_src":{"full":["https:\/\/mairie-montataire.fr\/app\/uploads\/2024\/09\/Reu_quartier_2025-2026-HD381-x-284-Agenda-site-scaled.jpg",2560,1909,false],"thumbnail":["https:\/\/mairie-montataire.fr\/app\/uploads\/2024\/09\/Reu_quartier_2025-2026-HD381-x-284-Agenda-site-150x150.jpg",150,150,true],"medium":["https:\/\/mairie-montataire.fr\/app\/uploads\/2024\/09\/Reu_quartier_2025-2026-HD381-x-284-Agenda-site-300x224.jpg",300,224,true],"medium_large":["https:\/\/mairie-montataire.fr\/app\/uploads\/2024\/09\/Reu_quartier_2025-2026-HD381-x-284-Agenda-site-768x573.jpg",768,573,true],"large":["https:\/\/mairie-montataire.fr\/app\/uploads\/2024\/09\/Reu_quartier_2025-2026-HD381-x-284-Agenda-site-1024x764.jpg",1024,764,true],"1536x1536":["https:\/\/mairie-montataire.fr\/app\/uploads\/2024\/09\/Reu_quartier_2025-2026-HD381-x-284-Agenda-site-1536x1145.jpg",1536,1145,true],"2048x2048":["https:\/\/mairie-montataire.fr\/app\/uploads\/2024\/09\/Reu_quartier_2025-2026-HD381-x-284-Agenda-site-2048x1527.jpg",2048,1527,true],"trp-custom-language-flag":["https:\/\/mairie-montataire.fr\/app\/uploads\/2024\/09\/Reu_quartier_2025-2026-HD381-x-284-Agenda-site-16x12.jpg",16,12,true],"gform-image-choice-sm":["https:\/\/mairie-montataire.fr\/app\/uploads\/2024\/09\/Reu_quartier_2025-2026-HD381-x-284-Agenda-site-scaled.jpg",300,224,false],"gform-image-choice-md":["https:\/\/mairie-montataire.fr\/app\/uploads\/2024\/09\/Reu_quartier_2025-2026-HD381-x-284-Agenda-site-scaled.jpg",400,298,false],"gform-image-choice-lg":["https:\/\/mairie-montataire.fr\/app\/uploads\/2024\/09\/Reu_quartier_2025-2026-HD381-x-284-Agenda-site-scaled.jpg",600,447,false]},"uagb_author_info":{"display_name":"Laure Pubert","author_link":"https:\/\/mairie-montataire.fr\/en\/actualites\/author\/"},"uagb_comment_info":0,"uagb_excerpt":"Elle concerne : Montataire et son budget : vous avez la parole ! Ces rencontres sont le c\u0153ur de la vie d\u00e9mocratique locale et un espace pr\u00e9cieux pour l\u2019\u00e9change et la participation citoyenne.&nbsp; Ces r\u00e9unions permettent :","_links":{"self":[{"href":"https:\/\/mairie-montataire.fr\/en\/wp-json\/wp\/v2\/event\/6928","targetHints":{"allow":["GET"]}}],"collection":[{"href":"https:\/\/mairie-montataire.fr\/en\/wp-json\/wp\/v2\/event"}],"about":[{"href":"https:\/\/mairie-montataire.fr\/en\/wp-json\/wp\/v2\/types\/event"}],"wp:featuredmedia":[{"embeddable":true,"href":"https:\/\/mairie-montataire.fr\/en\/wp-json\/wp\/v2\/media\/6902"}],"wp:attachment":[{"href":"https:\/\/mairie-montataire.fr\/en\/wp-json\/wp\/v2\/media?parent=6928"}],"wp:term":[{"taxonomy":"event-theme","embeddable":true,"href":"https:\/\/mairie-montataire.fr\/en\/wp-json\/wp\/v2\/event-theme?post=6928"}],"curies":[{"name":"wp","href":"https:\/\/api.w.org\/{rel}","templated":true}]}}

<p><strong>It concerns :</strong></p>



<ul class="wp-block-list">
<li>Avenue du 17 octobre 1961</li>



<li>Rue de la Révolution Française</li>



<li>Rue Olympe de Gouges</li>



<li>Rue Maximilien Robespierre</li>



<li>Rue du Chemin Blanc</li>



<li>Rue Maurice Thorez</li>



<li>Avenue Paul Vaillant Couturier</li>



<li>Rue du Colonel Fabien</li>
</ul>



<h2 class="wp-block-heading">Montataire and its budget: you have the floor!</h2>



<p><strong>These meetings are at the heart of local democratic life and provide a valuable forum for exchange and citizen participation.&nbsp;</strong></p>



<p>These meetings enable :</p>



<ul style="padding-right:var(--wp--preset--spacing--60);padding-left:var(--wp--preset--spacing--60)" class="wp-block-list">
<li style="font-style:normal;font-weight:400">A presentation on the budget.&nbsp;</li>



<li style="font-style:normal;font-weight:400">To put questions directly to elected representatives and the municipal team.</li>



<li style="font-style:normal;font-weight:400">&nbsp;Talk to neighbours about neighbourhood issues.</li>



<li style="font-style:normal;font-weight:400">&nbsp;To help improve the quality of life in the neighbourhood.</li>
</ul>

Elle concerne : Montataire et son budget : vous avez la parole ! Ces rencontres sont le cœur de la vie démocratique locale et un espace précieux pour l’échange et la participation citoyenne.&nbsp; Ces réunions permettent :
