{"id":6880,"date":"2025-09-23T12:52:57","date_gmt":"2025-09-23T12:52:57","guid":{"rendered":"https:\/\/mairie-montataire.fr\/?post_type=event&#038;p=6880"},"modified":"2025-09-23T12:52:58","modified_gmt":"2025-09-23T12:52:58","slug":"carnival-of-possibilities","status":"publish","type":"event","link":"https:\/\/mairie-montataire.fr\/en\/agenda\/vie-associative\/carnaval-des-possibles\/","title":{"rendered":"Carnival of possibilities"},"content":{"rendered":"<p>Le <strong><a href=\"https:\/\/mairie-montataire.fr\/en\/directories\/associations\/solidarity\/carnival-of-possibilities\/\">Carnival of possibilities<\/a><\/strong> returns for its 8\u1d49 edition on <strong>Sunday 28 September 2025<\/strong>of <strong>10 a.m. to 6 p.m.<\/strong>at the <strong>Saint-Leu-d'Esserent<\/strong>.<\/p>\n\n\n\n<p>This free, festive day highlights local initiatives for a more sustainable world. <strong>fair, sustainable and inclusive<\/strong>This year's theme is : <em>\"Healthy, sustainable, socially responsible food<\/em>.<\/p>\n\n\n\n<p><strong>On the programme: <\/strong>farmers' market, cookery workshops, recycling centre, entertainment, shows, concerts, debates, community stands and games for all the family. Over 40 associations will be present.<\/p>\n\n\n\n<div class=\"wp-block-uagb-buttons uagb-buttons__outer-wrap uagb-btn__default-btn uagb-btn-tablet__default-btn uagb-btn-mobile__default-btn uagb-block-ab709c50\"><div class=\"uagb-buttons__wrap uagb-buttons-layout-wrap\">\n<div class=\"wp-block-uagb-buttons-child uagb-buttons__outer-wrap uagb-block-b414e00e wp-block-button\"><div class=\"uagb-button__wrapper\"><a class=\"uagb-buttons-repeater wp-block-button__link\" aria-label=\"\" href=\"https:\/\/www.carnavaldespossibles.com\/?fbclid=IwY2xjawM_dUtleHRuA2FlbQIxMABicmlkETF3YVVod0VoZFlLVzJHTnR2AR5f2WsE8iU1rIksZAeBOKzKvvpf9TWICJZJ90X9fNcLXiykvLoUQTiptQPdKQ_aem_22X1TFS9oDdAEa9S6xVAlg\" rel=\"follow noopener\" target=\"_blank\" role=\"button\"><div class=\"uagb-button__link\">Full programme and practical information on the official website<\/div><\/a><\/div><\/div>\n<\/div><\/div>\n\n\n\n<p><\/p>","protected":false},"featured_media":2768,"parent":0,"template":"","meta":{"_acf_changed":true,"_uag_custom_page_level_css":""},"event-theme":[73],"class_list":["post-6880","event","type-event","status-publish","has-post-thumbnail","hentry","event-theme-vie-associative"],"acf":[],"uagb_featured_image_src":{"full":["https:\/\/mairie-montataire.fr\/app\/uploads\/2024\/08\/Logo_CarnavalDesPossibles.jpg",270,230,false],"thumbnail":["https:\/\/mairie-montataire.fr\/app\/uploads\/2024\/08\/Logo_CarnavalDesPossibles-150x150.jpg",150,150,true],"medium":["https:\/\/mairie-montataire.fr\/app\/uploads\/2024\/08\/Logo_CarnavalDesPossibles.jpg",270,230,false],"medium_large":["https:\/\/mairie-montataire.fr\/app\/uploads\/2024\/08\/Logo_CarnavalDesPossibles.jpg",270,230,false],"large":["https:\/\/mairie-montataire.fr\/app\/uploads\/2024\/08\/Logo_CarnavalDesPossibles.jpg",270,230,false],"1536x1536":["https:\/\/mairie-montataire.fr\/app\/uploads\/2024\/08\/Logo_CarnavalDesPossibles.jpg",270,230,false],"2048x2048":["https:\/\/mairie-montataire.fr\/app\/uploads\/2024\/08\/Logo_CarnavalDesPossibles.jpg",270,230,false],"trp-custom-language-flag":["https:\/\/mairie-montataire.fr\/app\/uploads\/2024\/08\/Logo_CarnavalDesPossibles.jpg",14,12,false],"gform-image-choice-sm":["https:\/\/mairie-montataire.fr\/app\/uploads\/2024\/08\/Logo_CarnavalDesPossibles.jpg",270,230,false],"gform-image-choice-md":["https:\/\/mairie-montataire.fr\/app\/uploads\/2024\/08\/Logo_CarnavalDesPossibles.jpg",270,230,false],"gform-image-choice-lg":["https:\/\/mairie-montataire.fr\/app\/uploads\/2024\/08\/Logo_CarnavalDesPossibles.jpg",270,230,false]},"uagb_author_info":{"display_name":"Laure Pubert","author_link":"https:\/\/mairie-montataire.fr\/en\/actualites\/author\/"},"uagb_comment_info":0,"uagb_excerpt":"Le Carnaval des possibles revient pour sa 8\u1d49 \u00e9dition le dimanche 28 septembre 2025, de 10h \u00e0 18h, \u00e0 la base de loisirs de Saint-Leu-d\u2019Esserent. Cette journ\u00e9e gratuite et festive met \u00e0 l\u2019honneur les initiatives locales pour un monde plus juste, durable et solidaire, avec pour th\u00e8me cette ann\u00e9e : \u00ab Une alimentation saine, durable&hellip;","_links":{"self":[{"href":"https:\/\/mairie-montataire.fr\/en\/wp-json\/wp\/v2\/event\/6880","targetHints":{"allow":["GET"]}}],"collection":[{"href":"https:\/\/mairie-montataire.fr\/en\/wp-json\/wp\/v2\/event"}],"about":[{"href":"https:\/\/mairie-montataire.fr\/en\/wp-json\/wp\/v2\/types\/event"}],"wp:featuredmedia":[{"embeddable":true,"href":"https:\/\/mairie-montataire.fr\/en\/wp-json\/wp\/v2\/media\/2768"}],"wp:attachment":[{"href":"https:\/\/mairie-montataire.fr\/en\/wp-json\/wp\/v2\/media?parent=6880"}],"wp:term":[{"taxonomy":"event-theme","embeddable":true,"href":"https:\/\/mairie-montataire.fr\/en\/wp-json\/wp\/v2\/event-theme?post=6880"}],"curies":[{"name":"wp","href":"https:\/\/api.w.org\/{rel}","templated":true}]}}

<p>Le <strong><a href="https://mairie-montataire.fr/en/directories/associations/solidarity/carnival-of-possibilities/">Carnival of possibilities</a></strong> returns for its 8ᵉ edition on <strong>Sunday 28 September 2025</strong>of <strong>10 a.m. to 6 p.m.</strong>at the <strong>Saint-Leu-d'Esserent</strong>.</p>



<p>This free, festive day highlights local initiatives for a more sustainable world. <strong>fair, sustainable and inclusive</strong>This year's theme is : <em>"Healthy, sustainable, socially responsible food</em>.</p>



<p><strong>On the programme: </strong>farmers' market, cookery workshops, recycling centre, entertainment, shows, concerts, debates, community stands and games for all the family. Over 40 associations will be present.</p>



<div class="wp-block-uagb-buttons uagb-buttons__outer-wrap uagb-btn__default-btn uagb-btn-tablet__default-btn uagb-btn-mobile__default-btn uagb-block-ab709c50"><div class="uagb-buttons__wrap uagb-buttons-layout-wrap">
<div class="wp-block-uagb-buttons-child uagb-buttons__outer-wrap uagb-block-b414e00e wp-block-button"><div class="uagb-button__wrapper"><a class="uagb-buttons-repeater wp-block-button__link" aria-label="" href="https://www.carnavaldespossibles.com/?fbclid=IwY2xjawM_dUtleHRuA2FlbQIxMABicmlkETF3YVVod0VoZFlLVzJHTnR2AR5f2WsE8iU1rIksZAeBOKzKvvpf9TWICJZJ90X9fNcLXiykvLoUQTiptQPdKQ_aem_22X1TFS9oDdAEa9S6xVAlg" rel="follow noopener" target="_blank" role="button"><div class="uagb-button__link">Full programme and practical information on the official website</div></a></div></div>
</div></div>



<p></p>

Le Carnaval des possibles revient pour sa 8ᵉ édition le dimanche 28 septembre 2025, de 10h à 18h, à la base de loisirs de Saint-Leu-d’Esserent. Cette journée gratuite et festive met à l’honneur les initiatives locales pour un monde plus juste, durable et solidaire, avec pour thème cette année : « Une alimentation saine, durable&hellip;
