{"id":6878,"date":"2025-09-23T12:41:47","date_gmt":"2025-09-23T12:41:47","guid":{"rendered":"https:\/\/mairie-montataire.fr\/?post_type=event&#038;p=6878"},"modified":"2025-09-23T12:41:48","modified_gmt":"2025-09-23T12:41:48","slug":"lets-learn-together-how-to-sort-our-waste","status":"publish","type":"event","link":"https:\/\/mairie-montataire.fr\/en\/agenda\/information\/ensemble-apprenons-comment-trier-nos-dechets\/","title":{"rendered":"Let's learn together how to sort our waste"},"content":{"rendered":"<p>The town of Montataire, in partnership with SA HLM de l'Oise, is organising a <strong>afternoon to raise awareness of waste management<\/strong> the <strong>Wednesday 24 September 2025<\/strong>at the Colonel Fabien residence.<\/p>\n\n\n\n<h3 class=\"wp-block-heading\">Why this action?<\/h3>\n\n\n\n<p>Despite the recent renovation of the buildings on rue Colonel Fabien, waste management remains a daily challenge. Damaged rubbish bins, unauthorised dumping of bulky items, bags abandoned in public spaces: such behaviour is detrimental to the quality of life and image of the district.<br>That's why the City and its partners are working to help residents adopt good sorting habits and respect common spaces.<\/p>\n\n\n\n<h3 class=\"wp-block-heading\">The afternoon programme<\/h3>\n\n\n\n<p>From <strong>2pm to 4pm<\/strong> :<\/p>\n\n\n\n<ul class=\"wp-block-list\">\n<li style=\"font-style:normal;font-weight:400\">Door-to-door distribution of reusable shopping bags<\/li>\n\n\n\n<li style=\"font-style:normal;font-weight:400\">Samji workshop (creative and participative)<\/li>\n<\/ul>\n\n\n\n<p>From <strong>4pm to 6pm<\/strong> :<\/p>\n\n\n\n<ul class=\"wp-block-list\">\n<li style=\"font-style:normal;font-weight:400\">Educational workshop on selective sorting<\/li>\n\n\n\n<li style=\"font-style:normal;font-weight:400\">Stand for creating your waste collection centre card<\/li>\n\n\n\n<li style=\"font-style:normal;font-weight:400\">Mobile recycling centre<\/li>\n\n\n\n<li style=\"font-style:normal;font-weight:400\">Exhibition and awareness-raising events<\/li>\n\n\n\n<li style=\"font-style:normal;font-weight:400\">Information stand on the use of bio-buckets<\/li>\n\n\n\n<li style=\"font-style:normal;font-weight:400\">Samji workshop<\/li>\n\n\n\n<li style=\"font-style:normal;font-weight:400\">Snack hosted by SA HLM de l'Oise<\/li>\n<\/ul>\n\n\n\n<h3 class=\"wp-block-heading\">What happens next?<\/h3>\n\n\n\n<p>The action will continue with :<\/p>\n\n\n\n<ul class=\"wp-block-list\">\n<li style=\"font-style:normal;font-weight:400\"><strong>Accompanied bulky goods collection<\/strong>the <strong>Tuesday 14 October<\/strong>in the car park at 38 rue Colonel Fabien.<\/li>\n\n\n\n<li style=\"font-style:normal;font-weight:400\"><strong>A visit to the sorting centre<\/strong>the <strong>Wednesday 22 October<\/strong>from 10am to 12pm, with transport provided by SA HLM de l'Oise.<\/li>\n<\/ul>\n\n\n\n<h3 class=\"wp-block-heading\">A collective effort<\/h3>\n\n\n\n<p>This event is organised with the support of the <strong>SA HLM de l'Oise<\/strong>and <strong>sorting ambassadors<\/strong>the <strong>City Policy Department<\/strong>the <strong>Creil Sud Oise urban community (ACSO)<\/strong>and several local associations.<\/p>","protected":false},"featured_media":6879,"parent":0,"template":"","meta":{"_acf_changed":true,"_uag_custom_page_level_css":""},"event-theme":[91],"class_list":["post-6878","event","type-event","status-publish","has-post-thumbnail","hentry","event-theme-information"],"acf":[],"uagb_featured_image_src":{"full":["https:\/\/mairie-montataire.fr\/app\/uploads\/2025\/09\/Agenda_actionTriColonelFabien.jpg",450,335,false],"thumbnail":["https:\/\/mairie-montataire.fr\/app\/uploads\/2025\/09\/Agenda_actionTriColonelFabien-150x150.jpg",150,150,true],"medium":["https:\/\/mairie-montataire.fr\/app\/uploads\/2025\/09\/Agenda_actionTriColonelFabien-300x223.jpg",300,223,true],"medium_large":["https:\/\/mairie-montataire.fr\/app\/uploads\/2025\/09\/Agenda_actionTriColonelFabien.jpg",450,335,false],"large":["https:\/\/mairie-montataire.fr\/app\/uploads\/2025\/09\/Agenda_actionTriColonelFabien.jpg",450,335,false],"1536x1536":["https:\/\/mairie-montataire.fr\/app\/uploads\/2025\/09\/Agenda_actionTriColonelFabien.jpg",450,335,false],"2048x2048":["https:\/\/mairie-montataire.fr\/app\/uploads\/2025\/09\/Agenda_actionTriColonelFabien.jpg",450,335,false],"trp-custom-language-flag":["https:\/\/mairie-montataire.fr\/app\/uploads\/2025\/09\/Agenda_actionTriColonelFabien-16x12.jpg",16,12,true],"gform-image-choice-sm":["https:\/\/mairie-montataire.fr\/app\/uploads\/2025\/09\/Agenda_actionTriColonelFabien.jpg",300,223,false],"gform-image-choice-md":["https:\/\/mairie-montataire.fr\/app\/uploads\/2025\/09\/Agenda_actionTriColonelFabien.jpg",400,298,false],"gform-image-choice-lg":["https:\/\/mairie-montataire.fr\/app\/uploads\/2025\/09\/Agenda_actionTriColonelFabien.jpg",450,335,false]},"uagb_author_info":{"display_name":"Laure Pubert","author_link":"https:\/\/mairie-montataire.fr\/en\/actualites\/author\/"},"uagb_comment_info":0,"uagb_excerpt":"La Ville de Montataire, en partenariat avec la SA HLM de l\u2019Oise, organisent une apr\u00e8s-midi de sensibilisation \u00e0 la gestion des d\u00e9chets le mercredi 24 septembre 2025, \u00e0 la r\u00e9sidence Colonel Fabien. Pourquoi cette action ? Malgr\u00e9 les r\u00e9habilitations r\u00e9centes des immeubles situ\u00e9s rue Colonel Fabien, la gestion des d\u00e9chets reste un d\u00e9fi quotidien. Locaux&hellip;","_links":{"self":[{"href":"https:\/\/mairie-montataire.fr\/en\/wp-json\/wp\/v2\/event\/6878","targetHints":{"allow":["GET"]}}],"collection":[{"href":"https:\/\/mairie-montataire.fr\/en\/wp-json\/wp\/v2\/event"}],"about":[{"href":"https:\/\/mairie-montataire.fr\/en\/wp-json\/wp\/v2\/types\/event"}],"wp:featuredmedia":[{"embeddable":true,"href":"https:\/\/mairie-montataire.fr\/en\/wp-json\/wp\/v2\/media\/6879"}],"wp:attachment":[{"href":"https:\/\/mairie-montataire.fr\/en\/wp-json\/wp\/v2\/media?parent=6878"}],"wp:term":[{"taxonomy":"event-theme","embeddable":true,"href":"https:\/\/mairie-montataire.fr\/en\/wp-json\/wp\/v2\/event-theme?post=6878"}],"curies":[{"name":"wp","href":"https:\/\/api.w.org\/{rel}","templated":true}]}}

La Ville de Montataire, en partenariat avec la SA HLM de l’Oise, organisent une après-midi de sensibilisation à la gestion des déchets le mercredi 24 septembre 2025, à la résidence Colonel Fabien. Pourquoi cette action ? Malgré les réhabilitations récentes des immeubles situés rue Colonel Fabien, la gestion des déchets reste un défi quotidien. Locaux&hellip;
