{"id":6799,"date":"2025-08-27T08:00:00","date_gmt":"2025-08-27T08:00:00","guid":{"rendered":"https:\/\/mairie-montataire.fr\/?post_type=event&#038;p=6799"},"modified":"2025-08-22T06:57:12","modified_gmt":"2025-08-22T06:57:12","slug":"open-doors-at-emm-fitness","status":"publish","type":"event","link":"https:\/\/mairie-montataire.fr\/en\/agenda\/vie-associative\/portes-ouvertes-emm-fitness\/","title":{"rendered":"EMM Open House - Fitness"},"content":{"rendered":"<p>The association <a href=\"https:\/\/mairie-montataire.fr\/en\/directories\/associations\/sport\/esperance-municipale-de-montataire\/\">Esp\u00e9rance Municipale de Montataire<\/a> offers gymnastics for young children aged 15 months and over, both able-bodied and disabled children. <\/p>\n\n\n\n<p><strong>On the programme:<\/strong>&nbsp;<\/p>\n\n\n\n<ul class=\"wp-block-list\">\n<li style=\"font-style:normal;font-weight:400\">pilates<\/li>\n\n\n\n<li style=\"font-style:normal;font-weight:400\">yoga<\/li>\n\n\n\n<li style=\"font-style:normal;font-weight:400\">stretching<\/li>\n\n\n\n<li style=\"font-style:normal;font-weight:400\">health and well-being gym<\/li>\n\n\n\n<li style=\"font-style:normal;font-weight:400\">cardio (dance, boxing, jumping)<\/li>\n\n\n\n<li style=\"font-style:normal;font-weight:400\">muscle strengthening<\/li>\n\n\n\n<li style=\"font-style:normal;font-weight:400\">Papa gym (muscle strengthening, cardio and discovery of apparatus: rings, bars, etc.)<\/li>\n<\/ul>\n\n\n\n<p><strong>From 8 to 19 September<\/strong>The exact days, times, courses and descriptions are given on their website. <a href=\"https:\/\/montatairegym.fr\/activites-tarifs-et-horaires\/\" target=\"_blank\" rel=\"noreferrer noopener\">website<\/a>. You need a mat or towel.<\/p>\n\n\n\n<figure class=\"wp-block-image aligncenter size-large\"><img loading=\"lazy\" decoding=\"async\" width=\"1024\" height=\"683\" src=\"https:\/\/mairie-montataire.fr\/app\/uploads\/2025\/08\/FITNESS2-1024x683.jpg\" alt=\"\" class=\"wp-image-6797\" srcset=\"https:\/\/mairie-montataire.fr\/app\/uploads\/2025\/08\/FITNESS2-1024x683.jpg 1024w, https:\/\/mairie-montataire.fr\/app\/uploads\/2025\/08\/FITNESS2-300x200.jpg 300w, https:\/\/mairie-montataire.fr\/app\/uploads\/2025\/08\/FITNESS2-768x512.jpg 768w, https:\/\/mairie-montataire.fr\/app\/uploads\/2025\/08\/FITNESS2-1536x1024.jpg 1536w, https:\/\/mairie-montataire.fr\/app\/uploads\/2025\/08\/FITNESS2-18x12.jpg 18w, https:\/\/mairie-montataire.fr\/app\/uploads\/2025\/08\/FITNESS2.jpg 1837w\" sizes=\"auto, (max-width: 1024px) 100vw, 1024px\" \/><\/figure>\n\n\n\n<p class=\"has-text-align-center\"><em>Esp\u00e9rance Municipale de Montataire<\/em><\/p>\n\n\n\n<p>Other activities : <\/p>\n\n\n\n<ul class=\"wp-block-list\">\n<li style=\"font-style:normal;font-weight:400\">Early years from 15 months, able-bodied and disabled children, Wednesday mornings 10 and Saturday mornings 13 September. Timetable according to year of birth.<\/li>\n\n\n\n<li style=\"font-style:normal;font-weight:400\">Parkour, urban gymnastics for 2016, 2015 and older, Wednesday 10 from 8pm to 9.15pm and Friday 12 September from 8.15pm to 9.30pm.\u00a0<\/li>\n\n\n\n<li style=\"font-style:normal;font-weight:400\">Handi gym, for adults in care homes, IME... or at home, on request. Sessions are fun and friendly.<\/li>\n\n\n\n<li style=\"font-style:normal;font-weight:400\">Leisure and competitive apparatus gymnastics for ages 6 and over.<\/li>\n<\/ul>\n\n\n\n<p><\/p>","protected":false},"featured_media":6797,"parent":0,"template":"","meta":{"_acf_changed":true,"_uag_custom_page_level_css":""},"event-theme":[73],"class_list":["post-6799","event","type-event","status-publish","has-post-thumbnail","hentry","event-theme-vie-associative"],"acf":[],"uagb_featured_image_src":{"full":["https:\/\/mairie-montataire.fr\/app\/uploads\/2025\/08\/FITNESS2.jpg",1837,1225,false],"thumbnail":["https:\/\/mairie-montataire.fr\/app\/uploads\/2025\/08\/FITNESS2-150x150.jpg",150,150,true],"medium":["https:\/\/mairie-montataire.fr\/app\/uploads\/2025\/08\/FITNESS2-300x200.jpg",300,200,true],"medium_large":["https:\/\/mairie-montataire.fr\/app\/uploads\/2025\/08\/FITNESS2-768x512.jpg",768,512,true],"large":["https:\/\/mairie-montataire.fr\/app\/uploads\/2025\/08\/FITNESS2-1024x683.jpg",1024,683,true],"1536x1536":["https:\/\/mairie-montataire.fr\/app\/uploads\/2025\/08\/FITNESS2-1536x1024.jpg",1536,1024,true],"2048x2048":["https:\/\/mairie-montataire.fr\/app\/uploads\/2025\/08\/FITNESS2.jpg",1837,1225,false],"trp-custom-language-flag":["https:\/\/mairie-montataire.fr\/app\/uploads\/2025\/08\/FITNESS2-18x12.jpg",18,12,true],"gform-image-choice-sm":["https:\/\/mairie-montataire.fr\/app\/uploads\/2025\/08\/FITNESS2.jpg",300,200,false],"gform-image-choice-md":["https:\/\/mairie-montataire.fr\/app\/uploads\/2025\/08\/FITNESS2.jpg",400,267,false],"gform-image-choice-lg":["https:\/\/mairie-montataire.fr\/app\/uploads\/2025\/08\/FITNESS2.jpg",600,400,false]},"uagb_author_info":{"display_name":"Laure Pubert","author_link":"https:\/\/mairie-montataire.fr\/en\/actualites\/author\/"},"uagb_comment_info":0,"uagb_excerpt":"L&rsquo;association Esp\u00e9rance Municipale de Montataire vous propose de la gym pour a petite enfance d\u00e8s 15 mois, enfants valides ou en situation de handicap. Au programme :&nbsp; Du 8 au 19 septembre, les jours pr\u00e9cis, les horaires, cours et descriptif sont indiqu\u00e9s sur leur site. Il faut avoir un tapis ou serviette. \u00a9 Esp\u00e9rance Municipale&hellip;","_links":{"self":[{"href":"https:\/\/mairie-montataire.fr\/en\/wp-json\/wp\/v2\/event\/6799","targetHints":{"allow":["GET"]}}],"collection":[{"href":"https:\/\/mairie-montataire.fr\/en\/wp-json\/wp\/v2\/event"}],"about":[{"href":"https:\/\/mairie-montataire.fr\/en\/wp-json\/wp\/v2\/types\/event"}],"wp:featuredmedia":[{"embeddable":true,"href":"https:\/\/mairie-montataire.fr\/en\/wp-json\/wp\/v2\/media\/6797"}],"wp:attachment":[{"href":"https:\/\/mairie-montataire.fr\/en\/wp-json\/wp\/v2\/media?parent=6799"}],"wp:term":[{"taxonomy":"event-theme","embeddable":true,"href":"https:\/\/mairie-montataire.fr\/en\/wp-json\/wp\/v2\/event-theme?post=6799"}],"curies":[{"name":"wp","href":"https:\/\/api.w.org\/{rel}","templated":true}]}}

<p>The association <a href="https://mairie-montataire.fr/en/directories/associations/sport/esperance-municipale-de-montataire/">Espérance Municipale de Montataire</a> offers gymnastics for young children aged 15 months and over, both able-bodied and disabled children. </p>



<p><strong>On the programme:</strong>&nbsp;</p>



<ul class="wp-block-list">
<li style="font-style:normal;font-weight:400">pilates</li>



<li style="font-style:normal;font-weight:400">yoga</li>



<li style="font-style:normal;font-weight:400">stretching</li>



<li style="font-style:normal;font-weight:400">health and well-being gym</li>



<li style="font-style:normal;font-weight:400">cardio (dance, boxing, jumping)</li>



<li style="font-style:normal;font-weight:400">muscle strengthening</li>



<li style="font-style:normal;font-weight:400">Papa gym (muscle strengthening, cardio and discovery of apparatus: rings, bars, etc.)</li>
</ul>



<p><strong>From 8 to 19 September</strong>The exact days, times, courses and descriptions are given on their website. <a href="https://montatairegym.fr/activites-tarifs-et-horaires/" target="_blank" rel="noreferrer noopener">website</a>. You need a mat or towel.</p>



<figure class="wp-block-image aligncenter size-large"><img loading="lazy" decoding="async" width="1024" height="683" src="https://mairie-montataire.fr/app/uploads/2025/08/FITNESS2-1024x683.jpg" alt="" class="wp-image-6797" srcset="https://mairie-montataire.fr/app/uploads/2025/08/FITNESS2-1024x683.jpg 1024w, https://mairie-montataire.fr/app/uploads/2025/08/FITNESS2-300x200.jpg 300w, https://mairie-montataire.fr/app/uploads/2025/08/FITNESS2-768x512.jpg 768w, https://mairie-montataire.fr/app/uploads/2025/08/FITNESS2-1536x1024.jpg 1536w, https://mairie-montataire.fr/app/uploads/2025/08/FITNESS2-18x12.jpg 18w, https://mairie-montataire.fr/app/uploads/2025/08/FITNESS2.jpg 1837w" sizes="auto, (max-width: 1024px) 100vw, 1024px" /></figure>



<p class="has-text-align-center"><em>Espérance Municipale de Montataire</em></p>



<p>Other activities : </p>



<ul class="wp-block-list">
<li style="font-style:normal;font-weight:400">Early years from 15 months, able-bodied and disabled children, Wednesday mornings 10 and Saturday mornings 13 September. Timetable according to year of birth.</li>



<li style="font-style:normal;font-weight:400">Parkour, urban gymnastics for 2016, 2015 and older, Wednesday 10 from 8pm to 9.15pm and Friday 12 September from 8.15pm to 9.30pm. </li>



<li style="font-style:normal;font-weight:400">Handi gym, for adults in care homes, IME... or at home, on request. Sessions are fun and friendly.</li>



<li style="font-style:normal;font-weight:400">Leisure and competitive apparatus gymnastics for ages 6 and over.</li>
</ul>



<p></p>

L&rsquo;association Espérance Municipale de Montataire vous propose de la gym pour a petite enfance dès 15 mois, enfants valides ou en situation de handicap. Au programme :&nbsp; Du 8 au 19 septembre, les jours précis, les horaires, cours et descriptif sont indiqués sur leur site. Il faut avoir un tapis ou serviette. © Espérance Municipale&hellip;
