{"id":6787,"date":"2025-09-06T08:33:00","date_gmt":"2025-09-06T08:33:00","guid":{"rendered":"https:\/\/mairie-montataire.fr\/?post_type=event&#038;p=6787"},"modified":"2025-08-21T13:47:17","modified_gmt":"2025-08-21T13:47:17","slug":"heritage-days","status":"publish","type":"event","link":"https:\/\/mairie-montataire.fr\/en\/agenda\/culture\/journees-du-patrimoine\/","title":{"rendered":"Heritage Days"},"content":{"rendered":"<p>For the <strong>European Heritage Days<\/strong>the City of Montataire and the <strong>remembrance and heritage associations<\/strong> are joining forces to bring you a rich and varied programme.<\/p>\n\n\n\n<p>The theme of the 2025 edition will be :<br><strong>\"Tell me about a castle... from the Middle Ages to the present day!<\/strong><\/p>\n\n\n\n<p>Castles, witnesses to the past, continue to arouse our curiosity and feed our collective history. Over the weekend, the <strong>Ch\u00e2teau de Montataire<\/strong>the <strong>Collegiate church of Notre-Dame<\/strong> and the <strong>Petit Ch\u00e2teau Khardys<\/strong> will be opening their doors to help you discover how history has met modern times, through places, people and traditions.<\/p>\n\n\n\n<h2 class=\"wp-block-heading\">Weekend programme<\/h2>\n\n\n\n<h3 class=\"wp-block-heading\">Visits to Ch\u00e2teau de Montataire<\/h3>\n\n\n\n<p>Immerse yourself in history by visiting :<\/p>\n\n\n\n<ul class=\"wp-block-list\">\n<li style=\"font-style:normal;font-weight:400\">the library<\/li>\n\n\n\n<li style=\"font-style:normal;font-weight:400\">the weapons room<\/li>\n\n\n\n<li style=\"font-style:normal;font-weight:400\">the guard room<\/li>\n\n\n\n<li style=\"font-style:normal;font-weight:400\">the stable<\/li>\n<\/ul>\n\n\n\n<h3 class=\"wp-block-heading\">Exhibitions and events at the Coll\u00e9giale Notre-Dame<\/h3>\n\n\n\n<ul class=\"wp-block-list\">\n<li style=\"font-style:normal;font-weight:400\">Exhibition of stained glass windows in the abbey church of Saint-Leu d'Esserent<\/li>\n\n\n\n<li style=\"font-style:normal;font-weight:400\">Draw me a castle\" exhibition with children's drawings and public vote<\/li>\n\n\n\n<li style=\"font-style:normal;font-weight:400\">Fashion from the Middle Ages to the present day<\/li>\n\n\n\n<li style=\"font-style:normal;font-weight:400\">Workshops for all:\n<ul class=\"wp-block-list\">\n<li>manufacture of stained glass (paper) and mosaics<\/li>\n\n\n\n<li>historic recipes<\/li>\n\n\n\n<li>calligraphy and illumination<\/li>\n\n\n\n<li>introduction to fencing and archery<\/li>\n<\/ul>\n<\/li>\n<\/ul>\n\n\n\n<h3 class=\"wp-block-heading\">Complementary discoveries<\/h3>\n\n\n\n<p>Visits to the <strong>Petit Ch\u00e2teau Khardys<\/strong> and <strong>Barn<\/strong> (Saturday and Sunday from 2pm to 4pm).<\/p>\n\n\n\n<h3 class=\"wp-block-heading\">Musical closing at 4.30pm<\/h3>\n\n\n\n<p>A concert by<strong>AMEM<\/strong> will conclude these two days at the Coll\u00e9giale.<\/p>\n\n\n\n<h2 class=\"wp-block-heading\">For children<\/h2>\n\n\n\n<ul class=\"wp-block-list\">\n<li>Discovery game passports available<\/li>\n\n\n\n<li>Reading sessions for younger children in the guards' room (with books available for family time throughout the weekend).<\/li>\n<\/ul>\n\n\n\n<p>These European Heritage Days are organised by <strong>by the town of Montataire and local remembrance and heritage associations<\/strong>.<br>It's a unique opportunity for families to share, learn and rediscover together the richness of our history.<\/p>\n\n\n\n<p><strong>Be curious, come one, come all!<\/strong><\/p>","protected":false},"featured_media":6788,"parent":0,"template":"","meta":{"_acf_changed":true,"_uag_custom_page_level_css":""},"event-theme":[72],"class_list":["post-6787","event","type-event","status-publish","has-post-thumbnail","hentry","event-theme-culture"],"acf":[],"uagb_featured_image_src":{"full":["https:\/\/mairie-montataire.fr\/app\/uploads\/2025\/08\/Actu_JourneesPatrimoine25.jpg",450,335,false],"thumbnail":["https:\/\/mairie-montataire.fr\/app\/uploads\/2025\/08\/Actu_JourneesPatrimoine25-150x150.jpg",150,150,true],"medium":["https:\/\/mairie-montataire.fr\/app\/uploads\/2025\/08\/Actu_JourneesPatrimoine25-300x223.jpg",300,223,true],"medium_large":["https:\/\/mairie-montataire.fr\/app\/uploads\/2025\/08\/Actu_JourneesPatrimoine25.jpg",450,335,false],"large":["https:\/\/mairie-montataire.fr\/app\/uploads\/2025\/08\/Actu_JourneesPatrimoine25.jpg",450,335,false],"1536x1536":["https:\/\/mairie-montataire.fr\/app\/uploads\/2025\/08\/Actu_JourneesPatrimoine25.jpg",450,335,false],"2048x2048":["https:\/\/mairie-montataire.fr\/app\/uploads\/2025\/08\/Actu_JourneesPatrimoine25.jpg",450,335,false],"trp-custom-language-flag":["https:\/\/mairie-montataire.fr\/app\/uploads\/2025\/08\/Actu_JourneesPatrimoine25-16x12.jpg",16,12,true],"gform-image-choice-sm":["https:\/\/mairie-montataire.fr\/app\/uploads\/2025\/08\/Actu_JourneesPatrimoine25.jpg",300,223,false],"gform-image-choice-md":["https:\/\/mairie-montataire.fr\/app\/uploads\/2025\/08\/Actu_JourneesPatrimoine25.jpg",400,298,false],"gform-image-choice-lg":["https:\/\/mairie-montataire.fr\/app\/uploads\/2025\/08\/Actu_JourneesPatrimoine25.jpg",450,335,false]},"uagb_author_info":{"display_name":"Laure Pubert","author_link":"https:\/\/mairie-montataire.fr\/en\/actualites\/author\/"},"uagb_comment_info":0,"uagb_excerpt":"\u00c0 l\u2019occasion des Journ\u00e9es Europ\u00e9ennes du Patrimoine, la Ville de Montataire et les associations de m\u00e9moire et de patrimoine s\u2019associent pour vous proposer un programme riche et vari\u00e9. Cette \u00e9dition 2025 sera plac\u00e9e sous le th\u00e8me :\u00ab Raconte-moi un ch\u00e2teau\u2026 du Moyen \u00c2ge \u00e0 nos jours ! \u00bb Les ch\u00e2teaux, t\u00e9moins du pass\u00e9, continuent d\u2019\u00e9veiller&hellip;","_links":{"self":[{"href":"https:\/\/mairie-montataire.fr\/en\/wp-json\/wp\/v2\/event\/6787","targetHints":{"allow":["GET"]}}],"collection":[{"href":"https:\/\/mairie-montataire.fr\/en\/wp-json\/wp\/v2\/event"}],"about":[{"href":"https:\/\/mairie-montataire.fr\/en\/wp-json\/wp\/v2\/types\/event"}],"wp:featuredmedia":[{"embeddable":true,"href":"https:\/\/mairie-montataire.fr\/en\/wp-json\/wp\/v2\/media\/6788"}],"wp:attachment":[{"href":"https:\/\/mairie-montataire.fr\/en\/wp-json\/wp\/v2\/media?parent=6787"}],"wp:term":[{"taxonomy":"event-theme","embeddable":true,"href":"https:\/\/mairie-montataire.fr\/en\/wp-json\/wp\/v2\/event-theme?post=6787"}],"curies":[{"name":"wp","href":"https:\/\/api.w.org\/{rel}","templated":true}]}}

<p>For the <strong>European Heritage Days</strong>the City of Montataire and the <strong>remembrance and heritage associations</strong> are joining forces to bring you a rich and varied programme.</p>



<p>The theme of the 2025 edition will be :<br><strong>"Tell me about a castle... from the Middle Ages to the present day!</strong></p>



<p>Castles, witnesses to the past, continue to arouse our curiosity and feed our collective history. Over the weekend, the <strong>Château de Montataire</strong>the <strong>Collegiate church of Notre-Dame</strong> and the <strong>Petit Château Khardys</strong> will be opening their doors to help you discover how history has met modern times, through places, people and traditions.</p>



<h2 class="wp-block-heading">Weekend programme</h2>



<h3 class="wp-block-heading">Visits to Château de Montataire</h3>



<p>Immerse yourself in history by visiting :</p>



<ul class="wp-block-list">
<li style="font-style:normal;font-weight:400">the library</li>



<li style="font-style:normal;font-weight:400">the weapons room</li>



<li style="font-style:normal;font-weight:400">the guard room</li>



<li style="font-style:normal;font-weight:400">the stable</li>
</ul>



<h3 class="wp-block-heading">Exhibitions and events at the Collégiale Notre-Dame</h3>



<ul class="wp-block-list">
<li style="font-style:normal;font-weight:400">Exhibition of stained glass windows in the abbey church of Saint-Leu d'Esserent</li>



<li style="font-style:normal;font-weight:400">Draw me a castle" exhibition with children's drawings and public vote</li>



<li style="font-style:normal;font-weight:400">Fashion from the Middle Ages to the present day</li>



<li style="font-style:normal;font-weight:400">Workshops for all:
<ul class="wp-block-list">
<li>manufacture of stained glass (paper) and mosaics</li>



<li>historic recipes</li>



<li>calligraphy and illumination</li>



<li>introduction to fencing and archery</li>
</ul>
</li>
</ul>



<h3 class="wp-block-heading">Complementary discoveries</h3>



<p>Visits to the <strong>Petit Château Khardys</strong> and <strong>Barn</strong> (Saturday and Sunday from 2pm to 4pm).</p>



<h3 class="wp-block-heading">Musical closing at 4.30pm</h3>



<p>A concert by<strong>AMEM</strong> will conclude these two days at the Collégiale.</p>



<h2 class="wp-block-heading">For children</h2>



<ul class="wp-block-list">
<li>Discovery game passports available</li>



<li>Reading sessions for younger children in the guards' room (with books available for family time throughout the weekend).</li>
</ul>



<p>These European Heritage Days are organised by <strong>by the town of Montataire and local remembrance and heritage associations</strong>.<br>It's a unique opportunity for families to share, learn and rediscover together the richness of our history.</p>



<p><strong>Be curious, come one, come all!</strong></p>

À l’occasion des Journées Européennes du Patrimoine, la Ville de Montataire et les associations de mémoire et de patrimoine s’associent pour vous proposer un programme riche et varié. Cette édition 2025 sera placée sous le thème :« Raconte-moi un château… du Moyen Âge à nos jours ! » Les châteaux, témoins du passé, continuent d’éveiller&hellip;
