{"id":6730,"date":"2025-08-16T06:00:00","date_gmt":"2025-08-16T06:00:00","guid":{"rendered":"https:\/\/mairie-montataire.fr\/?post_type=event&#038;p=6730"},"modified":"2025-08-12T13:32:21","modified_gmt":"2025-08-12T13:32:21","slug":"associations-festival","status":"publish","type":"event","link":"https:\/\/mairie-montataire.fr\/en\/agenda\/vie-associative\/fete-des-associations\/","title":{"rendered":"Association Festival"},"content":{"rendered":"<p>Dozens of Montatairi associations will be on hand to showcase the diversity of their activities: sports, music, activism, cultural exchanges, mycology, photography... and much more besides.<br>This year's event will take place <strong>indoors and outdoors<\/strong>r, with <strong>demonstrations<\/strong>and <strong>inflatable structures<\/strong> and a <strong>make-up stand <\/strong>for children.<\/p>\n\n\n\n<p><strong>It's the perfect way to discover new passions and share some family fun, right on your doorstep.<\/strong><\/p>\n\n\n\n<div class=\"wp-block-uagb-buttons uagb-buttons__outer-wrap uagb-btn__default-btn uagb-btn-tablet__default-btn uagb-btn-mobile__default-btn uagb-block-0b8c87de\"><div class=\"uagb-buttons__wrap uagb-buttons-layout-wrap\">\n<div class=\"wp-block-uagb-buttons-child uagb-buttons__outer-wrap uagb-block-90b8d8db wp-block-button\"><div class=\"uagb-button__wrapper\"><a class=\"uagb-buttons-repeater wp-block-button__link\" aria-label=\"\" href=\"https:\/\/mairie-montataire.fr\/en\/directories\/?categorie=associations&amp;ordre=a-z\" rel=\"follow noopener\" target=\"_self\" role=\"button\"><div class=\"uagb-button__link\">List of associations in Montataire<\/div><\/a><\/div><\/div>\n<\/div><\/div>\n\n\n\n<p><\/p>","protected":false},"featured_media":6731,"parent":0,"template":"","meta":{"_acf_changed":false,"_uag_custom_page_level_css":""},"event-theme":[73],"class_list":["post-6730","event","type-event","status-publish","has-post-thumbnail","hentry","event-theme-vie-associative"],"acf":[],"uagb_featured_image_src":{"full":["https:\/\/mairie-montataire.fr\/app\/uploads\/2025\/08\/Fete-des-assos_2025-Actu-site.jpg",1191,842,false],"thumbnail":["https:\/\/mairie-montataire.fr\/app\/uploads\/2025\/08\/Fete-des-assos_2025-Actu-site-150x150.jpg",150,150,true],"medium":["https:\/\/mairie-montataire.fr\/app\/uploads\/2025\/08\/Fete-des-assos_2025-Actu-site-300x212.jpg",300,212,true],"medium_large":["https:\/\/mairie-montataire.fr\/app\/uploads\/2025\/08\/Fete-des-assos_2025-Actu-site-768x543.jpg",768,543,true],"large":["https:\/\/mairie-montataire.fr\/app\/uploads\/2025\/08\/Fete-des-assos_2025-Actu-site-1024x724.jpg",1024,724,true],"1536x1536":["https:\/\/mairie-montataire.fr\/app\/uploads\/2025\/08\/Fete-des-assos_2025-Actu-site.jpg",1191,842,false],"2048x2048":["https:\/\/mairie-montataire.fr\/app\/uploads\/2025\/08\/Fete-des-assos_2025-Actu-site.jpg",1191,842,false],"trp-custom-language-flag":["https:\/\/mairie-montataire.fr\/app\/uploads\/2025\/08\/Fete-des-assos_2025-Actu-site-18x12.jpg",18,12,true],"gform-image-choice-sm":["https:\/\/mairie-montataire.fr\/app\/uploads\/2025\/08\/Fete-des-assos_2025-Actu-site.jpg",300,212,false],"gform-image-choice-md":["https:\/\/mairie-montataire.fr\/app\/uploads\/2025\/08\/Fete-des-assos_2025-Actu-site.jpg",400,283,false],"gform-image-choice-lg":["https:\/\/mairie-montataire.fr\/app\/uploads\/2025\/08\/Fete-des-assos_2025-Actu-site.jpg",600,424,false]},"uagb_author_info":{"display_name":"Laure Pubert","author_link":"https:\/\/mairie-montataire.fr\/en\/actualites\/author\/"},"uagb_comment_info":0,"uagb_excerpt":"Plusieurs dizaines d&rsquo;associations montatairiennes vous attendent pour pr\u00e9senter la diversit\u00e9 de leurs activit\u00e9s : sports, musique, militantisme, \u00e9changes culturels, mycologie, photographie\u2026 et bien plus encore.Cette \u00e9dition se d\u00e9roulera \u00e0 la fois en int\u00e9rieur et en ext\u00e9rieur, avec des d\u00e9monstrations, des structures gonflables et un stand de maquillage pour les enfants. Un rendez-vous id\u00e9al pour d\u00e9couvrir&hellip;","_links":{"self":[{"href":"https:\/\/mairie-montataire.fr\/en\/wp-json\/wp\/v2\/event\/6730","targetHints":{"allow":["GET"]}}],"collection":[{"href":"https:\/\/mairie-montataire.fr\/en\/wp-json\/wp\/v2\/event"}],"about":[{"href":"https:\/\/mairie-montataire.fr\/en\/wp-json\/wp\/v2\/types\/event"}],"wp:featuredmedia":[{"embeddable":true,"href":"https:\/\/mairie-montataire.fr\/en\/wp-json\/wp\/v2\/media\/6731"}],"wp:attachment":[{"href":"https:\/\/mairie-montataire.fr\/en\/wp-json\/wp\/v2\/media?parent=6730"}],"wp:term":[{"taxonomy":"event-theme","embeddable":true,"href":"https:\/\/mairie-montataire.fr\/en\/wp-json\/wp\/v2\/event-theme?post=6730"}],"curies":[{"name":"wp","href":"https:\/\/api.w.org\/{rel}","templated":true}]}}

Plusieurs dizaines d&rsquo;associations montatairiennes vous attendent pour présenter la diversité de leurs activités : sports, musique, militantisme, échanges culturels, mycologie, photographie… et bien plus encore.Cette édition se déroulera à la fois en intérieur et en extérieur, avec des démonstrations, des structures gonflables et un stand de maquillage pour les enfants. Un rendez-vous idéal pour découvrir&hellip;
