{"id":6680,"date":"2025-08-01T10:04:37","date_gmt":"2025-08-01T10:04:37","guid":{"rendered":"https:\/\/mairie-montataire.fr\/?post_type=event&#038;p=6680"},"modified":"2025-08-07T13:34:59","modified_gmt":"2025-08-07T13:34:59","slug":"commemoration-of-the-liberation-of-the-town","status":"publish","type":"event","link":"https:\/\/mairie-montataire.fr\/en\/agenda\/evenement\/commemoration-liberation-de-la-ville\/","title":{"rendered":"Commemoration - Liberation of the town"},"content":{"rendered":"<p>The town of Montataire invites you to take part in the ceremony to commemorate <strong>81<sup>e<\/sup> anniversary of the Liberation of Montataire<\/strong>the <strong>Sunday 31 August 2025 at 10.30am<\/strong>, <strong>opposite the Edmond L\u00e9veill\u00e9 school group<\/strong>.<\/p>\n\n\n\n<p>On 31 August 1944, Montataire regained its freedom after four years of German occupation. This historic day was marked by the entry of Allied troops into the town, supported by the courageous actions of the local Resistance. Every year, the town council pays tribute to those who fought for freedom, so that present generations never forget the price of peace.<\/p>\n\n\n\n<h2 class=\"wp-block-heading\">Morning programme :<\/h2>\n\n\n\n<p><strong>10h30<\/strong> :<\/p>\n\n\n\n<ul class=\"wp-block-list\">\n<li style=\"font-style:normal;font-weight:400\">Rally in front of Edmond L\u00e9veill\u00e9 school<\/li>\n\n\n\n<li style=\"font-style:normal;font-weight:400\">Parade to the Monument aux Morts (Place de la mairie)<\/li>\n\n\n\n<li style=\"font-style:normal;font-weight:400\">Laying of wreaths, speeches, minute's silence, La Marseillaise<\/li>\n<\/ul>\n\n\n\n<p><strong>11h00<\/strong> :<\/p>\n\n\n\n<ul class=\"wp-block-list\">\n<li style=\"font-style:normal;font-weight:400\">Resumption of the parade to the monument to the Deported (rue des D\u00e9port\u00e9s)<\/li>\n\n\n\n<li style=\"font-style:normal;font-weight:400\">Laying of wreaths, speeches, minute's silence, La Marseillaise<\/li>\n<\/ul>\n\n\n\n<p>The ceremony will conclude with a convivial moment over an aperitif. <strong>wine reception<\/strong> offered to the <strong>salle de la Lib\u00e9ration<\/strong>.<\/p>","protected":false},"featured_media":6681,"parent":0,"template":"","meta":{"_acf_changed":true,"_uag_custom_page_level_css":""},"event-theme":[88],"class_list":["post-6680","event","type-event","status-publish","has-post-thumbnail","hentry","event-theme-evenement"],"acf":[],"uagb_featured_image_src":{"full":["https:\/\/mairie-montataire.fr\/app\/uploads\/2025\/08\/Agenda_ComLiberationVille.jpg",450,335,false],"thumbnail":["https:\/\/mairie-montataire.fr\/app\/uploads\/2025\/08\/Agenda_ComLiberationVille-150x150.jpg",150,150,true],"medium":["https:\/\/mairie-montataire.fr\/app\/uploads\/2025\/08\/Agenda_ComLiberationVille-300x223.jpg",300,223,true],"medium_large":["https:\/\/mairie-montataire.fr\/app\/uploads\/2025\/08\/Agenda_ComLiberationVille.jpg",450,335,false],"large":["https:\/\/mairie-montataire.fr\/app\/uploads\/2025\/08\/Agenda_ComLiberationVille.jpg",450,335,false],"1536x1536":["https:\/\/mairie-montataire.fr\/app\/uploads\/2025\/08\/Agenda_ComLiberationVille.jpg",450,335,false],"2048x2048":["https:\/\/mairie-montataire.fr\/app\/uploads\/2025\/08\/Agenda_ComLiberationVille.jpg",450,335,false],"trp-custom-language-flag":["https:\/\/mairie-montataire.fr\/app\/uploads\/2025\/08\/Agenda_ComLiberationVille-16x12.jpg",16,12,true],"gform-image-choice-sm":["https:\/\/mairie-montataire.fr\/app\/uploads\/2025\/08\/Agenda_ComLiberationVille.jpg",300,223,false],"gform-image-choice-md":["https:\/\/mairie-montataire.fr\/app\/uploads\/2025\/08\/Agenda_ComLiberationVille.jpg",400,298,false],"gform-image-choice-lg":["https:\/\/mairie-montataire.fr\/app\/uploads\/2025\/08\/Agenda_ComLiberationVille.jpg",450,335,false]},"uagb_author_info":{"display_name":"Laure Pubert","author_link":"https:\/\/mairie-montataire.fr\/en\/actualites\/author\/"},"uagb_comment_info":0,"uagb_excerpt":"La Ville de Montataire vous invite \u00e0 participer \u00e0 la \u00e0 la c\u00e9r\u00e9monie de comm\u00e9moration du 81e anniversaire de la Lib\u00e9ration de Montataire, le dimanche 31 ao\u00fbt 2025 \u00e0 10h30, face au groupe scolaire Edmond L\u00e9veill\u00e9. Le 31 ao\u00fbt 1944, Montataire retrouvait la libert\u00e9 apr\u00e8s quatre ann\u00e9es d\u2019occupation allemande. Cette journ\u00e9e historique fut marqu\u00e9e par&hellip;","_links":{"self":[{"href":"https:\/\/mairie-montataire.fr\/en\/wp-json\/wp\/v2\/event\/6680","targetHints":{"allow":["GET"]}}],"collection":[{"href":"https:\/\/mairie-montataire.fr\/en\/wp-json\/wp\/v2\/event"}],"about":[{"href":"https:\/\/mairie-montataire.fr\/en\/wp-json\/wp\/v2\/types\/event"}],"wp:featuredmedia":[{"embeddable":true,"href":"https:\/\/mairie-montataire.fr\/en\/wp-json\/wp\/v2\/media\/6681"}],"wp:attachment":[{"href":"https:\/\/mairie-montataire.fr\/en\/wp-json\/wp\/v2\/media?parent=6680"}],"wp:term":[{"taxonomy":"event-theme","embeddable":true,"href":"https:\/\/mairie-montataire.fr\/en\/wp-json\/wp\/v2\/event-theme?post=6680"}],"curies":[{"name":"wp","href":"https:\/\/api.w.org\/{rel}","templated":true}]}}

<p>The town of Montataire invites you to take part in the ceremony to commemorate <strong>81<sup>e</sup> anniversary of the Liberation of Montataire</strong>the <strong>Sunday 31 August 2025 at 10.30am</strong>, <strong>opposite the Edmond Léveillé school group</strong>.</p>



<p>On 31 August 1944, Montataire regained its freedom after four years of German occupation. This historic day was marked by the entry of Allied troops into the town, supported by the courageous actions of the local Resistance. Every year, the town council pays tribute to those who fought for freedom, so that present generations never forget the price of peace.</p>



<h2 class="wp-block-heading">Morning programme :</h2>



<p><strong>10h30</strong> :</p>



<ul class="wp-block-list">
<li style="font-style:normal;font-weight:400">Rally in front of Edmond Léveillé school</li>



<li style="font-style:normal;font-weight:400">Parade to the Monument aux Morts (Place de la mairie)</li>



<li style="font-style:normal;font-weight:400">Laying of wreaths, speeches, minute's silence, La Marseillaise</li>
</ul>



<p><strong>11h00</strong> :</p>



<ul class="wp-block-list">
<li style="font-style:normal;font-weight:400">Resumption of the parade to the monument to the Deported (rue des Déportés)</li>



<li style="font-style:normal;font-weight:400">Laying of wreaths, speeches, minute's silence, La Marseillaise</li>
</ul>



<p>The ceremony will conclude with a convivial moment over an aperitif. <strong>wine reception</strong> offered to the <strong>salle de la Libération</strong>.</p>

La Ville de Montataire vous invite à participer à la à la cérémonie de commémoration du 81e anniversaire de la Libération de Montataire, le dimanche 31 août 2025 à 10h30, face au groupe scolaire Edmond Léveillé. Le 31 août 1944, Montataire retrouvait la liberté après quatre années d’occupation allemande. Cette journée historique fut marquée par&hellip;
