{"id":6667,"date":"2025-08-01T09:26:13","date_gmt":"2025-08-01T09:26:13","guid":{"rendered":"https:\/\/mairie-montataire.fr\/?post_type=event&#038;p=6667"},"modified":"2025-08-01T09:41:01","modified_gmt":"2025-08-01T09:41:01","slug":"fairground-mascots-2","status":"publish","type":"event","link":"https:\/\/mairie-montataire.fr\/en\/agenda\/evenement\/fete-foraine-mascottes-2\/","title":{"rendered":"Funfair - Mascots"},"content":{"rendered":"<p>This year, the funfair will be even more magical with the presence of <strong>duos of mascots<\/strong> who will be coming to meet the children (and the grown-ups!).<\/p>\n\n\n\n<p>\ud83d\udd50 <strong>First hour<\/strong> The first duo of colourful characters will be strolling through the aisles, ready to hand out smiles, hugs and, why not, a few souvenir photos!<\/p>\n\n\n\n<p>\ud83d\udd51 <strong>Second hour<\/strong> making way for a <strong>new mascot duo<\/strong>to keep the little ones dreaming and liven up the party atmosphere.<\/p>\n\n\n\n<p>A fun-filled event that's the perfect way to immortalise your visit to the funfair!<\/p>\n\n\n\n<p><strong><mark style=\"background-color:rgba(0, 0, 0, 0)\" class=\"has-inline-color has-secondary-700-color\">WARNING the illustration used is not representative of the characters present this year. <\/mark><\/strong><\/p>\n\n\n\n<p><\/p>","protected":false},"featured_media":6671,"parent":0,"template":"","meta":{"_acf_changed":true,"_uag_custom_page_level_css":""},"event-theme":[88],"class_list":["post-6667","event","type-event","status-publish","has-post-thumbnail","hentry","event-theme-evenement"],"acf":[],"uagb_featured_image_src":{"full":["https:\/\/mairie-montataire.fr\/app\/uploads\/2025\/08\/Agenda_Mascottes.jpg",450,335,false],"thumbnail":["https:\/\/mairie-montataire.fr\/app\/uploads\/2025\/08\/Agenda_Mascottes-150x150.jpg",150,150,true],"medium":["https:\/\/mairie-montataire.fr\/app\/uploads\/2025\/08\/Agenda_Mascottes-300x223.jpg",300,223,true],"medium_large":["https:\/\/mairie-montataire.fr\/app\/uploads\/2025\/08\/Agenda_Mascottes.jpg",450,335,false],"large":["https:\/\/mairie-montataire.fr\/app\/uploads\/2025\/08\/Agenda_Mascottes.jpg",450,335,false],"1536x1536":["https:\/\/mairie-montataire.fr\/app\/uploads\/2025\/08\/Agenda_Mascottes.jpg",450,335,false],"2048x2048":["https:\/\/mairie-montataire.fr\/app\/uploads\/2025\/08\/Agenda_Mascottes.jpg",450,335,false],"trp-custom-language-flag":["https:\/\/mairie-montataire.fr\/app\/uploads\/2025\/08\/Agenda_Mascottes-16x12.jpg",16,12,true],"gform-image-choice-sm":["https:\/\/mairie-montataire.fr\/app\/uploads\/2025\/08\/Agenda_Mascottes.jpg",300,223,false],"gform-image-choice-md":["https:\/\/mairie-montataire.fr\/app\/uploads\/2025\/08\/Agenda_Mascottes.jpg",400,298,false],"gform-image-choice-lg":["https:\/\/mairie-montataire.fr\/app\/uploads\/2025\/08\/Agenda_Mascottes.jpg",450,335,false]},"uagb_author_info":{"display_name":"Laure Pubert","author_link":"https:\/\/mairie-montataire.fr\/en\/actualites\/author\/"},"uagb_comment_info":0,"uagb_excerpt":"Cette ann\u00e9e, la f\u00eate foraine sera encore plus magique avec la pr\u00e9sence de duos de mascottes qui viendront \u00e0 la rencontre des enfants (et des grands enfants !). \ud83d\udd50 Premi\u00e8re heure : un premier duo de personnages hauts en couleur d\u00e9ambulera dans les all\u00e9es, pr\u00eat \u00e0 distribuer des sourires, des c\u00e2lins, et pourquoi pas quelques&hellip;","_links":{"self":[{"href":"https:\/\/mairie-montataire.fr\/en\/wp-json\/wp\/v2\/event\/6667","targetHints":{"allow":["GET"]}}],"collection":[{"href":"https:\/\/mairie-montataire.fr\/en\/wp-json\/wp\/v2\/event"}],"about":[{"href":"https:\/\/mairie-montataire.fr\/en\/wp-json\/wp\/v2\/types\/event"}],"wp:featuredmedia":[{"embeddable":true,"href":"https:\/\/mairie-montataire.fr\/en\/wp-json\/wp\/v2\/media\/6671"}],"wp:attachment":[{"href":"https:\/\/mairie-montataire.fr\/en\/wp-json\/wp\/v2\/media?parent=6667"}],"wp:term":[{"taxonomy":"event-theme","embeddable":true,"href":"https:\/\/mairie-montataire.fr\/en\/wp-json\/wp\/v2\/event-theme?post=6667"}],"curies":[{"name":"wp","href":"https:\/\/api.w.org\/{rel}","templated":true}]}}

Cette année, la fête foraine sera encore plus magique avec la présence de duos de mascottes qui viendront à la rencontre des enfants (et des grands enfants !). 🕐 Première heure : un premier duo de personnages hauts en couleur déambulera dans les allées, prêt à distribuer des sourires, des câlins, et pourquoi pas quelques&hellip;
