{"id":6580,"date":"2025-09-01T06:00:00","date_gmt":"2025-09-01T06:00:00","guid":{"rendered":"https:\/\/mairie-montataire.fr\/?post_type=event&#038;p=6580"},"modified":"2025-09-18T13:53:29","modified_gmt":"2025-09-18T13:53:29","slug":"season-opener-with-the-comedy-chantilly-club","status":"publish","type":"event","link":"https:\/\/mairie-montataire.fr\/en\/agenda\/humour\/ouverture-de-saison-avec-le-comedy-chantilly-club\/","title":{"rendered":"Season opener with the Comedy Chantilly Club"},"content":{"rendered":"<div class=\"wp-block-columns is-layout-flex wp-container-core-columns-is-layout-9d6595d7 wp-block-columns-is-layout-flex\">\n<div class=\"wp-block-column is-layout-flow wp-block-column-is-layout-flow\">\n<figure class=\"wp-block-image size-large\"><img loading=\"lazy\" decoding=\"async\" width=\"682\" height=\"1024\" src=\"https:\/\/mairie-montataire.fr\/app\/uploads\/2025\/07\/IMG-20250712-WA0002-682x1024.jpg\" alt=\"\" class=\"wp-image-6622\" srcset=\"https:\/\/mairie-montataire.fr\/app\/uploads\/2025\/07\/IMG-20250712-WA0002-682x1024.jpg 682w, https:\/\/mairie-montataire.fr\/app\/uploads\/2025\/07\/IMG-20250712-WA0002-200x300.jpg 200w, https:\/\/mairie-montataire.fr\/app\/uploads\/2025\/07\/IMG-20250712-WA0002-768x1153.jpg 768w, https:\/\/mairie-montataire.fr\/app\/uploads\/2025\/07\/IMG-20250712-WA0002-1023x1536.jpg 1023w, https:\/\/mairie-montataire.fr\/app\/uploads\/2025\/07\/IMG-20250712-WA0002-8x12.jpg 8w, https:\/\/mairie-montataire.fr\/app\/uploads\/2025\/07\/IMG-20250712-WA0002.jpg 1066w\" sizes=\"auto, (max-width: 682px) 100vw, 682px\" \/><\/figure>\n\n\n\n<p class=\"has-text-align-center\"><em>CRDC Studio Allan Kersulec<\/em><\/p>\n<\/div>\n\n\n\n<div class=\"wp-block-column is-layout-flow wp-block-column-is-layout-flow\">\n<p><strong>Let's open this new cultural season with a smile!<br>Cox will be hosting this festive evening, surrounded by an impressive line-up of artists. It's the perfect evening to discover the upcoming programme... and leave with a smile on your face!<\/strong><\/p>\n<\/div>\n<\/div>\n\n\n\n<div style=\"height:64px\" aria-hidden=\"true\" class=\"wp-block-spacer\"><\/div>\n\n\n\n<figure class=\"wp-block-embed is-type-video is-provider-youtube wp-block-embed-youtube wp-embed-aspect-16-9 wp-has-aspect-ratio\"><div class=\"wp-block-embed__wrapper\">\n<iframe loading=\"lazy\" title=\"PV - A dino, a caf\u00e9 and a burglary\" width=\"500\" height=\"281\" src=\"https:\/\/www.youtube.com\/embed\/Sh2AMcFoIKE?feature=oembed\" frameborder=\"0\" allow=\"accelerometer; autoplay; clipboard-write; encrypted-media; gyroscope; picture-in-picture; web-share\" referrerpolicy=\"strict-origin-when-cross-origin\" allowfullscreen><\/iframe>\n<\/div><\/figure>\n\n\n\n<div style=\"height:19px\" aria-hidden=\"true\" class=\"wp-block-spacer\"><\/div>\n\n\n\n<div class=\"wp-block-uagb-separator uagb-block-51db5186\"><div class=\"wp-block-uagb-separator__inner\" style=\"--my-background-image:\"><\/div><\/div>\n\n\n\n<div class=\"wp-block-columns is-layout-flex wp-container-core-columns-is-layout-9d6595d7 wp-block-columns-is-layout-flex\">\n<div class=\"wp-block-column is-layout-flow wp-block-column-is-layout-flow\">\n<h3 class=\"wp-block-heading\">Club contacts<\/h3>\n\n\n\n<p>\ud83c\udf10 <a href=\"https:\/\/www.comedychantilly.fr\/\" target=\"_blank\" rel=\"noreferrer noopener\">comedychantilly.fr<\/a><\/p>\n\n\n\n<p><a href=\"https:\/\/www.facebook.com\/profile.php?id=61565870303709\" target=\"_blank\" rel=\"noreferrer noopener\"><img loading=\"lazy\" decoding=\"async\" width=\"60\" height=\"58\" class=\"wp-image-4481\" style=\"width: 60px;\" src=\"https:\/\/mairie-montataire.fr\/app\/uploads\/2024\/09\/Facebook.png\" alt=\"\" srcset=\"https:\/\/mairie-montataire.fr\/app\/uploads\/2024\/09\/Facebook.png 398w, https:\/\/mairie-montataire.fr\/app\/uploads\/2024\/09\/Facebook-300x292.png 300w, https:\/\/mairie-montataire.fr\/app\/uploads\/2024\/09\/Facebook-12x12.png 12w\" sizes=\"auto, (max-width: 60px) 100vw, 60px\" \/><\/a><a href=\"https:\/\/www.instagram.com\/comedy_chantilly\/\" target=\"_blank\" rel=\"noreferrer noopener\"><img loading=\"lazy\" decoding=\"async\" width=\"60\" height=\"58\" class=\"wp-image-4482\" style=\"width: 60px;\" src=\"https:\/\/mairie-montataire.fr\/app\/uploads\/2024\/09\/Instagram.png\" alt=\"\" srcset=\"https:\/\/mairie-montataire.fr\/app\/uploads\/2024\/09\/Instagram.png 399w, https:\/\/mairie-montataire.fr\/app\/uploads\/2024\/09\/Instagram-300x292.png 300w, https:\/\/mairie-montataire.fr\/app\/uploads\/2024\/09\/Instagram-12x12.png 12w\" sizes=\"auto, (max-width: 60px) 100vw, 60px\" \/><\/a><a href=\"https:\/\/www.youtube.com\/@ComedyChantilly\" target=\"_blank\" rel=\"noreferrer noopener\"><img loading=\"lazy\" decoding=\"async\" width=\"60\" height=\"58\" class=\"wp-image-4286\" style=\"width: 60px;\" src=\"https:\/\/mairie-montataire.fr\/app\/uploads\/2024\/09\/Youtube.png\" alt=\"\" srcset=\"https:\/\/mairie-montataire.fr\/app\/uploads\/2024\/09\/Youtube.png 398w, https:\/\/mairie-montataire.fr\/app\/uploads\/2024\/09\/Youtube-300x292.png 300w, https:\/\/mairie-montataire.fr\/app\/uploads\/2024\/09\/Youtube-12x12.png 12w\" sizes=\"auto, (max-width: 60px) 100vw, 60px\" \/><\/a><\/p>\n<\/div>\n\n\n\n<div class=\"wp-block-column is-layout-flow wp-block-column-is-layout-flow\">\n<h3 class=\"wp-block-heading\">Palace contacts<\/h3>\n\n\n\n<p><strong><a href=\"https:\/\/mairie-montataire.fr\/en\/fulfill-out\/the-palace\/\" target=\"_blank\" rel=\"noreferrer noopener\">Le Palace - Cultural Service<br><\/a><\/strong><a href=\"https:\/\/www.google.com\/maps\/dir\/\/8+bis+Rue+des+D%C3%A9port%C3%A9s,+60160+Montataire\/@49.2560594,2.3962432,13z\/data=!3m1!4b1!4m8!4m7!1m0!1m5!1m1!1s0x47e6497d005f6e8b:0xd4944e46ec7768c5!2m2!1d2.4375282!2d49.2560668?entry=ttu\" target=\"_blank\" rel=\"noreferrer noopener\">8 bis, rue des D\u00e9port\u00e9s - 60160 Montataire<\/a><br>Monday to Friday, 9am to 12pm and 2pm to 5pm<br><a href=\"tel:03 44 24 69 97\">03 44 24 69 97<\/a><br><a href=\"https:\/\/mairie-montataire.fr\/en\/online-procedures\/contact-the-palace\/\" target=\"_blank\" rel=\"noreferrer noopener\">Contact form<\/a><\/p>\n<\/div>\n<\/div>\n\n\n\n<p><\/p>","protected":false},"featured_media":6577,"parent":0,"template":"","meta":{"_acf_changed":false,"_uag_custom_page_level_css":""},"event-theme":[77],"class_list":["post-6580","event","type-event","status-publish","has-post-thumbnail","hentry","event-theme-humour"],"acf":[],"uagb_featured_image_src":{"full":["https:\/\/mairie-montataire.fr\/app\/uploads\/2025\/07\/Agenda_OuverturedesaisonChantillyComedyClub.jpg",450,335,false],"thumbnail":["https:\/\/mairie-montataire.fr\/app\/uploads\/2025\/07\/Agenda_OuverturedesaisonChantillyComedyClub-150x150.jpg",150,150,true],"medium":["https:\/\/mairie-montataire.fr\/app\/uploads\/2025\/07\/Agenda_OuverturedesaisonChantillyComedyClub-300x223.jpg",300,223,true],"medium_large":["https:\/\/mairie-montataire.fr\/app\/uploads\/2025\/07\/Agenda_OuverturedesaisonChantillyComedyClub.jpg",450,335,false],"large":["https:\/\/mairie-montataire.fr\/app\/uploads\/2025\/07\/Agenda_OuverturedesaisonChantillyComedyClub.jpg",450,335,false],"1536x1536":["https:\/\/mairie-montataire.fr\/app\/uploads\/2025\/07\/Agenda_OuverturedesaisonChantillyComedyClub.jpg",450,335,false],"2048x2048":["https:\/\/mairie-montataire.fr\/app\/uploads\/2025\/07\/Agenda_OuverturedesaisonChantillyComedyClub.jpg",450,335,false],"trp-custom-language-flag":["https:\/\/mairie-montataire.fr\/app\/uploads\/2025\/07\/Agenda_OuverturedesaisonChantillyComedyClub-16x12.jpg",16,12,true],"gform-image-choice-sm":["https:\/\/mairie-montataire.fr\/app\/uploads\/2025\/07\/Agenda_OuverturedesaisonChantillyComedyClub.jpg",300,223,false],"gform-image-choice-md":["https:\/\/mairie-montataire.fr\/app\/uploads\/2025\/07\/Agenda_OuverturedesaisonChantillyComedyClub.jpg",400,298,false],"gform-image-choice-lg":["https:\/\/mairie-montataire.fr\/app\/uploads\/2025\/07\/Agenda_OuverturedesaisonChantillyComedyClub.jpg",450,335,false]},"uagb_author_info":{"display_name":"Laure Pubert","author_link":"https:\/\/mairie-montataire.fr\/en\/actualites\/author\/"},"uagb_comment_info":0,"uagb_excerpt":"\u00a9 CRDC Studio Allan Kersulec Ouvrons ensemble cette nouvelle saison culturelle avec le sourire !Cox animera ce moment festif et complice, entour\u00e9 d\u2019une belle brochette d\u2019artistes. Une soir\u00e9e id\u00e9ale pour d\u00e9couvrir la programmation \u00e0 venir\u2026 et repartir le sourire aux l\u00e8vres ! Contacts du club \ud83c\udf10 comedychantilly.fr Contacts du Palace Le Palace \u2013 Service Culturel8&hellip;","_links":{"self":[{"href":"https:\/\/mairie-montataire.fr\/en\/wp-json\/wp\/v2\/event\/6580","targetHints":{"allow":["GET"]}}],"collection":[{"href":"https:\/\/mairie-montataire.fr\/en\/wp-json\/wp\/v2\/event"}],"about":[{"href":"https:\/\/mairie-montataire.fr\/en\/wp-json\/wp\/v2\/types\/event"}],"wp:featuredmedia":[{"embeddable":true,"href":"https:\/\/mairie-montataire.fr\/en\/wp-json\/wp\/v2\/media\/6577"}],"wp:attachment":[{"href":"https:\/\/mairie-montataire.fr\/en\/wp-json\/wp\/v2\/media?parent=6580"}],"wp:term":[{"taxonomy":"event-theme","embeddable":true,"href":"https:\/\/mairie-montataire.fr\/en\/wp-json\/wp\/v2\/event-theme?post=6580"}],"curies":[{"name":"wp","href":"https:\/\/api.w.org\/{rel}","templated":true}]}}

<div class="wp-block-columns is-layout-flex wp-container-core-columns-is-layout-9d6595d7 wp-block-columns-is-layout-flex">
<div class="wp-block-column is-layout-flow wp-block-column-is-layout-flow">
<figure class="wp-block-image size-large"><img loading="lazy" decoding="async" width="682" height="1024" src="https://mairie-montataire.fr/app/uploads/2025/07/IMG-20250712-WA0002-682x1024.jpg" alt="" class="wp-image-6622" srcset="https://mairie-montataire.fr/app/uploads/2025/07/IMG-20250712-WA0002-682x1024.jpg 682w, https://mairie-montataire.fr/app/uploads/2025/07/IMG-20250712-WA0002-200x300.jpg 200w, https://mairie-montataire.fr/app/uploads/2025/07/IMG-20250712-WA0002-768x1153.jpg 768w, https://mairie-montataire.fr/app/uploads/2025/07/IMG-20250712-WA0002-1023x1536.jpg 1023w, https://mairie-montataire.fr/app/uploads/2025/07/IMG-20250712-WA0002-8x12.jpg 8w, https://mairie-montataire.fr/app/uploads/2025/07/IMG-20250712-WA0002.jpg 1066w" sizes="auto, (max-width: 682px) 100vw, 682px" /></figure>



<p class="has-text-align-center"><em>CRDC Studio Allan Kersulec</em></p>
</div>



<div class="wp-block-column is-layout-flow wp-block-column-is-layout-flow">
<p><strong>Let's open this new cultural season with a smile!<br>Cox will be hosting this festive evening, surrounded by an impressive line-up of artists. It's the perfect evening to discover the upcoming programme... and leave with a smile on your face!</strong></p>
</div>
</div>



<div style="height:64px" aria-hidden="true" class="wp-block-spacer"></div>



<figure class="wp-block-embed is-type-video is-provider-youtube wp-block-embed-youtube wp-embed-aspect-16-9 wp-has-aspect-ratio"><div class="wp-block-embed__wrapper">
<iframe loading="lazy" title="PV - A dino, a café and a burglary" width="500" height="281" src="https://www.youtube.com/embed/Sh2AMcFoIKE?feature=oembed" frameborder="0" allow="accelerometer; autoplay; clipboard-write; encrypted-media; gyroscope; picture-in-picture; web-share" referrerpolicy="strict-origin-when-cross-origin" allowfullscreen></iframe>
</div></figure>



<div style="height:19px" aria-hidden="true" class="wp-block-spacer"></div>



<div class="wp-block-uagb-separator uagb-block-51db5186"><div class="wp-block-uagb-separator__inner" style="--my-background-image:"></div></div>



<div class="wp-block-columns is-layout-flex wp-container-core-columns-is-layout-9d6595d7 wp-block-columns-is-layout-flex">
<div class="wp-block-column is-layout-flow wp-block-column-is-layout-flow">
<h3 class="wp-block-heading">Club contacts</h3>



<p>🌐 <a href="https://www.comedychantilly.fr/" target="_blank" rel="noreferrer noopener">comedychantilly.fr</a></p>



<p><a href="https://www.facebook.com/profile.php?id=61565870303709" target="_blank" rel="noreferrer noopener"><img loading="lazy" decoding="async" width="60" height="58" class="wp-image-4481" style="width: 60px;" src="https://mairie-montataire.fr/app/uploads/2024/09/Facebook.png" alt="" srcset="https://mairie-montataire.fr/app/uploads/2024/09/Facebook.png 398w, https://mairie-montataire.fr/app/uploads/2024/09/Facebook-300x292.png 300w, https://mairie-montataire.fr/app/uploads/2024/09/Facebook-12x12.png 12w" sizes="auto, (max-width: 60px) 100vw, 60px" /></a><a href="https://www.instagram.com/comedy_chantilly/" target="_blank" rel="noreferrer noopener"><img loading="lazy" decoding="async" width="60" height="58" class="wp-image-4482" style="width: 60px;" src="https://mairie-montataire.fr/app/uploads/2024/09/Instagram.png" alt="" srcset="https://mairie-montataire.fr/app/uploads/2024/09/Instagram.png 399w, https://mairie-montataire.fr/app/uploads/2024/09/Instagram-300x292.png 300w, https://mairie-montataire.fr/app/uploads/2024/09/Instagram-12x12.png 12w" sizes="auto, (max-width: 60px) 100vw, 60px" /></a><a href="https://www.youtube.com/@ComedyChantilly" target="_blank" rel="noreferrer noopener"><img loading="lazy" decoding="async" width="60" height="58" class="wp-image-4286" style="width: 60px;" src="https://mairie-montataire.fr/app/uploads/2024/09/Youtube.png" alt="" srcset="https://mairie-montataire.fr/app/uploads/2024/09/Youtube.png 398w, https://mairie-montataire.fr/app/uploads/2024/09/Youtube-300x292.png 300w, https://mairie-montataire.fr/app/uploads/2024/09/Youtube-12x12.png 12w" sizes="auto, (max-width: 60px) 100vw, 60px" /></a></p>
</div>



<div class="wp-block-column is-layout-flow wp-block-column-is-layout-flow">
<h3 class="wp-block-heading">Palace contacts</h3>



<p><strong><a href="https://mairie-montataire.fr/en/fulfill-out/the-palace/" target="_blank" rel="noreferrer noopener">Le Palace - Cultural Service<br></a></strong><a href="https://www.google.com/maps/dir//8+bis+Rue+des+D%C3%A9port%C3%A9s,+60160+Montataire/@49.2560594,2.3962432,13z/data=!3m1!4b1!4m8!4m7!1m0!1m5!1m1!1s0x47e6497d005f6e8b:0xd4944e46ec7768c5!2m2!1d2.4375282!2d49.2560668?entry=ttu" target="_blank" rel="noreferrer noopener">8 bis, rue des Déportés - 60160 Montataire</a><br>Monday to Friday, 9am to 12pm and 2pm to 5pm<br><a href="tel:03 44 24 69 97">03 44 24 69 97</a><br><a href="https://mairie-montataire.fr/en/online-procedures/contact-the-palace/" target="_blank" rel="noreferrer noopener">Contact form</a></p>
</div>
</div>



<p></p>

© CRDC Studio Allan Kersulec Ouvrons ensemble cette nouvelle saison culturelle avec le sourire !Cox animera ce moment festif et complice, entouré d’une belle brochette d’artistes. Une soirée idéale pour découvrir la programmation à venir… et repartir le sourire aux lèvres ! Contacts du club 🌐 comedychantilly.fr Contacts du Palace Le Palace – Service Culturel8&hellip;
