{"id":6489,"date":"2025-07-11T14:27:57","date_gmt":"2025-07-11T14:27:57","guid":{"rendered":"https:\/\/mairie-montataire.fr\/?post_type=event&#038;p=6489"},"modified":"2025-07-11T14:28:53","modified_gmt":"2025-07-11T14:28:53","slug":"sports-events-gymnastics-gymnastics","status":"publish","type":"event","link":"https:\/\/mairie-montataire.fr\/en\/agenda\/vie-associative\/les-rdv-du-sport-gym-gymnastique\/","title":{"rendered":"Sporting events: Football"},"content":{"rendered":"<p>Throughout the summer, the town's clubs are offering free introductory courses:<\/p>\n\n\n\n<div class=\"wp-block-columns is-layout-flex wp-container-core-columns-is-layout-9d6595d7 wp-block-columns-is-layout-flex\">\n<div class=\"wp-block-column is-layout-flow wp-block-column-is-layout-flow\" style=\"flex-basis:33.33%\">\n<div class=\"wp-block-uagb-image alignright uagb-block-c4635b62 wp-block-uagb-image--layout-default wp-block-uagb-image--effect-static wp-block-uagb-image--align-right\"><figure class=\"wp-block-uagb-image__figure\"><img decoding=\"async\" srcset=\"https:\/\/mairie-montataire.fr\/app\/uploads\/2024\/08\/Logo_SFCM.jpg ,https:\/\/mairie-montataire.fr\/app\/uploads\/2024\/08\/Logo_SFCM.jpg 780w, https:\/\/mairie-montataire.fr\/app\/uploads\/2024\/08\/Logo_SFCM.jpg 360w\" sizes=\"auto, (max-width: 480px) 150px\" src=\"https:\/\/mairie-montataire.fr\/app\/uploads\/2024\/08\/Logo_SFCM.jpg\" alt=\"\" class=\"uag-image-2793\" width=\"200\" height=\"160\" title=\"Logo_SFCM\" loading=\"lazy\" role=\"img\"\/><\/figure><\/div>\n<\/div>\n\n\n\n<div class=\"wp-block-column is-layout-flow wp-block-column-is-layout-flow\" style=\"flex-basis:66.66%\">\n<p>Le <a href=\"https:\/\/mairie-montataire.fr\/en\/directories\/associations\/sport\/standard-football-club-montataire\/\">Standard Football club<\/a> welcomes you :<\/p>\n\n\n\n<ul class=\"wp-block-list\">\n<li style=\"font-style:normal;font-weight:400\"><strong>Mondays, Wednesdays and Saturdays from 6pm to 8pm<\/strong> on the Armand Bellard synthetic pitch<\/li>\n<\/ul>\n<\/div>\n<\/div>\n\n\n\n<div style=\"height:56px\" aria-hidden=\"true\" class=\"wp-block-spacer\"><\/div>\n\n\n\n<div class=\"wp-block-uagb-separator uagb-block-1b39294a\"><div class=\"uagb-separator-spacing-wrapper\"><div class=\"wp-block-uagb-separator__inner\" style=\"--my-background-image:\"><\/div><\/div><\/div>\n\n\n\n<p>As part of Quartiers d'\u00e9t\u00e9 2025.<\/p>\n\n\n\n<div class=\"wp-block-uagb-buttons uagb-buttons__outer-wrap uagb-btn__default-btn uagb-btn-tablet__default-btn uagb-btn-mobile__default-btn uagb-block-bc33e191\"><div class=\"uagb-buttons__wrap uagb-buttons-layout-wrap\">\n<div class=\"wp-block-uagb-buttons-child uagb-buttons__outer-wrap uagb-block-88b40543 wp-block-button\"><div class=\"uagb-button__wrapper\"><a class=\"uagb-buttons-repeater wp-block-button__link\" aria-label=\"\" href=\"https:\/\/mairie-montataire.fr\/en\/app\/uploads\/2025\/06\/QE2025-progA5-BD.pdf\/\" rel=\"follow noopener\" target=\"_blank\" role=\"button\"><div class=\"uagb-button__link\">Find out all about the Quartiers d'\u00e9t\u00e9 programme here!<\/div><\/a><\/div><\/div>\n<\/div><\/div>\n\n\n\n<div style=\"height:12px\" aria-hidden=\"true\" class=\"wp-block-spacer\"><\/div>\n\n\n\n<p>An event organised with the support of the Hauts-de-France Region, the National Agency for Territorial Cohesion, the Prefect of Oise, the Department of Oise, \u00c9t\u00e9 culturel 2025, the CAF and Oise habitat, <strong>S.A. HLM du d\u00e9partement de l'Oise<\/strong> <strong>and the groupe habitat en r\u00e9gion<\/strong>.<\/p>\n\n\n\n<p><\/p>","protected":false},"featured_media":6485,"parent":0,"template":"","meta":{"_acf_changed":true,"_uag_custom_page_level_css":""},"event-theme":[73],"class_list":["post-6489","event","type-event","status-publish","has-post-thumbnail","hentry","event-theme-vie-associative"],"acf":[],"uagb_featured_image_src":{"full":["https:\/\/mairie-montataire.fr\/app\/uploads\/2025\/07\/Agenda_RDVsportFoot.jpg",450,335,false],"thumbnail":["https:\/\/mairie-montataire.fr\/app\/uploads\/2025\/07\/Agenda_RDVsportFoot-150x150.jpg",150,150,true],"medium":["https:\/\/mairie-montataire.fr\/app\/uploads\/2025\/07\/Agenda_RDVsportFoot-300x223.jpg",300,223,true],"medium_large":["https:\/\/mairie-montataire.fr\/app\/uploads\/2025\/07\/Agenda_RDVsportFoot.jpg",450,335,false],"large":["https:\/\/mairie-montataire.fr\/app\/uploads\/2025\/07\/Agenda_RDVsportFoot.jpg",450,335,false],"1536x1536":["https:\/\/mairie-montataire.fr\/app\/uploads\/2025\/07\/Agenda_RDVsportFoot.jpg",450,335,false],"2048x2048":["https:\/\/mairie-montataire.fr\/app\/uploads\/2025\/07\/Agenda_RDVsportFoot.jpg",450,335,false],"trp-custom-language-flag":["https:\/\/mairie-montataire.fr\/app\/uploads\/2025\/07\/Agenda_RDVsportFoot-16x12.jpg",16,12,true],"gform-image-choice-sm":["https:\/\/mairie-montataire.fr\/app\/uploads\/2025\/07\/Agenda_RDVsportFoot.jpg",300,223,false],"gform-image-choice-md":["https:\/\/mairie-montataire.fr\/app\/uploads\/2025\/07\/Agenda_RDVsportFoot.jpg",400,298,false],"gform-image-choice-lg":["https:\/\/mairie-montataire.fr\/app\/uploads\/2025\/07\/Agenda_RDVsportFoot.jpg",450,335,false]},"uagb_author_info":{"display_name":"Laure Pubert","author_link":"https:\/\/mairie-montataire.fr\/en\/actualites\/author\/"},"uagb_comment_info":0,"uagb_excerpt":"Tout au long de l\u2019\u00e9t\u00e9, les clubs de la ville proposent des initiations gratuites : Le Standard Football club vous accueille : Dans le cadre des Quartiers d&rsquo;\u00e9t\u00e9 2025. Un \u00e9v\u00e9nement organis\u00e9 avec le soutien de la R\u00e9gion Hauts-de-France, L&rsquo;agence National de la Coh\u00e9sion des territoires, la pr\u00e9f\u00e8te de l&rsquo;Oise, le d\u00e9partement de l&rsquo;Oise, \u00c9t\u00e9&hellip;","_links":{"self":[{"href":"https:\/\/mairie-montataire.fr\/en\/wp-json\/wp\/v2\/event\/6489","targetHints":{"allow":["GET"]}}],"collection":[{"href":"https:\/\/mairie-montataire.fr\/en\/wp-json\/wp\/v2\/event"}],"about":[{"href":"https:\/\/mairie-montataire.fr\/en\/wp-json\/wp\/v2\/types\/event"}],"wp:featuredmedia":[{"embeddable":true,"href":"https:\/\/mairie-montataire.fr\/en\/wp-json\/wp\/v2\/media\/6485"}],"wp:attachment":[{"href":"https:\/\/mairie-montataire.fr\/en\/wp-json\/wp\/v2\/media?parent=6489"}],"wp:term":[{"taxonomy":"event-theme","embeddable":true,"href":"https:\/\/mairie-montataire.fr\/en\/wp-json\/wp\/v2\/event-theme?post=6489"}],"curies":[{"name":"wp","href":"https:\/\/api.w.org\/{rel}","templated":true}]}}

<p>Throughout the summer, the town's clubs are offering free introductory courses:</p>



<div class="wp-block-columns is-layout-flex wp-container-core-columns-is-layout-9d6595d7 wp-block-columns-is-layout-flex">
<div class="wp-block-column is-layout-flow wp-block-column-is-layout-flow" style="flex-basis:33.33%">
<div class="wp-block-uagb-image alignright uagb-block-c4635b62 wp-block-uagb-image--layout-default wp-block-uagb-image--effect-static wp-block-uagb-image--align-right"><figure class="wp-block-uagb-image__figure"><img decoding="async" srcset="https://mairie-montataire.fr/app/uploads/2024/08/Logo_SFCM.jpg ,https://mairie-montataire.fr/app/uploads/2024/08/Logo_SFCM.jpg 780w, https://mairie-montataire.fr/app/uploads/2024/08/Logo_SFCM.jpg 360w" sizes="auto, (max-width: 480px) 150px" src="https://mairie-montataire.fr/app/uploads/2024/08/Logo_SFCM.jpg" alt="" class="uag-image-2793" width="200" height="160" title="Logo_SFCM" loading="lazy" role="img"/></figure></div>
</div>



<div class="wp-block-column is-layout-flow wp-block-column-is-layout-flow" style="flex-basis:66.66%">
<p>Le <a href="https://mairie-montataire.fr/en/directories/associations/sport/standard-football-club-montataire/">Standard Football club</a> welcomes you :</p>



<ul class="wp-block-list">
<li style="font-style:normal;font-weight:400"><strong>Mondays, Wednesdays and Saturdays from 6pm to 8pm</strong> on the Armand Bellard synthetic pitch</li>
</ul>
</div>
</div>



<div style="height:56px" aria-hidden="true" class="wp-block-spacer"></div>



<div class="wp-block-uagb-separator uagb-block-1b39294a"><div class="uagb-separator-spacing-wrapper"><div class="wp-block-uagb-separator__inner" style="--my-background-image:"></div></div></div>



<p>As part of Quartiers d'été 2025.</p>



<div class="wp-block-uagb-buttons uagb-buttons__outer-wrap uagb-btn__default-btn uagb-btn-tablet__default-btn uagb-btn-mobile__default-btn uagb-block-bc33e191"><div class="uagb-buttons__wrap uagb-buttons-layout-wrap">
<div class="wp-block-uagb-buttons-child uagb-buttons__outer-wrap uagb-block-88b40543 wp-block-button"><div class="uagb-button__wrapper"><a class="uagb-buttons-repeater wp-block-button__link" aria-label="" href="https://mairie-montataire.fr/en/app/uploads/2025/06/QE2025-progA5-BD.pdf/" rel="follow noopener" target="_blank" role="button"><div class="uagb-button__link">Find out all about the Quartiers d'été programme here!</div></a></div></div>
</div></div>



<div style="height:12px" aria-hidden="true" class="wp-block-spacer"></div>



<p>An event organised with the support of the Hauts-de-France Region, the National Agency for Territorial Cohesion, the Prefect of Oise, the Department of Oise, Été culturel 2025, the CAF and Oise habitat, <strong>S.A. HLM du département de l'Oise</strong> <strong>and the groupe habitat en région</strong>.</p>



<p></p>

Tout au long de l’été, les clubs de la ville proposent des initiations gratuites : Le Standard Football club vous accueille : Dans le cadre des Quartiers d&rsquo;été 2025. Un événement organisé avec le soutien de la Région Hauts-de-France, L&rsquo;agence National de la Cohésion des territoires, la préfète de l&rsquo;Oise, le département de l&rsquo;Oise, Été&hellip;
