{"id":6429,"date":"2025-07-03T13:31:59","date_gmt":"2025-07-03T13:31:59","guid":{"rendered":"https:\/\/mairie-montataire.fr\/?post_type=event&#038;p=6429"},"modified":"2025-07-03T13:32:00","modified_gmt":"2025-07-03T13:32:00","slug":"detective-wednesdays","status":"publish","type":"event","link":"https:\/\/mairie-montataire.fr\/en\/agenda\/evenement\/les-mercredis-dete\/","title":{"rendered":"Summer Wednesdays"},"content":{"rendered":"<p>Full Wednesday afternoons for everyone!<\/p>\n\n\n\n<div class=\"wp-block-columns is-layout-flex wp-container-core-columns-is-layout-9d6595d7 wp-block-columns-is-layout-flex\">\n<div class=\"wp-block-column is-layout-flow wp-block-column-is-layout-flow\">\n<h2 class=\"wp-block-heading\"><mark style=\"background-color:rgba(0, 0, 0, 0);color:#fcb900\" class=\"has-inline-color\">Wednesday 9th July<\/mark><\/h2>\n\n\n\n<ul class=\"wp-block-list\">\n<li style=\"font-style:normal;font-weight:400\">Exhibition of portraits of residents \"Memory of life, memory of place\".<\/li>\n\n\n\n<li style=\"font-style:normal;font-weight:400\">Guess your neighbourhood\" activities<\/li>\n\n\n\n<li style=\"font-style:normal;font-weight:400\">Raising awareness of waste sorting and cleanliness in public spaces<\/li>\n\n\n\n<li style=\"font-style:normal;font-weight:400\">Giant Monopoly with the mobile library and the big games<\/li>\n\n\n\n<li style=\"font-style:normal;font-weight:400\">Socio-beautician: Varnish application<\/li>\n\n\n\n<li style=\"font-style:normal;font-weight:400\">Sustainable development workshop<\/li>\n\n\n\n<li style=\"font-style:normal;font-weight:400\">Show \"Ma maison, ma plan\u00e8te\" by the Chapiteau Vert company<\/li>\n<\/ul>\n<\/div>\n\n\n\n<div class=\"wp-block-column is-layout-flow wp-block-column-is-layout-flow\">\n<h2 class=\"wp-block-heading\"><mark style=\"background-color:rgba(0, 0, 0, 0);color:#fcb900\" class=\"has-inline-color\">Wednesday 16th July<\/mark><\/h2>\n\n\n\n<ul class=\"wp-block-list\">\n<li style=\"font-style:normal;font-weight:400\">Self-massage, facial gymnastics and relaxation therapy (Places are limited)<\/li>\n\n\n\n<li style=\"font-style:normal;font-weight:400\">Pedalo smoothie,<\/li>\n\n\n\n<li style=\"font-style:normal;font-weight:400\">Clean walk,<\/li>\n\n\n\n<li style=\"font-style:normal;font-weight:400\">Creating flowers on a chalkboard,<\/li>\n\n\n\n<li style=\"font-style:normal;font-weight:400\">Stone cutting,<\/li>\n\n\n\n<li style=\"font-style:normal;font-weight:400\">Chantilly cream workshop<\/li>\n\n\n\n<li style=\"font-style:normal;font-weight:400\">The mobile library and its great games<\/li>\n\n\n\n<li style=\"font-style:normal;font-weight:400\">Creative hobbies (creating pennants about Picardy)<\/li>\n\n\n\n<li style=\"font-style:normal;font-weight:400\">Awareness-raising stand run by Carrefour de femmes<\/li>\n\n\n\n<li style=\"font-style:normal;font-weight:400\">Sustainable development workshop<\/li>\n\n\n\n<li style=\"font-style:normal;font-weight:400\">Recyclerie stand<\/li>\n\n\n\n<li style=\"font-style:normal;font-weight:400\">Discover traditional Picardy recipes<\/li>\n<\/ul>\n<\/div>\n<\/div>\n\n\n\n<div class=\"wp-block-columns is-layout-flex wp-container-core-columns-is-layout-9d6595d7 wp-block-columns-is-layout-flex\">\n<div class=\"wp-block-column is-layout-flow wp-block-column-is-layout-flow\">\n<h2 class=\"wp-block-heading\"><mark style=\"background-color:rgba(0, 0, 0, 0);color:#fcb900\" class=\"has-inline-color\">Wednesday 23rd July<\/mark><\/h2>\n\n\n\n<ul class=\"wp-block-list\">\n<li style=\"font-style:normal;font-weight:400\">Watercolours<\/li>\n\n\n\n<li style=\"font-style:normal;font-weight:400\">Colorimetry (places are limited)<\/li>\n\n\n\n<li style=\"font-style:normal;font-weight:400\">Whipped cream battle workshop<\/li>\n\n\n\n<li style=\"font-style:normal;font-weight:400\">Creative leisure<\/li>\n\n\n\n<li style=\"font-style:normal;font-weight:400\">The mobile library and its great games<\/li>\n\n\n\n<li style=\"font-style:normal;font-weight:400\">Velomixer<\/li>\n\n\n\n<li style=\"font-style:normal;font-weight:400\">Introduction to p\u00e9tanque<\/li>\n\n\n\n<li style=\"font-style:normal;font-weight:400\">Clean walk<\/li>\n<\/ul>\n<\/div>\n\n\n\n<div class=\"wp-block-column is-layout-flow wp-block-column-is-layout-flow\">\n<h2 class=\"wp-block-heading\"><mark style=\"background-color:rgba(0, 0, 0, 0);color:#fcb900\" class=\"has-inline-color\">Wednesday 30th July<\/mark><\/h2>\n\n\n\n<ul class=\"wp-block-list\">\n<li style=\"font-style:normal;font-weight:400\">The mobile library and its great games<\/li>\n\n\n\n<li style=\"font-style:normal;font-weight:400\">Creating objects with 3D pens<\/li>\n\n\n\n<li style=\"font-style:normal;font-weight:400\">Sustainable development workshop<\/li>\n\n\n\n<li style=\"font-style:normal;font-weight:400\">Micro-trottoir \"What did you think?<\/li>\n\n\n\n<li style=\"font-style:normal;font-weight:400\">and what would you like to see<\/li>\n\n\n\n<li style=\"font-style:normal;font-weight:400\">next summer?\" produced by summer volunteers<\/li>\n\n\n\n<li style=\"font-style:normal;font-weight:400\">Face painting for children<\/li>\n\n\n\n<li style=\"font-style:normal;font-weight:400\">Picardy cheese tasting<\/li>\n\n\n\n<li style=\"font-style:normal;font-weight:400\">Educational activities on bees<\/li>\n<\/ul>\n\n\n\n<p><strong>Rap'conte, the closing show of the Yapluk'a company, is not to be missed!<\/strong><\/p>\n<\/div>\n<\/div>\n\n\n\n<div style=\"height:56px\" aria-hidden=\"true\" class=\"wp-block-spacer\"><\/div>\n\n\n\n<div class=\"wp-block-uagb-separator uagb-block-1b39294a\"><div class=\"uagb-separator-spacing-wrapper\"><div class=\"wp-block-uagb-separator__inner\" style=\"--my-background-image:\"><\/div><\/div><\/div>\n\n\n\n<p>As part of Quartiers d'\u00e9t\u00e9 2025.<\/p>\n\n\n\n<div class=\"wp-block-uagb-buttons uagb-buttons__outer-wrap uagb-btn__default-btn uagb-btn-tablet__default-btn uagb-btn-mobile__default-btn uagb-block-bc33e191\"><div class=\"uagb-buttons__wrap uagb-buttons-layout-wrap\">\n<div class=\"wp-block-uagb-buttons-child uagb-buttons__outer-wrap uagb-block-88b40543 wp-block-button\"><div class=\"uagb-button__wrapper\"><a class=\"uagb-buttons-repeater wp-block-button__link\" aria-label=\"\" href=\"https:\/\/mairie-montataire.fr\/en\/app\/uploads\/2025\/06\/QE2025-progA5-BD.pdf\/\" rel=\"follow noopener\" target=\"_blank\" role=\"button\"><div class=\"uagb-button__link\">Find out all about the Quartiers d'\u00e9t\u00e9 programme here!<\/div><\/a><\/div><\/div>\n<\/div><\/div>\n\n\n\n<div style=\"height:12px\" aria-hidden=\"true\" class=\"wp-block-spacer\"><\/div>\n\n\n\n<p>An event organised with the support of the Hauts-de-France Region, the National Agency for Territorial Cohesion, the Oise Prefect, the Oise Department, \u00c9t\u00e9 culturel 2025, the CAF, Oise habitat, S.A. HLM du d\u00e9partement de l'Oise and the Habitat en r\u00e9gion group.<\/p>","protected":false},"featured_media":6375,"parent":0,"template":"","meta":{"_acf_changed":true,"_uag_custom_page_level_css":""},"event-theme":[88],"class_list":["post-6429","event","type-event","status-publish","has-post-thumbnail","hentry","event-theme-evenement"],"acf":[],"uagb_featured_image_src":{"full":["https:\/\/mairie-montataire.fr\/app\/uploads\/2025\/06\/GabaritActu-QE.jpg",450,335,false],"thumbnail":["https:\/\/mairie-montataire.fr\/app\/uploads\/2025\/06\/GabaritActu-QE-150x150.jpg",150,150,true],"medium":["https:\/\/mairie-montataire.fr\/app\/uploads\/2025\/06\/GabaritActu-QE-300x223.jpg",300,223,true],"medium_large":["https:\/\/mairie-montataire.fr\/app\/uploads\/2025\/06\/GabaritActu-QE.jpg",450,335,false],"large":["https:\/\/mairie-montataire.fr\/app\/uploads\/2025\/06\/GabaritActu-QE.jpg",450,335,false],"1536x1536":["https:\/\/mairie-montataire.fr\/app\/uploads\/2025\/06\/GabaritActu-QE.jpg",450,335,false],"2048x2048":["https:\/\/mairie-montataire.fr\/app\/uploads\/2025\/06\/GabaritActu-QE.jpg",450,335,false],"trp-custom-language-flag":["https:\/\/mairie-montataire.fr\/app\/uploads\/2025\/06\/GabaritActu-QE-16x12.jpg",16,12,true],"gform-image-choice-sm":["https:\/\/mairie-montataire.fr\/app\/uploads\/2025\/06\/GabaritActu-QE.jpg",300,223,false],"gform-image-choice-md":["https:\/\/mairie-montataire.fr\/app\/uploads\/2025\/06\/GabaritActu-QE.jpg",400,298,false],"gform-image-choice-lg":["https:\/\/mairie-montataire.fr\/app\/uploads\/2025\/06\/GabaritActu-QE.jpg",450,335,false]},"uagb_author_info":{"display_name":"Laure Pubert","author_link":"https:\/\/mairie-montataire.fr\/en\/actualites\/author\/"},"uagb_comment_info":0,"uagb_excerpt":"Des mercredis apr\u00e8s-midi des plus complet pour toutes et tous ! Mercredi 9 Juillet Mercredi 16 Juillet Mercredi 23 Juillet Mercredi 30 Juillet Spectacle de cl\u00f4ture Rap\u2019conte de la compagnie Yapluk\u2019a, \u00e0 ne pas manquer ! Dans le cadre des Quartiers d&rsquo;\u00e9t\u00e9 2025. Un \u00e9v\u00e9nement organis\u00e9 avec le soutien de la R\u00e9gion Hauts-de-France, L&rsquo;agence National&hellip;","_links":{"self":[{"href":"https:\/\/mairie-montataire.fr\/en\/wp-json\/wp\/v2\/event\/6429","targetHints":{"allow":["GET"]}}],"collection":[{"href":"https:\/\/mairie-montataire.fr\/en\/wp-json\/wp\/v2\/event"}],"about":[{"href":"https:\/\/mairie-montataire.fr\/en\/wp-json\/wp\/v2\/types\/event"}],"wp:featuredmedia":[{"embeddable":true,"href":"https:\/\/mairie-montataire.fr\/en\/wp-json\/wp\/v2\/media\/6375"}],"wp:attachment":[{"href":"https:\/\/mairie-montataire.fr\/en\/wp-json\/wp\/v2\/media?parent=6429"}],"wp:term":[{"taxonomy":"event-theme","embeddable":true,"href":"https:\/\/mairie-montataire.fr\/en\/wp-json\/wp\/v2\/event-theme?post=6429"}],"curies":[{"name":"wp","href":"https:\/\/api.w.org\/{rel}","templated":true}]}}

<p>Full Wednesday afternoons for everyone!</p>



<div class="wp-block-columns is-layout-flex wp-container-core-columns-is-layout-9d6595d7 wp-block-columns-is-layout-flex">
<div class="wp-block-column is-layout-flow wp-block-column-is-layout-flow">
<h2 class="wp-block-heading"><mark style="background-color:rgba(0, 0, 0, 0);color:#fcb900" class="has-inline-color">Wednesday 9th July</mark></h2>



<ul class="wp-block-list">
<li style="font-style:normal;font-weight:400">Exhibition of portraits of residents "Memory of life, memory of place".</li>



<li style="font-style:normal;font-weight:400">Guess your neighbourhood" activities</li>



<li style="font-style:normal;font-weight:400">Raising awareness of waste sorting and cleanliness in public spaces</li>



<li style="font-style:normal;font-weight:400">Giant Monopoly with the mobile library and the big games</li>



<li style="font-style:normal;font-weight:400">Socio-beautician: Varnish application</li>



<li style="font-style:normal;font-weight:400">Sustainable development workshop</li>



<li style="font-style:normal;font-weight:400">Show "Ma maison, ma planète" by the Chapiteau Vert company</li>
</ul>
</div>



<div class="wp-block-column is-layout-flow wp-block-column-is-layout-flow">
<h2 class="wp-block-heading"><mark style="background-color:rgba(0, 0, 0, 0);color:#fcb900" class="has-inline-color">Wednesday 16th July</mark></h2>



<ul class="wp-block-list">
<li style="font-style:normal;font-weight:400">Self-massage, facial gymnastics and relaxation therapy (Places are limited)</li>



<li style="font-style:normal;font-weight:400">Pedalo smoothie,</li>



<li style="font-style:normal;font-weight:400">Clean walk,</li>



<li style="font-style:normal;font-weight:400">Creating flowers on a chalkboard,</li>



<li style="font-style:normal;font-weight:400">Stone cutting,</li>



<li style="font-style:normal;font-weight:400">Chantilly cream workshop</li>



<li style="font-style:normal;font-weight:400">The mobile library and its great games</li>



<li style="font-style:normal;font-weight:400">Creative hobbies (creating pennants about Picardy)</li>



<li style="font-style:normal;font-weight:400">Awareness-raising stand run by Carrefour de femmes</li>



<li style="font-style:normal;font-weight:400">Sustainable development workshop</li>



<li style="font-style:normal;font-weight:400">Recyclerie stand</li>



<li style="font-style:normal;font-weight:400">Discover traditional Picardy recipes</li>
</ul>
</div>
</div>



<div class="wp-block-columns is-layout-flex wp-container-core-columns-is-layout-9d6595d7 wp-block-columns-is-layout-flex">
<div class="wp-block-column is-layout-flow wp-block-column-is-layout-flow">
<h2 class="wp-block-heading"><mark style="background-color:rgba(0, 0, 0, 0);color:#fcb900" class="has-inline-color">Wednesday 23rd July</mark></h2>



<ul class="wp-block-list">
<li style="font-style:normal;font-weight:400">Watercolours</li>



<li style="font-style:normal;font-weight:400">Colorimetry (places are limited)</li>



<li style="font-style:normal;font-weight:400">Whipped cream battle workshop</li>



<li style="font-style:normal;font-weight:400">Creative leisure</li>



<li style="font-style:normal;font-weight:400">The mobile library and its great games</li>



<li style="font-style:normal;font-weight:400">Velomixer</li>



<li style="font-style:normal;font-weight:400">Introduction to pétanque</li>



<li style="font-style:normal;font-weight:400">Clean walk</li>
</ul>
</div>



<div class="wp-block-column is-layout-flow wp-block-column-is-layout-flow">
<h2 class="wp-block-heading"><mark style="background-color:rgba(0, 0, 0, 0);color:#fcb900" class="has-inline-color">Wednesday 30th July</mark></h2>



<ul class="wp-block-list">
<li style="font-style:normal;font-weight:400">The mobile library and its great games</li>



<li style="font-style:normal;font-weight:400">Creating objects with 3D pens</li>



<li style="font-style:normal;font-weight:400">Sustainable development workshop</li>



<li style="font-style:normal;font-weight:400">Micro-trottoir "What did you think?</li>



<li style="font-style:normal;font-weight:400">and what would you like to see</li>



<li style="font-style:normal;font-weight:400">next summer?" produced by summer volunteers</li>



<li style="font-style:normal;font-weight:400">Face painting for children</li>



<li style="font-style:normal;font-weight:400">Picardy cheese tasting</li>



<li style="font-style:normal;font-weight:400">Educational activities on bees</li>
</ul>



<p><strong>Rap'conte, the closing show of the Yapluk'a company, is not to be missed!</strong></p>
</div>
</div>



<div style="height:56px" aria-hidden="true" class="wp-block-spacer"></div>



<div class="wp-block-uagb-separator uagb-block-1b39294a"><div class="uagb-separator-spacing-wrapper"><div class="wp-block-uagb-separator__inner" style="--my-background-image:"></div></div></div>



<p>As part of Quartiers d'été 2025.</p>



<div class="wp-block-uagb-buttons uagb-buttons__outer-wrap uagb-btn__default-btn uagb-btn-tablet__default-btn uagb-btn-mobile__default-btn uagb-block-bc33e191"><div class="uagb-buttons__wrap uagb-buttons-layout-wrap">
<div class="wp-block-uagb-buttons-child uagb-buttons__outer-wrap uagb-block-88b40543 wp-block-button"><div class="uagb-button__wrapper"><a class="uagb-buttons-repeater wp-block-button__link" aria-label="" href="https://mairie-montataire.fr/en/app/uploads/2025/06/QE2025-progA5-BD.pdf/" rel="follow noopener" target="_blank" role="button"><div class="uagb-button__link">Find out all about the Quartiers d'été programme here!</div></a></div></div>
</div></div>



<div style="height:12px" aria-hidden="true" class="wp-block-spacer"></div>



<p>An event organised with the support of the Hauts-de-France Region, the National Agency for Territorial Cohesion, the Oise Prefect, the Oise Department, Été culturel 2025, the CAF, Oise habitat, S.A. HLM du département de l'Oise and the Habitat en région group.</p>

Des mercredis après-midi des plus complet pour toutes et tous ! Mercredi 9 Juillet Mercredi 16 Juillet Mercredi 23 Juillet Mercredi 30 Juillet Spectacle de clôture Rap’conte de la compagnie Yapluk’a, à ne pas manquer ! Dans le cadre des Quartiers d&rsquo;été 2025. Un événement organisé avec le soutien de la Région Hauts-de-France, L&rsquo;agence National&hellip;
