{"id":6371,"date":"2025-06-13T14:41:53","date_gmt":"2025-06-13T14:41:53","guid":{"rendered":"https:\/\/mairie-montataire.fr\/?post_type=event&#038;p=6371"},"modified":"2025-07-08T09:31:48","modified_gmt":"2025-07-08T09:31:48","slug":"fireworks","status":"publish","type":"event","link":"https:\/\/mairie-montataire.fr\/en\/agenda\/evenement\/feu-dartifice\/","title":{"rendered":"Fireworks display"},"content":{"rendered":"<p>Come and enjoy the fireworks! <\/p>\n\n\n\n<p><strong><mark style=\"background-color:rgba(0, 0, 0, 0)\" class=\"has-inline-color has-secondary-color\">Attention<\/mark><\/strong>Parking and vehicle traffic will be banned on avenue Guy M\u00f4quet from 10.30pm on Sunday 13 July to 12.30am on Monday July.<\/p>\n\n\n\n<div style=\"height:56px\" aria-hidden=\"true\" class=\"wp-block-spacer\"><\/div>\n\n\n\n<div class=\"wp-block-columns is-layout-flex wp-container-core-columns-is-layout-9d6595d7 wp-block-columns-is-layout-flex\">\n<div class=\"wp-block-column is-layout-flow wp-block-column-is-layout-flow\">\n<div class=\"wp-block-uagb-image aligncenter uagb-block-dfbff711 wp-block-uagb-image--layout-default wp-block-uagb-image--effect-static wp-block-uagb-image--align-center\"><figure class=\"wp-block-uagb-image__figure\"><img decoding=\"async\" srcset=\"https:\/\/mairie-montataire.fr\/app\/uploads\/2025\/06\/affiches-QE-etc-OK-HD_Page_1-726x1024.jpg ,https:\/\/mairie-montataire.fr\/app\/uploads\/2025\/06\/affiches-QE-etc-OK-HD_Page_1.jpg 780w, https:\/\/mairie-montataire.fr\/app\/uploads\/2025\/06\/affiches-QE-etc-OK-HD_Page_1.jpg 360w\" sizes=\"auto, (max-width: 480px) 150px\" src=\"https:\/\/mairie-montataire.fr\/app\/uploads\/2025\/06\/affiches-QE-etc-OK-HD_Page_1-726x1024.jpg\" alt=\"\" class=\"uag-image-6391\" width=\"726\" height=\"1024\" title=\"posters QE etc OK HD_Page_1\" loading=\"lazy\" role=\"img\"\/><\/figure><\/div>\n<\/div>\n\n\n\n<div class=\"wp-block-column is-layout-flow wp-block-column-is-layout-flow\">\n<div class=\"wp-block-uagb-image aligncenter uagb-block-d8cc6ab7 wp-block-uagb-image--layout-default wp-block-uagb-image--effect-static wp-block-uagb-image--align-center\"><figure class=\"wp-block-uagb-image__figure\"><img decoding=\"async\" srcset=\"https:\/\/mairie-montataire.fr\/app\/uploads\/2025\/06\/affiches-QE-etc-OK-HD_Page_3-724x1024.jpg ,https:\/\/mairie-montataire.fr\/app\/uploads\/2025\/06\/affiches-QE-etc-OK-HD_Page_3.jpg 780w, https:\/\/mairie-montataire.fr\/app\/uploads\/2025\/06\/affiches-QE-etc-OK-HD_Page_3.jpg 360w\" sizes=\"auto, (max-width: 480px) 150px\" src=\"https:\/\/mairie-montataire.fr\/app\/uploads\/2025\/06\/affiches-QE-etc-OK-HD_Page_3-724x1024.jpg\" alt=\"\" class=\"uag-image-6392\" width=\"724\" height=\"1024\" title=\"posters QE etc OK HD_Page_3\" loading=\"lazy\" role=\"img\"\/><\/figure><\/div>\n<\/div>\n<\/div>\n\n\n\n<div style=\"height:56px\" aria-hidden=\"true\" class=\"wp-block-spacer\"><\/div>\n\n\n\n<div class=\"wp-block-uagb-separator uagb-block-1b39294a\"><div class=\"uagb-separator-spacing-wrapper\"><div class=\"wp-block-uagb-separator__inner\" style=\"--my-background-image:\"><\/div><\/div><\/div>\n\n\n\n<p>As part of Quartiers d'\u00e9t\u00e9 2025.<\/p>\n\n\n\n<div class=\"wp-block-uagb-buttons uagb-buttons__outer-wrap uagb-btn__default-btn uagb-btn-tablet__default-btn uagb-btn-mobile__default-btn uagb-block-bc33e191\"><div class=\"uagb-buttons__wrap uagb-buttons-layout-wrap\">\n<div class=\"wp-block-uagb-buttons-child uagb-buttons__outer-wrap uagb-block-88b40543 wp-block-button\"><div class=\"uagb-button__wrapper\"><a class=\"uagb-buttons-repeater wp-block-button__link\" aria-label=\"\" href=\"https:\/\/mairie-montataire.fr\/en\/app\/uploads\/2025\/06\/QE2025-progA5-BD.pdf\/\" rel=\"follow noopener\" target=\"_blank\" role=\"button\"><div class=\"uagb-button__link\">Find out all about the Quartiers d'\u00e9t\u00e9 programme here!<\/div><\/a><\/div><\/div>\n<\/div><\/div>\n\n\n\n<div style=\"height:12px\" aria-hidden=\"true\" class=\"wp-block-spacer\"><\/div>\n\n\n\n<p>An event organised with the support of the Hauts-de-France Region, the National Agency for Territorial Cohesion, the Oise Prefect, the Oise Department, \u00c9t\u00e9 culturel 2025, the CAF, Oise habitat, S.A. HLM du d\u00e9partement de l'Oise and the Habitat en r\u00e9gion group.<\/p>\n\n\n\n<p><\/p>","protected":false},"featured_media":6384,"parent":0,"template":"","meta":{"_acf_changed":false,"_uag_custom_page_level_css":""},"event-theme":[88],"class_list":["post-6371","event","type-event","status-publish","has-post-thumbnail","hentry","event-theme-evenement"],"acf":[],"uagb_featured_image_src":{"full":["https:\/\/mairie-montataire.fr\/app\/uploads\/2025\/06\/GabaritActu-feu-artifice.jpg",450,335,false],"thumbnail":["https:\/\/mairie-montataire.fr\/app\/uploads\/2025\/06\/GabaritActu-feu-artifice-150x150.jpg",150,150,true],"medium":["https:\/\/mairie-montataire.fr\/app\/uploads\/2025\/06\/GabaritActu-feu-artifice-300x223.jpg",300,223,true],"medium_large":["https:\/\/mairie-montataire.fr\/app\/uploads\/2025\/06\/GabaritActu-feu-artifice.jpg",450,335,false],"large":["https:\/\/mairie-montataire.fr\/app\/uploads\/2025\/06\/GabaritActu-feu-artifice.jpg",450,335,false],"1536x1536":["https:\/\/mairie-montataire.fr\/app\/uploads\/2025\/06\/GabaritActu-feu-artifice.jpg",450,335,false],"2048x2048":["https:\/\/mairie-montataire.fr\/app\/uploads\/2025\/06\/GabaritActu-feu-artifice.jpg",450,335,false],"trp-custom-language-flag":["https:\/\/mairie-montataire.fr\/app\/uploads\/2025\/06\/GabaritActu-feu-artifice-16x12.jpg",16,12,true],"gform-image-choice-sm":["https:\/\/mairie-montataire.fr\/app\/uploads\/2025\/06\/GabaritActu-feu-artifice.jpg",300,223,false],"gform-image-choice-md":["https:\/\/mairie-montataire.fr\/app\/uploads\/2025\/06\/GabaritActu-feu-artifice.jpg",400,298,false],"gform-image-choice-lg":["https:\/\/mairie-montataire.fr\/app\/uploads\/2025\/06\/GabaritActu-feu-artifice.jpg",450,335,false]},"uagb_author_info":{"display_name":"Laure Pubert","author_link":"https:\/\/mairie-montataire.fr\/en\/actualites\/author\/"},"uagb_comment_info":0,"uagb_excerpt":"Venez en prendre plein les yeux avec le feu d&rsquo;artifice ! Attention, le stationnement et la circulation des v\u00e9hicules seront interdits avenue Guy M\u00f4quet du dimanche 13 juillet \u00e0 22h30 ai lundi juillet \u00e0 00h30. Dans le cadre des Quartiers d&rsquo;\u00e9t\u00e9 2025. Un \u00e9v\u00e9nement organis\u00e9 avec le soutien de la R\u00e9gion Hauts-de-France, L&rsquo;agence National de&hellip;","_links":{"self":[{"href":"https:\/\/mairie-montataire.fr\/en\/wp-json\/wp\/v2\/event\/6371","targetHints":{"allow":["GET"]}}],"collection":[{"href":"https:\/\/mairie-montataire.fr\/en\/wp-json\/wp\/v2\/event"}],"about":[{"href":"https:\/\/mairie-montataire.fr\/en\/wp-json\/wp\/v2\/types\/event"}],"wp:featuredmedia":[{"embeddable":true,"href":"https:\/\/mairie-montataire.fr\/en\/wp-json\/wp\/v2\/media\/6384"}],"wp:attachment":[{"href":"https:\/\/mairie-montataire.fr\/en\/wp-json\/wp\/v2\/media?parent=6371"}],"wp:term":[{"taxonomy":"event-theme","embeddable":true,"href":"https:\/\/mairie-montataire.fr\/en\/wp-json\/wp\/v2\/event-theme?post=6371"}],"curies":[{"name":"wp","href":"https:\/\/api.w.org\/{rel}","templated":true}]}}

<p>Come and enjoy the fireworks! </p>



<p><strong><mark style="background-color:rgba(0, 0, 0, 0)" class="has-inline-color has-secondary-color">Attention</mark></strong>Parking and vehicle traffic will be banned on avenue Guy Môquet from 10.30pm on Sunday 13 July to 12.30am on Monday July.</p>



<div style="height:56px" aria-hidden="true" class="wp-block-spacer"></div>



<div class="wp-block-columns is-layout-flex wp-container-core-columns-is-layout-9d6595d7 wp-block-columns-is-layout-flex">
<div class="wp-block-column is-layout-flow wp-block-column-is-layout-flow">
<div class="wp-block-uagb-image aligncenter uagb-block-dfbff711 wp-block-uagb-image--layout-default wp-block-uagb-image--effect-static wp-block-uagb-image--align-center"><figure class="wp-block-uagb-image__figure"><img decoding="async" srcset="https://mairie-montataire.fr/app/uploads/2025/06/affiches-QE-etc-OK-HD_Page_1-726x1024.jpg ,https://mairie-montataire.fr/app/uploads/2025/06/affiches-QE-etc-OK-HD_Page_1.jpg 780w, https://mairie-montataire.fr/app/uploads/2025/06/affiches-QE-etc-OK-HD_Page_1.jpg 360w" sizes="auto, (max-width: 480px) 150px" src="https://mairie-montataire.fr/app/uploads/2025/06/affiches-QE-etc-OK-HD_Page_1-726x1024.jpg" alt="" class="uag-image-6391" width="726" height="1024" title="posters QE etc OK HD_Page_1" loading="lazy" role="img"/></figure></div>
</div>



<div class="wp-block-column is-layout-flow wp-block-column-is-layout-flow">
<div class="wp-block-uagb-image aligncenter uagb-block-d8cc6ab7 wp-block-uagb-image--layout-default wp-block-uagb-image--effect-static wp-block-uagb-image--align-center"><figure class="wp-block-uagb-image__figure"><img decoding="async" srcset="https://mairie-montataire.fr/app/uploads/2025/06/affiches-QE-etc-OK-HD_Page_3-724x1024.jpg ,https://mairie-montataire.fr/app/uploads/2025/06/affiches-QE-etc-OK-HD_Page_3.jpg 780w, https://mairie-montataire.fr/app/uploads/2025/06/affiches-QE-etc-OK-HD_Page_3.jpg 360w" sizes="auto, (max-width: 480px) 150px" src="https://mairie-montataire.fr/app/uploads/2025/06/affiches-QE-etc-OK-HD_Page_3-724x1024.jpg" alt="" class="uag-image-6392" width="724" height="1024" title="posters QE etc OK HD_Page_3" loading="lazy" role="img"/></figure></div>
</div>
</div>



<div style="height:56px" aria-hidden="true" class="wp-block-spacer"></div>



<div class="wp-block-uagb-separator uagb-block-1b39294a"><div class="uagb-separator-spacing-wrapper"><div class="wp-block-uagb-separator__inner" style="--my-background-image:"></div></div></div>



<p>As part of Quartiers d'été 2025.</p>



<div class="wp-block-uagb-buttons uagb-buttons__outer-wrap uagb-btn__default-btn uagb-btn-tablet__default-btn uagb-btn-mobile__default-btn uagb-block-bc33e191"><div class="uagb-buttons__wrap uagb-buttons-layout-wrap">
<div class="wp-block-uagb-buttons-child uagb-buttons__outer-wrap uagb-block-88b40543 wp-block-button"><div class="uagb-button__wrapper"><a class="uagb-buttons-repeater wp-block-button__link" aria-label="" href="https://mairie-montataire.fr/en/app/uploads/2025/06/QE2025-progA5-BD.pdf/" rel="follow noopener" target="_blank" role="button"><div class="uagb-button__link">Find out all about the Quartiers d'été programme here!</div></a></div></div>
</div></div>



<div style="height:12px" aria-hidden="true" class="wp-block-spacer"></div>



<p>An event organised with the support of the Hauts-de-France Region, the National Agency for Territorial Cohesion, the Oise Prefect, the Oise Department, Été culturel 2025, the CAF, Oise habitat, S.A. HLM du département de l'Oise and the Habitat en région group.</p>



<p></p>

Venez en prendre plein les yeux avec le feu d&rsquo;artifice ! Attention, le stationnement et la circulation des véhicules seront interdits avenue Guy Môquet du dimanche 13 juillet à 22h30 ai lundi juillet à 00h30. Dans le cadre des Quartiers d&rsquo;été 2025. Un événement organisé avec le soutien de la Région Hauts-de-France, L&rsquo;agence National de&hellip;
