{"id":6370,"date":"2025-06-13T14:21:35","date_gmt":"2025-06-13T14:21:35","guid":{"rendered":"https:\/\/mairie-montataire.fr\/?post_type=event&#038;p=6370"},"modified":"2025-07-03T13:22:22","modified_gmt":"2025-07-03T13:22:22","slug":"social-centre-festival","status":"publish","type":"event","link":"https:\/\/mairie-montataire.fr\/en\/agenda\/evenement\/fete-du-centre-social\/","title":{"rendered":"Social centre festival"},"content":{"rendered":"<p>The town of Montataire invites you to <strong>Saturday 5 July 2025<\/strong>of <strong>1.30 p.m. to 5.30 p.m.<\/strong>for the traditional <strong>Social Centre Festival<\/strong>organised at the Espace Hubert d'Hoker. This year's event will showcase Asian cultures through a rich and varied programme accessible to all.<\/p>\n\n\n\n<h3 class=\"wp-block-heading\">Cultural shows and entertainment for all the family<\/h3>\n\n\n\n<p>Two highlights will punctuate the afternoon:<\/p>\n\n\n\n<ul class=\"wp-block-list\">\n<li style=\"font-style:normal;font-weight:400\">\u00c0 <strong>15h<\/strong>a <strong>lion dance show<\/strong> will open the festivities,<\/li>\n\n\n\n<li style=\"font-style:normal;font-weight:400\">\u00c0 <strong>16h30<\/strong>a <strong>Bollywood dance performance<\/strong> will close this year's show on a colourful and lively note.<\/li>\n<\/ul>\n\n\n\n<p>Visitors can also enjoy a wide range of activities throughout the day:<\/p>\n\n\n\n<ul class=\"wp-block-list\">\n<li style=\"font-style:normal;font-weight:400\">Wooden games, puzzles, photo booth, manga readings,<\/li>\n\n\n\n<li style=\"font-style:normal;font-weight:400\">Creative workshops: Chinese hats, fans, dragons, etc,<\/li>\n\n\n\n<li style=\"font-style:normal;font-weight:400\">Face painting, balloon sculpting, sumo wrestling,<\/li>\n\n\n\n<li style=\"font-style:normal;font-weight:400\">Making spring rolls,<\/li>\n\n\n\n<li style=\"font-style:normal;font-weight:400\">Tasting of Asian specialities,<\/li>\n\n\n\n<li style=\"font-style:normal;font-weight:400\">The bookmobile will be on hand for book lovers.<\/li>\n<\/ul>\n\n\n\n<h3 class=\"wp-block-heading\">A celebration of discovery and sharing<\/h3>\n\n\n\n<p>Organised with the support of numerous partners, this festival aims to promote cultural diversity and strengthen links between residents. It is <strong>free of charge<\/strong> and <strong>open to all<\/strong>for young and old alike.<\/p>\n\n\n\n<div style=\"height:56px\" aria-hidden=\"true\" class=\"wp-block-spacer\"><\/div>\n\n\n\n<div class=\"wp-block-columns is-layout-flex wp-container-core-columns-is-layout-9d6595d7 wp-block-columns-is-layout-flex\">\n<div class=\"wp-block-column is-layout-flow wp-block-column-is-layout-flow\">\n<div class=\"wp-block-uagb-image aligncenter uagb-block-dfbff711 wp-block-uagb-image--layout-default wp-block-uagb-image--effect-static wp-block-uagb-image--align-center\"><figure class=\"wp-block-uagb-image__figure\"><img decoding=\"async\" srcset=\"https:\/\/mairie-montataire.fr\/app\/uploads\/2025\/06\/affiches-QE-etc-OK-HD_Page_1-726x1024.jpg ,https:\/\/mairie-montataire.fr\/app\/uploads\/2025\/06\/affiches-QE-etc-OK-HD_Page_1.jpg 780w, https:\/\/mairie-montataire.fr\/app\/uploads\/2025\/06\/affiches-QE-etc-OK-HD_Page_1.jpg 360w\" sizes=\"auto, (max-width: 480px) 150px\" src=\"https:\/\/mairie-montataire.fr\/app\/uploads\/2025\/06\/affiches-QE-etc-OK-HD_Page_1-726x1024.jpg\" alt=\"\" class=\"uag-image-6391\" width=\"726\" height=\"1024\" title=\"posters QE etc OK HD_Page_1\" loading=\"lazy\" role=\"img\"\/><\/figure><\/div>\n<\/div>\n\n\n\n<div class=\"wp-block-column is-layout-flow wp-block-column-is-layout-flow\">\n<div class=\"wp-block-uagb-image aligncenter uagb-block-d8cc6ab7 wp-block-uagb-image--layout-default wp-block-uagb-image--effect-static wp-block-uagb-image--align-center\"><figure class=\"wp-block-uagb-image__figure\"><img decoding=\"async\" srcset=\"https:\/\/mairie-montataire.fr\/app\/uploads\/2025\/06\/affiche-A3-fete-EHH-v2-724x1024.jpg ,https:\/\/mairie-montataire.fr\/app\/uploads\/2025\/06\/affiche-A3-fete-EHH-v2.jpg 780w, https:\/\/mairie-montataire.fr\/app\/uploads\/2025\/06\/affiche-A3-fete-EHH-v2.jpg 360w\" sizes=\"auto, (max-width: 480px) 150px\" src=\"https:\/\/mairie-montataire.fr\/app\/uploads\/2025\/06\/affiche-A3-fete-EHH-v2-724x1024.jpg\" alt=\"\" class=\"uag-image-6390\" width=\"724\" height=\"1024\" title=\"A3 EHH festival poster v2\" loading=\"lazy\" role=\"img\"\/><\/figure><\/div>\n<\/div>\n<\/div>\n\n\n\n<div style=\"height:56px\" aria-hidden=\"true\" class=\"wp-block-spacer\"><\/div>\n\n\n\n<div class=\"wp-block-uagb-separator uagb-block-1b39294a\"><div class=\"uagb-separator-spacing-wrapper\"><div class=\"wp-block-uagb-separator__inner\" style=\"--my-background-image:\"><\/div><\/div><\/div>\n\n\n\n<p>As part of Quartiers d'\u00e9t\u00e9 2025.<\/p>\n\n\n\n<div class=\"wp-block-uagb-buttons uagb-buttons__outer-wrap uagb-btn__default-btn uagb-btn-tablet__default-btn uagb-btn-mobile__default-btn uagb-block-bc33e191\"><div class=\"uagb-buttons__wrap uagb-buttons-layout-wrap\">\n<div class=\"wp-block-uagb-buttons-child uagb-buttons__outer-wrap uagb-block-88b40543 wp-block-button\"><div class=\"uagb-button__wrapper\"><a class=\"uagb-buttons-repeater wp-block-button__link\" aria-label=\"\" href=\"#\" rel=\"follow noopener\" target=\"_blank\" role=\"button\"><div class=\"uagb-button__link\">Find out all about the Quartiers d'\u00e9t\u00e9 programme here!<\/div><\/a><\/div><\/div>\n<\/div><\/div>\n\n\n\n<div style=\"height:12px\" aria-hidden=\"true\" class=\"wp-block-spacer\"><\/div>\n\n\n\n<p>An event organised with the support of the Hauts-de-France Region, the National Agency for Territorial Cohesion, the Oise Prefect, the Oise Department, \u00c9t\u00e9 culturel 2025, the CAF, Oise habitat, S.A. HLM du d\u00e9partement de l'Oise and the Habitat en r\u00e9gion group.<\/p>","protected":false},"featured_media":6387,"parent":0,"template":"","meta":{"_acf_changed":false,"_uag_custom_page_level_css":""},"event-theme":[88],"class_list":["post-6370","event","type-event","status-publish","has-post-thumbnail","hentry","event-theme-evenement"],"acf":[],"uagb_featured_image_src":{"full":["https:\/\/mairie-montataire.fr\/app\/uploads\/2025\/06\/GabaritActu-fete-ehh.jpg",450,335,false],"thumbnail":["https:\/\/mairie-montataire.fr\/app\/uploads\/2025\/06\/GabaritActu-fete-ehh-150x150.jpg",150,150,true],"medium":["https:\/\/mairie-montataire.fr\/app\/uploads\/2025\/06\/GabaritActu-fete-ehh-300x223.jpg",300,223,true],"medium_large":["https:\/\/mairie-montataire.fr\/app\/uploads\/2025\/06\/GabaritActu-fete-ehh.jpg",450,335,false],"large":["https:\/\/mairie-montataire.fr\/app\/uploads\/2025\/06\/GabaritActu-fete-ehh.jpg",450,335,false],"1536x1536":["https:\/\/mairie-montataire.fr\/app\/uploads\/2025\/06\/GabaritActu-fete-ehh.jpg",450,335,false],"2048x2048":["https:\/\/mairie-montataire.fr\/app\/uploads\/2025\/06\/GabaritActu-fete-ehh.jpg",450,335,false],"trp-custom-language-flag":["https:\/\/mairie-montataire.fr\/app\/uploads\/2025\/06\/GabaritActu-fete-ehh-16x12.jpg",16,12,true],"gform-image-choice-sm":["https:\/\/mairie-montataire.fr\/app\/uploads\/2025\/06\/GabaritActu-fete-ehh.jpg",300,223,false],"gform-image-choice-md":["https:\/\/mairie-montataire.fr\/app\/uploads\/2025\/06\/GabaritActu-fete-ehh.jpg",400,298,false],"gform-image-choice-lg":["https:\/\/mairie-montataire.fr\/app\/uploads\/2025\/06\/GabaritActu-fete-ehh.jpg",450,335,false]},"uagb_author_info":{"display_name":"Laure Pubert","author_link":"https:\/\/mairie-montataire.fr\/en\/actualites\/author\/"},"uagb_comment_info":0,"uagb_excerpt":"La Ville de Montataire vous donne rendez-vous le samedi 5 juillet 2025, de 13h30 \u00e0 17h30, pour la traditionnelle F\u00eate du Centre Social, organis\u00e9e \u00e0 l\u2019Espace Hubert d\u2019Hoker. Cette \u00e9dition mettra \u00e0 l\u2019honneur les cultures d\u2019Asie \u00e0 travers une programmation riche et vari\u00e9e, accessible \u00e0 toutes et tous. Des spectacles culturels et des animations pour&hellip;","_links":{"self":[{"href":"https:\/\/mairie-montataire.fr\/en\/wp-json\/wp\/v2\/event\/6370","targetHints":{"allow":["GET"]}}],"collection":[{"href":"https:\/\/mairie-montataire.fr\/en\/wp-json\/wp\/v2\/event"}],"about":[{"href":"https:\/\/mairie-montataire.fr\/en\/wp-json\/wp\/v2\/types\/event"}],"wp:featuredmedia":[{"embeddable":true,"href":"https:\/\/mairie-montataire.fr\/en\/wp-json\/wp\/v2\/media\/6387"}],"wp:attachment":[{"href":"https:\/\/mairie-montataire.fr\/en\/wp-json\/wp\/v2\/media?parent=6370"}],"wp:term":[{"taxonomy":"event-theme","embeddable":true,"href":"https:\/\/mairie-montataire.fr\/en\/wp-json\/wp\/v2\/event-theme?post=6370"}],"curies":[{"name":"wp","href":"https:\/\/api.w.org\/{rel}","templated":true}]}}

<p>The town of Montataire invites you to <strong>Saturday 5 July 2025</strong>of <strong>1.30 p.m. to 5.30 p.m.</strong>for the traditional <strong>Social Centre Festival</strong>organised at the Espace Hubert d'Hoker. This year's event will showcase Asian cultures through a rich and varied programme accessible to all.</p>



<h3 class="wp-block-heading">Cultural shows and entertainment for all the family</h3>



<p>Two highlights will punctuate the afternoon:</p>



<ul class="wp-block-list">
<li style="font-style:normal;font-weight:400">À <strong>15h</strong>a <strong>lion dance show</strong> will open the festivities,</li>



<li style="font-style:normal;font-weight:400">À <strong>16h30</strong>a <strong>Bollywood dance performance</strong> will close this year's show on a colourful and lively note.</li>
</ul>



<p>Visitors can also enjoy a wide range of activities throughout the day:</p>



<ul class="wp-block-list">
<li style="font-style:normal;font-weight:400">Wooden games, puzzles, photo booth, manga readings,</li>



<li style="font-style:normal;font-weight:400">Creative workshops: Chinese hats, fans, dragons, etc,</li>



<li style="font-style:normal;font-weight:400">Face painting, balloon sculpting, sumo wrestling,</li>



<li style="font-style:normal;font-weight:400">Making spring rolls,</li>



<li style="font-style:normal;font-weight:400">Tasting of Asian specialities,</li>



<li style="font-style:normal;font-weight:400">The bookmobile will be on hand for book lovers.</li>
</ul>



<h3 class="wp-block-heading">A celebration of discovery and sharing</h3>



<p>Organised with the support of numerous partners, this festival aims to promote cultural diversity and strengthen links between residents. It is <strong>free of charge</strong> and <strong>open to all</strong>for young and old alike.</p>



<div style="height:56px" aria-hidden="true" class="wp-block-spacer"></div>



<div class="wp-block-columns is-layout-flex wp-container-core-columns-is-layout-9d6595d7 wp-block-columns-is-layout-flex">
<div class="wp-block-column is-layout-flow wp-block-column-is-layout-flow">
<div class="wp-block-uagb-image aligncenter uagb-block-dfbff711 wp-block-uagb-image--layout-default wp-block-uagb-image--effect-static wp-block-uagb-image--align-center"><figure class="wp-block-uagb-image__figure"><img decoding="async" srcset="https://mairie-montataire.fr/app/uploads/2025/06/affiches-QE-etc-OK-HD_Page_1-726x1024.jpg ,https://mairie-montataire.fr/app/uploads/2025/06/affiches-QE-etc-OK-HD_Page_1.jpg 780w, https://mairie-montataire.fr/app/uploads/2025/06/affiches-QE-etc-OK-HD_Page_1.jpg 360w" sizes="auto, (max-width: 480px) 150px" src="https://mairie-montataire.fr/app/uploads/2025/06/affiches-QE-etc-OK-HD_Page_1-726x1024.jpg" alt="" class="uag-image-6391" width="726" height="1024" title="posters QE etc OK HD_Page_1" loading="lazy" role="img"/></figure></div>
</div>



<div class="wp-block-column is-layout-flow wp-block-column-is-layout-flow">
<div class="wp-block-uagb-image aligncenter uagb-block-d8cc6ab7 wp-block-uagb-image--layout-default wp-block-uagb-image--effect-static wp-block-uagb-image--align-center"><figure class="wp-block-uagb-image__figure"><img decoding="async" srcset="https://mairie-montataire.fr/app/uploads/2025/06/affiche-A3-fete-EHH-v2-724x1024.jpg ,https://mairie-montataire.fr/app/uploads/2025/06/affiche-A3-fete-EHH-v2.jpg 780w, https://mairie-montataire.fr/app/uploads/2025/06/affiche-A3-fete-EHH-v2.jpg 360w" sizes="auto, (max-width: 480px) 150px" src="https://mairie-montataire.fr/app/uploads/2025/06/affiche-A3-fete-EHH-v2-724x1024.jpg" alt="" class="uag-image-6390" width="724" height="1024" title="A3 EHH festival poster v2" loading="lazy" role="img"/></figure></div>
</div>
</div>



<div style="height:56px" aria-hidden="true" class="wp-block-spacer"></div>



<div class="wp-block-uagb-separator uagb-block-1b39294a"><div class="uagb-separator-spacing-wrapper"><div class="wp-block-uagb-separator__inner" style="--my-background-image:"></div></div></div>



<p>As part of Quartiers d'été 2025.</p>



<div class="wp-block-uagb-buttons uagb-buttons__outer-wrap uagb-btn__default-btn uagb-btn-tablet__default-btn uagb-btn-mobile__default-btn uagb-block-bc33e191"><div class="uagb-buttons__wrap uagb-buttons-layout-wrap">
<div class="wp-block-uagb-buttons-child uagb-buttons__outer-wrap uagb-block-88b40543 wp-block-button"><div class="uagb-button__wrapper"><a class="uagb-buttons-repeater wp-block-button__link" aria-label="" href="#" rel="follow noopener" target="_blank" role="button"><div class="uagb-button__link">Find out all about the Quartiers d'été programme here!</div></a></div></div>
</div></div>



<div style="height:12px" aria-hidden="true" class="wp-block-spacer"></div>



<p>An event organised with the support of the Hauts-de-France Region, the National Agency for Territorial Cohesion, the Oise Prefect, the Oise Department, Été culturel 2025, the CAF, Oise habitat, S.A. HLM du département de l'Oise and the Habitat en région group.</p>

La Ville de Montataire vous donne rendez-vous le samedi 5 juillet 2025, de 13h30 à 17h30, pour la traditionnelle Fête du Centre Social, organisée à l’Espace Hubert d’Hoker. Cette édition mettra à l’honneur les cultures d’Asie à travers une programmation riche et variée, accessible à toutes et tous. Des spectacles culturels et des animations pour&hellip;
