{"id":6296,"date":"2025-06-03T14:37:55","date_gmt":"2025-06-03T14:37:55","guid":{"rendered":"https:\/\/mairie-montataire.fr\/?post_type=event&#038;p=6296"},"modified":"2025-06-13T13:10:27","modified_gmt":"2025-06-13T13:10:27","slug":"concert-by-lete-marwa-loud","status":"publish","type":"event","link":"https:\/\/mairie-montataire.fr\/en\/agenda\/evenement\/concert-de-lete-marwa-loud\/","title":{"rendered":"Summer concert - Marwa Loud"},"content":{"rendered":"<p>As part of <strong>Summer quarters<\/strong>the town of Montataire gives you <strong>appointment Tuesday 1<sup>er<\/sup> July 2025<\/strong> for an exceptional event:<br>the free concert by <strong>Marwa Loud<\/strong>a leading French urban pop and RnB artist.<\/p>\n\n\n\n<p>To discover or rediscover his music, visit his YouTube channel: <\/p>\n\n\n\n<figure class=\"wp-block-embed is-type-video is-provider-youtube wp-block-embed-youtube wp-embed-aspect-16-9 wp-has-aspect-ratio\"><div class=\"wp-block-embed__wrapper\">\n<script>document.addEventListener('DOMContentLoaded', function() {(tarteaucitron.job = tarteaucitron.job || []).push('youtube');});<\/script><div class=\"youtube_player\" videoid=\"JIoj1RYvz1Y\" width=\"100%\" height=\"100%\" style=\"height:50vw\" theme=\"light\" rel=\"0\" controls=\"1\" showinfo=\"1\" autoplay=\"0\"><\/div>\n<\/div><\/figure>\n\n\n\n<div class=\"wp-block-uagb-call-to-action uagb-block-d2261b2d wp-block-button\"><div class=\"uagb-cta__wrap\"><h3 class=\"uagb-cta__title\">Pre-registration from 7 to 17 June 2025<\/h3><p class=\"uagb-cta__desc\">To take part, a <strong>online pre-registration is compulsory<\/strong>.<br>The terms of participation are as follows:<br>- The number of tickets is <strong>limited to 5 per person<\/strong>.<br>- <strong>Each ticket is nominative<\/strong> It cannot be modified, transferred or resold.<br>- The <strong>minors under the age of 15 must be accompanied by an adult<\/strong>.<br><br>Please note: each form corresponds to <strong>a ticket<\/strong>. If you would like more than one ticket (e.g. 3 tickets), please fill in the form below. <strong>as many times as necessary<\/strong>using the same e-mail address.<\/p><\/div><div class=\"uagb-cta__buttons\"><a href=\"https:\/\/forms.gle\/MbBv7SY9pYFm7jyA7\" class=\"uagb-cta__button-link-wrapper wp-block-button__link\" target=\"_blank\" rel=\"noopener noreferrer\">Pre-registration link<svg xmlns=\"https:\/\/www.w3.org\/2000\/svg\" viewbox=\"0 0 512 512\"><path d=\"M504.3 273.6l-112.1 104c-6.992 6.484-17.18 8.218-25.94 4.406c-8.758-3.812-14.42-12.45-14.42-21.1L351.9 288H32C14.33 288 .0002 273.7 .0002 255.1S14.33 224 32 224h319.9l0-72c0-9.547 5.66-18.19 14.42-22c8.754-3.809 18.95-2.075 25.94 4.41l112.1 104C514.6 247.9 514.6 264.1 504.3 273.6z\"><\/path><\/svg><\/a><\/div><\/div>\n\n\n\n<p>Please note: each form corresponds to <strong>a ticket<\/strong>. If you would like more than one ticket (e.g. 3 tickets), please fill in the form below. <strong>as many times as necessary<\/strong>using the same e-mail address.<\/p>\n\n\n\n<p>Tickets will be sent by e-mail, after checking availability, <strong>no later than Wednesday 25 June<\/strong>.<\/p>\n\n\n\n<h2 class=\"wp-block-heading\">Concert details<\/h2>\n\n\n\n<p>The concert starts at 8pm and doors open at 6.30pm.<\/p>\n\n\n\n<p>There will be paid catering on site.<\/p>\n\n\n\n<div class=\"wp-block-uagb-image aligncenter uagb-block-bbb1d90e wp-block-uagb-image--layout-default wp-block-uagb-image--effect-static wp-block-uagb-image--align-center\"><figure class=\"wp-block-uagb-image__figure\"><img decoding=\"async\" srcset=\"https:\/\/mairie-montataire.fr\/app\/uploads\/2025\/06\/affiches-QE-etc-OK-HD_Page_4-722x1024.jpg ,https:\/\/mairie-montataire.fr\/app\/uploads\/2025\/06\/affiches-QE-etc-OK-HD_Page_4.jpg 780w, https:\/\/mairie-montataire.fr\/app\/uploads\/2025\/06\/affiches-QE-etc-OK-HD_Page_4.jpg 360w\" sizes=\"auto, (max-width: 480px) 150px\" src=\"https:\/\/mairie-montataire.fr\/app\/uploads\/2025\/06\/affiches-QE-etc-OK-HD_Page_4-722x1024.jpg\" alt=\"\" class=\"uag-image-6368\" width=\"722\" height=\"1024\" title=\"posters QE etc OK HD_Page_4\" loading=\"lazy\" role=\"img\"\/><\/figure><\/div>\n\n\n\n<h2 class=\"wp-block-heading\">\ud83d\udeab Prohibited items<\/h2>\n\n\n\n<p>For safety reasons, the <strong>gourds, cans and glass bottles will be banned<\/strong> inside the concert venue.<\/p>\n\n\n\n<div style=\"height:36px\" aria-hidden=\"true\" class=\"wp-block-spacer\"><\/div>\n\n\n\n<div class=\"wp-block-uagb-separator uagb-block-1b39294a\"><div class=\"uagb-separator-spacing-wrapper\"><div class=\"wp-block-uagb-separator__inner\" style=\"--my-background-image:\"><\/div><\/div><\/div>\n\n\n\n<p>An event organised with the support of the Hauts-de-France Region, the National Agency for Territorial Cohesion, the Oise Prefect, the Oise Department, \u00c9t\u00e9 culturel 2025, the CAF, Oise habitat, S.A. HLM du d\u00e9partement de l'Oise and the Habitat en r\u00e9gion group.<\/p>\n\n\n\n<p><\/p>","protected":false},"featured_media":6291,"parent":0,"template":"","meta":{"_acf_changed":false,"_uag_custom_page_level_css":""},"event-theme":[88],"class_list":["post-6296","event","type-event","status-publish","has-post-thumbnail","hentry","event-theme-evenement"],"acf":[],"uagb_featured_image_src":{"full":["https:\/\/mairie-montataire.fr\/app\/uploads\/2024\/09\/Actu_ConcertMarwaLoud.jpg",450,335,false],"thumbnail":["https:\/\/mairie-montataire.fr\/app\/uploads\/2024\/09\/Actu_ConcertMarwaLoud-150x150.jpg",150,150,true],"medium":["https:\/\/mairie-montataire.fr\/app\/uploads\/2024\/09\/Actu_ConcertMarwaLoud-300x223.jpg",300,223,true],"medium_large":["https:\/\/mairie-montataire.fr\/app\/uploads\/2024\/09\/Actu_ConcertMarwaLoud.jpg",450,335,false],"large":["https:\/\/mairie-montataire.fr\/app\/uploads\/2024\/09\/Actu_ConcertMarwaLoud.jpg",450,335,false],"1536x1536":["https:\/\/mairie-montataire.fr\/app\/uploads\/2024\/09\/Actu_ConcertMarwaLoud.jpg",450,335,false],"2048x2048":["https:\/\/mairie-montataire.fr\/app\/uploads\/2024\/09\/Actu_ConcertMarwaLoud.jpg",450,335,false],"trp-custom-language-flag":["https:\/\/mairie-montataire.fr\/app\/uploads\/2024\/09\/Actu_ConcertMarwaLoud-16x12.jpg",16,12,true],"gform-image-choice-sm":["https:\/\/mairie-montataire.fr\/app\/uploads\/2024\/09\/Actu_ConcertMarwaLoud.jpg",300,223,false],"gform-image-choice-md":["https:\/\/mairie-montataire.fr\/app\/uploads\/2024\/09\/Actu_ConcertMarwaLoud.jpg",400,298,false],"gform-image-choice-lg":["https:\/\/mairie-montataire.fr\/app\/uploads\/2024\/09\/Actu_ConcertMarwaLoud.jpg",450,335,false]},"uagb_author_info":{"display_name":"Laure Pubert","author_link":"https:\/\/mairie-montataire.fr\/en\/actualites\/author\/"},"uagb_comment_info":0,"uagb_excerpt":"Dans le cadre de Quartiers d\u2019\u00e9t\u00e9, la Ville de Montataire vous donne rendez-vous mardi 1er juillet 2025 pour un \u00e9v\u00e9nement exceptionnel :le concert gratuit de Marwa Loud, artiste phare de la pop urbaine et du RnB fran\u00e7ais. Pour d\u00e9couvrir ou red\u00e9couvrir sa musique, rendez-vous sur sa cha\u00eene YouTube : \u00c0 noter : chaque formulaire correspond&hellip;","_links":{"self":[{"href":"https:\/\/mairie-montataire.fr\/en\/wp-json\/wp\/v2\/event\/6296","targetHints":{"allow":["GET"]}}],"collection":[{"href":"https:\/\/mairie-montataire.fr\/en\/wp-json\/wp\/v2\/event"}],"about":[{"href":"https:\/\/mairie-montataire.fr\/en\/wp-json\/wp\/v2\/types\/event"}],"wp:featuredmedia":[{"embeddable":true,"href":"https:\/\/mairie-montataire.fr\/en\/wp-json\/wp\/v2\/media\/6291"}],"wp:attachment":[{"href":"https:\/\/mairie-montataire.fr\/en\/wp-json\/wp\/v2\/media?parent=6296"}],"wp:term":[{"taxonomy":"event-theme","embeddable":true,"href":"https:\/\/mairie-montataire.fr\/en\/wp-json\/wp\/v2\/event-theme?post=6296"}],"curies":[{"name":"wp","href":"https:\/\/api.w.org\/{rel}","templated":true}]}}

<p>As part of <strong>Summer quarters</strong>the town of Montataire gives you <strong>appointment Tuesday 1<sup>er</sup> July 2025</strong> for an exceptional event:<br>the free concert by <strong>Marwa Loud</strong>a leading French urban pop and RnB artist.</p>



<p>To discover or rediscover his music, visit his YouTube channel: </p>



<figure class="wp-block-embed is-type-video is-provider-youtube wp-block-embed-youtube wp-embed-aspect-16-9 wp-has-aspect-ratio"><div class="wp-block-embed__wrapper">
<script>document.addEventListener('DOMContentLoaded', function() {(tarteaucitron.job = tarteaucitron.job || []).push('youtube');});</script><div class="youtube_player" videoid="JIoj1RYvz1Y" width="100%" height="100%" style="height:50vw" theme="light" rel="0" controls="1" showinfo="1" autoplay="0"></div>
</div></figure>



<div class="wp-block-uagb-call-to-action uagb-block-d2261b2d wp-block-button"><div class="uagb-cta__wrap"><h3 class="uagb-cta__title">Pre-registration from 7 to 17 June 2025</h3><p class="uagb-cta__desc">To take part, a <strong>online pre-registration is compulsory</strong>.<br>The terms of participation are as follows:<br>- The number of tickets is <strong>limited to 5 per person</strong>.<br>- <strong>Each ticket is nominative</strong> It cannot be modified, transferred or resold.<br>- The <strong>minors under the age of 15 must be accompanied by an adult</strong>.<br><br>Please note: each form corresponds to <strong>a ticket</strong>. If you would like more than one ticket (e.g. 3 tickets), please fill in the form below. <strong>as many times as necessary</strong>using the same e-mail address.</p></div><div class="uagb-cta__buttons"><a href="https://forms.gle/MbBv7SY9pYFm7jyA7" class="uagb-cta__button-link-wrapper wp-block-button__link" target="_blank" rel="noopener noreferrer">Pre-registration link<svg xmlns="https://www.w3.org/2000/svg" viewbox="0 0 512 512"><path d="M504.3 273.6l-112.1 104c-6.992 6.484-17.18 8.218-25.94 4.406c-8.758-3.812-14.42-12.45-14.42-21.1L351.9 288H32C14.33 288 .0002 273.7 .0002 255.1S14.33 224 32 224h319.9l0-72c0-9.547 5.66-18.19 14.42-22c8.754-3.809 18.95-2.075 25.94 4.41l112.1 104C514.6 247.9 514.6 264.1 504.3 273.6z"></path></svg></a></div></div>



<p>Please note: each form corresponds to <strong>a ticket</strong>. If you would like more than one ticket (e.g. 3 tickets), please fill in the form below. <strong>as many times as necessary</strong>using the same e-mail address.</p>



<p>Tickets will be sent by e-mail, after checking availability, <strong>no later than Wednesday 25 June</strong>.</p>



<h2 class="wp-block-heading">Concert details</h2>



<p>The concert starts at 8pm and doors open at 6.30pm.</p>



<p>There will be paid catering on site.</p>



<div class="wp-block-uagb-image aligncenter uagb-block-bbb1d90e wp-block-uagb-image--layout-default wp-block-uagb-image--effect-static wp-block-uagb-image--align-center"><figure class="wp-block-uagb-image__figure"><img decoding="async" srcset="https://mairie-montataire.fr/app/uploads/2025/06/affiches-QE-etc-OK-HD_Page_4-722x1024.jpg ,https://mairie-montataire.fr/app/uploads/2025/06/affiches-QE-etc-OK-HD_Page_4.jpg 780w, https://mairie-montataire.fr/app/uploads/2025/06/affiches-QE-etc-OK-HD_Page_4.jpg 360w" sizes="auto, (max-width: 480px) 150px" src="https://mairie-montataire.fr/app/uploads/2025/06/affiches-QE-etc-OK-HD_Page_4-722x1024.jpg" alt="" class="uag-image-6368" width="722" height="1024" title="posters QE etc OK HD_Page_4" loading="lazy" role="img"/></figure></div>



<h2 class="wp-block-heading">🚫 Prohibited items</h2>



<p>For safety reasons, the <strong>gourds, cans and glass bottles will be banned</strong> inside the concert venue.</p>



<div style="height:36px" aria-hidden="true" class="wp-block-spacer"></div>



<div class="wp-block-uagb-separator uagb-block-1b39294a"><div class="uagb-separator-spacing-wrapper"><div class="wp-block-uagb-separator__inner" style="--my-background-image:"></div></div></div>



<p>An event organised with the support of the Hauts-de-France Region, the National Agency for Territorial Cohesion, the Oise Prefect, the Oise Department, Été culturel 2025, the CAF, Oise habitat, S.A. HLM du département de l'Oise and the Habitat en région group.</p>



<p></p>

Dans le cadre de Quartiers d’été, la Ville de Montataire vous donne rendez-vous mardi 1er juillet 2025 pour un événement exceptionnel :le concert gratuit de Marwa Loud, artiste phare de la pop urbaine et du RnB français. Pour découvrir ou redécouvrir sa musique, rendez-vous sur sa chaîne YouTube : À noter : chaque formulaire correspond&hellip;
