{"id":6266,"date":"2025-05-28T13:40:23","date_gmt":"2025-05-28T13:40:23","guid":{"rendered":"https:\/\/mairie-montataire.fr\/?post_type=event&#038;p=6266"},"modified":"2025-05-28T13:40:24","modified_gmt":"2025-05-28T13:40:24","slug":"parenthood-day","status":"publish","type":"event","link":"https:\/\/mairie-montataire.fr\/en\/agenda\/rencontres\/journee-de-la-parentalite\/","title":{"rendered":"Parenthood Day"},"content":{"rendered":"<p>Parenthood is not a smooth ride... That's why the town of Montataire, in partnership with the CAF de l'Oise, the Ligue de l'enseignement and the Maison des Ados, is organising a <strong>Parenting Day<\/strong> open to all on Wednesday 4 June, from 10 a.m. to 4 p.m. at the <strong>Salle de la Lib\u00e9ration (8 bis rue des D\u00e9port\u00e9s)<\/strong>.<\/p>\n\n\n\n<p><strong>Objective<\/strong> The aim is to provide a forum for discussion, listening and sharing, to help families understand their children better... while taking care of themselves.<\/p>\n\n\n\n<h3 class=\"wp-block-heading\">On the programme:<\/h3>\n\n\n\n<h4 class=\"wp-block-heading\">10am to 12pm:<\/h4>\n\n\n\n<ul class=\"wp-block-list\">\n<li style=\"font-style:normal;font-weight:400\"><strong>Sensory stimulation for toddlers<\/strong> - Light shows, scent pots...<\/li>\n\n\n\n<li style=\"font-style:normal;font-weight:400\"><strong>Baby Gym<\/strong> with a sports instructor<\/li>\n\n\n\n<li style=\"font-style:normal;font-weight:400\"><strong>Language and oral disorders<\/strong> - Awareness-raising by a speech therapist<\/li>\n\n\n\n<li style=\"font-style:normal;font-weight:400\"><strong>Breastfeeding<\/strong> - Discussions with a perinatal support worker<\/li>\n<\/ul>\n\n\n\n<h4 class=\"wp-block-heading\">From 10am to 4pm (non-stop):<\/h4>\n\n\n\n<ul class=\"wp-block-list\">\n<li style=\"font-style:normal;font-weight:400\"><strong>Gestural communication<\/strong> (songs, stories...)<\/li>\n\n\n\n<li style=\"font-style:normal;font-weight:400\"><strong>Communication space for all<\/strong><\/li>\n\n\n\n<li style=\"font-style:normal;font-weight:400\"><strong>Creative family workshops using recycled materials<\/strong><\/li>\n\n\n\n<li style=\"font-style:normal;font-weight:400\"><strong>Parent\/child sharing space<\/strong> with the Famili Bus<\/li>\n<\/ul>\n\n\n\n<h4 class=\"wp-block-heading\">From 12.30pm to 4pm:<\/h4>\n\n\n\n<ul class=\"wp-block-list\">\n<li style=\"font-style:normal;font-weight:400\"><strong>Musical awakening<\/strong><\/li>\n\n\n\n<li style=\"font-style:normal;font-weight:400\"><strong>Company themes<\/strong> with La Maison des Ados :\n<ul class=\"wp-block-list\">\n<li>Screen management<\/li>\n\n\n\n<li>Harassment \/ cyberbullying<\/li>\n\n\n\n<li>Emotional and sexual life<\/li>\n<\/ul>\n<\/li>\n<\/ul>\n\n\n\n<div style=\"height:27px\" aria-hidden=\"true\" class=\"wp-block-spacer\"><\/div>\n\n\n\n<p>At the same time, you will be able to meet the municipal services (early childhood, school reception, youth, etc.) at their stands.<\/p>\n\n\n\n<p>An accessible, enriching and convivial event to fill up on information, advice and ideas to share with the whole family.<\/p>\n\n\n\n<div class=\"wp-block-uagb-image aligncenter uagb-block-47915774 wp-block-uagb-image--layout-default wp-block-uagb-image--effect-static wp-block-uagb-image--align-center\"><figure class=\"wp-block-uagb-image__figure\"><img decoding=\"async\" srcset=\"https:\/\/mairie-montataire.fr\/app\/uploads\/2025\/05\/1-724x1024.png ,https:\/\/mairie-montataire.fr\/app\/uploads\/2025\/05\/1.png 780w, https:\/\/mairie-montataire.fr\/app\/uploads\/2025\/05\/1.png 360w\" sizes=\"auto, (max-width: 480px) 150px\" src=\"https:\/\/mairie-montataire.fr\/app\/uploads\/2025\/05\/1-724x1024.png\" alt=\"\" class=\"uag-image-6268\" width=\"579\" height=\"819\" title=\"1\" loading=\"lazy\" role=\"img\"\/><\/figure><\/div>","protected":false},"featured_media":6267,"parent":0,"template":"","meta":{"_acf_changed":true,"_uag_custom_page_level_css":""},"event-theme":[78],"class_list":["post-6266","event","type-event","status-publish","has-post-thumbnail","hentry","event-theme-rencontres"],"acf":[],"uagb_featured_image_src":{"full":["https:\/\/mairie-montataire.fr\/app\/uploads\/2025\/05\/Agenda_JourneeParentalite.jpg",450,335,false],"thumbnail":["https:\/\/mairie-montataire.fr\/app\/uploads\/2025\/05\/Agenda_JourneeParentalite-150x150.jpg",150,150,true],"medium":["https:\/\/mairie-montataire.fr\/app\/uploads\/2025\/05\/Agenda_JourneeParentalite-300x223.jpg",300,223,true],"medium_large":["https:\/\/mairie-montataire.fr\/app\/uploads\/2025\/05\/Agenda_JourneeParentalite.jpg",450,335,false],"large":["https:\/\/mairie-montataire.fr\/app\/uploads\/2025\/05\/Agenda_JourneeParentalite.jpg",450,335,false],"1536x1536":["https:\/\/mairie-montataire.fr\/app\/uploads\/2025\/05\/Agenda_JourneeParentalite.jpg",450,335,false],"2048x2048":["https:\/\/mairie-montataire.fr\/app\/uploads\/2025\/05\/Agenda_JourneeParentalite.jpg",450,335,false],"trp-custom-language-flag":["https:\/\/mairie-montataire.fr\/app\/uploads\/2025\/05\/Agenda_JourneeParentalite-16x12.jpg",16,12,true],"gform-image-choice-sm":["https:\/\/mairie-montataire.fr\/app\/uploads\/2025\/05\/Agenda_JourneeParentalite.jpg",300,223,false],"gform-image-choice-md":["https:\/\/mairie-montataire.fr\/app\/uploads\/2025\/05\/Agenda_JourneeParentalite.jpg",400,298,false],"gform-image-choice-lg":["https:\/\/mairie-montataire.fr\/app\/uploads\/2025\/05\/Agenda_JourneeParentalite.jpg",450,335,false]},"uagb_author_info":{"display_name":"Laure Pubert","author_link":"https:\/\/mairie-montataire.fr\/en\/actualites\/author\/"},"uagb_comment_info":0,"uagb_excerpt":"La parentalit\u00e9 n\u2019est pas un long fleuve tranquille\u2026 C\u2019est pourquoi la Ville de Montataire, en partenariat avec la CAF de l\u2019Oise, la Ligue de l\u2019enseignement et la Maison des Ados, organise une Journ\u00e9e de la Parentalit\u00e9 ouverte \u00e0 tous le mercredi 4 juin, de 10h \u00e0 16h \u00e0 la Salle de la Lib\u00e9ration (8 bis&hellip;","_links":{"self":[{"href":"https:\/\/mairie-montataire.fr\/en\/wp-json\/wp\/v2\/event\/6266","targetHints":{"allow":["GET"]}}],"collection":[{"href":"https:\/\/mairie-montataire.fr\/en\/wp-json\/wp\/v2\/event"}],"about":[{"href":"https:\/\/mairie-montataire.fr\/en\/wp-json\/wp\/v2\/types\/event"}],"wp:featuredmedia":[{"embeddable":true,"href":"https:\/\/mairie-montataire.fr\/en\/wp-json\/wp\/v2\/media\/6267"}],"wp:attachment":[{"href":"https:\/\/mairie-montataire.fr\/en\/wp-json\/wp\/v2\/media?parent=6266"}],"wp:term":[{"taxonomy":"event-theme","embeddable":true,"href":"https:\/\/mairie-montataire.fr\/en\/wp-json\/wp\/v2\/event-theme?post=6266"}],"curies":[{"name":"wp","href":"https:\/\/api.w.org\/{rel}","templated":true}]}}

<p>Parenthood is not a smooth ride... That's why the town of Montataire, in partnership with the CAF de l'Oise, the Ligue de l'enseignement and the Maison des Ados, is organising a <strong>Parenting Day</strong> open to all on Wednesday 4 June, from 10 a.m. to 4 p.m. at the <strong>Salle de la Libération (8 bis rue des Déportés)</strong>.</p>



<p><strong>Objective</strong> The aim is to provide a forum for discussion, listening and sharing, to help families understand their children better... while taking care of themselves.</p>



<h3 class="wp-block-heading">On the programme:</h3>



<h4 class="wp-block-heading">10am to 12pm:</h4>



<ul class="wp-block-list">
<li style="font-style:normal;font-weight:400"><strong>Sensory stimulation for toddlers</strong> - Light shows, scent pots...</li>



<li style="font-style:normal;font-weight:400"><strong>Baby Gym</strong> with a sports instructor</li>



<li style="font-style:normal;font-weight:400"><strong>Language and oral disorders</strong> - Awareness-raising by a speech therapist</li>



<li style="font-style:normal;font-weight:400"><strong>Breastfeeding</strong> - Discussions with a perinatal support worker</li>
</ul>



<h4 class="wp-block-heading">From 10am to 4pm (non-stop):</h4>



<ul class="wp-block-list">
<li style="font-style:normal;font-weight:400"><strong>Gestural communication</strong> (songs, stories...)</li>



<li style="font-style:normal;font-weight:400"><strong>Communication space for all</strong></li>



<li style="font-style:normal;font-weight:400"><strong>Creative family workshops using recycled materials</strong></li>



<li style="font-style:normal;font-weight:400"><strong>Parent/child sharing space</strong> with the Famili Bus</li>
</ul>



<h4 class="wp-block-heading">From 12.30pm to 4pm:</h4>



<ul class="wp-block-list">
<li style="font-style:normal;font-weight:400"><strong>Musical awakening</strong></li>



<li style="font-style:normal;font-weight:400"><strong>Company themes</strong> with La Maison des Ados :
<ul class="wp-block-list">
<li>Screen management</li>



<li>Harassment / cyberbullying</li>



<li>Emotional and sexual life</li>
</ul>
</li>
</ul>



<div style="height:27px" aria-hidden="true" class="wp-block-spacer"></div>



<p>At the same time, you will be able to meet the municipal services (early childhood, school reception, youth, etc.) at their stands.</p>



<p>An accessible, enriching and convivial event to fill up on information, advice and ideas to share with the whole family.</p>



<div class="wp-block-uagb-image aligncenter uagb-block-47915774 wp-block-uagb-image--layout-default wp-block-uagb-image--effect-static wp-block-uagb-image--align-center"><figure class="wp-block-uagb-image__figure"><img decoding="async" srcset="https://mairie-montataire.fr/app/uploads/2025/05/1-724x1024.png ,https://mairie-montataire.fr/app/uploads/2025/05/1.png 780w, https://mairie-montataire.fr/app/uploads/2025/05/1.png 360w" sizes="auto, (max-width: 480px) 150px" src="https://mairie-montataire.fr/app/uploads/2025/05/1-724x1024.png" alt="" class="uag-image-6268" width="579" height="819" title="1" loading="lazy" role="img"/></figure></div>

La parentalité n’est pas un long fleuve tranquille… C’est pourquoi la Ville de Montataire, en partenariat avec la CAF de l’Oise, la Ligue de l’enseignement et la Maison des Ados, organise une Journée de la Parentalité ouverte à tous le mercredi 4 juin, de 10h à 16h à la Salle de la Libération (8 bis&hellip;
