{"id":6238,"date":"2025-05-26T15:29:16","date_gmt":"2025-05-26T15:29:16","guid":{"rendered":"https:\/\/mairie-montataire.fr\/?post_type=event&#038;p=6238"},"modified":"2025-05-26T15:31:21","modified_gmt":"2025-05-26T15:31:21","slug":"montataire-basketball-flea-market","status":"publish","type":"event","link":"https:\/\/mairie-montataire.fr\/en\/agenda\/vie-associative\/brocante-du-montataire-basket-ball\/","title":{"rendered":"Brocante du Montataire Basket Ball"},"content":{"rendered":"<p>Montataire Basket Ball Club is organising the <strong>31<sup>e<\/sup> edition of its traditional flea market<\/strong> the <strong>Sunday 29 June 2025<\/strong>Avenue Ambroise Croizat and surrounding streets.<\/p>\n\n\n\n<p>As every year, the event will bring together enthusiasts, families and the curious for a day of bargains, conviviality and discoveries.<\/p>\n\n\n\n<p><strong>The programme<\/strong> :<\/p>\n\n\n\n<ul class=\"wp-block-list\">\n<li style=\"font-style:normal;font-weight:400\">Various stalls (antiques, decorative items, clothes, books, etc.)<\/li>\n\n\n\n<li style=\"font-style:normal;font-weight:400\">Catering on site<\/li>\n\n\n\n<li style=\"font-style:normal;font-weight:400\">Safety guaranteed throughout the day<\/li>\n<\/ul>\n\n\n\n<h2 class=\"wp-block-heading\"><strong>Registration from 5 June<\/strong><\/h2>\n\n\n\n<p>They will take place <strong>every Thursday and Friday from 6pm to 8pm<\/strong>the <strong>Marcel Coene room<\/strong>avenue Guy Moquet, Montataire.<\/p>","protected":false},"featured_media":6239,"parent":0,"template":"","meta":{"_acf_changed":true,"_uag_custom_page_level_css":""},"event-theme":[73],"class_list":["post-6238","event","type-event","status-publish","has-post-thumbnail","hentry","event-theme-vie-associative"],"acf":[],"uagb_featured_image_src":{"full":["https:\/\/mairie-montataire.fr\/app\/uploads\/2025\/05\/Agenda_31BrocanteMBB.jpg",450,335,false],"thumbnail":["https:\/\/mairie-montataire.fr\/app\/uploads\/2025\/05\/Agenda_31BrocanteMBB-150x150.jpg",150,150,true],"medium":["https:\/\/mairie-montataire.fr\/app\/uploads\/2025\/05\/Agenda_31BrocanteMBB-300x223.jpg",300,223,true],"medium_large":["https:\/\/mairie-montataire.fr\/app\/uploads\/2025\/05\/Agenda_31BrocanteMBB.jpg",450,335,false],"large":["https:\/\/mairie-montataire.fr\/app\/uploads\/2025\/05\/Agenda_31BrocanteMBB.jpg",450,335,false],"1536x1536":["https:\/\/mairie-montataire.fr\/app\/uploads\/2025\/05\/Agenda_31BrocanteMBB.jpg",450,335,false],"2048x2048":["https:\/\/mairie-montataire.fr\/app\/uploads\/2025\/05\/Agenda_31BrocanteMBB.jpg",450,335,false],"trp-custom-language-flag":["https:\/\/mairie-montataire.fr\/app\/uploads\/2025\/05\/Agenda_31BrocanteMBB-16x12.jpg",16,12,true],"gform-image-choice-sm":["https:\/\/mairie-montataire.fr\/app\/uploads\/2025\/05\/Agenda_31BrocanteMBB.jpg",300,223,false],"gform-image-choice-md":["https:\/\/mairie-montataire.fr\/app\/uploads\/2025\/05\/Agenda_31BrocanteMBB.jpg",400,298,false],"gform-image-choice-lg":["https:\/\/mairie-montataire.fr\/app\/uploads\/2025\/05\/Agenda_31BrocanteMBB.jpg",450,335,false]},"uagb_author_info":{"display_name":"Laure Pubert","author_link":"https:\/\/mairie-montataire.fr\/en\/actualites\/author\/"},"uagb_comment_info":0,"uagb_excerpt":"Le club de Montataire Basket Ball organise la 31e \u00e9dition de sa traditionnelle brocante le dimanche 29 juin 2025, avenue Ambroise Croizat et dans les rues alentours. Comme chaque ann\u00e9e, l\u2019\u00e9v\u00e9nement r\u00e9unira passionn\u00e9s, familles et curieux pour une journ\u00e9e de bonnes affaires, de convivialit\u00e9 et de d\u00e9couvertes. Au programme : Inscriptions \u00e0 partir du 5&hellip;","_links":{"self":[{"href":"https:\/\/mairie-montataire.fr\/en\/wp-json\/wp\/v2\/event\/6238","targetHints":{"allow":["GET"]}}],"collection":[{"href":"https:\/\/mairie-montataire.fr\/en\/wp-json\/wp\/v2\/event"}],"about":[{"href":"https:\/\/mairie-montataire.fr\/en\/wp-json\/wp\/v2\/types\/event"}],"wp:featuredmedia":[{"embeddable":true,"href":"https:\/\/mairie-montataire.fr\/en\/wp-json\/wp\/v2\/media\/6239"}],"wp:attachment":[{"href":"https:\/\/mairie-montataire.fr\/en\/wp-json\/wp\/v2\/media?parent=6238"}],"wp:term":[{"taxonomy":"event-theme","embeddable":true,"href":"https:\/\/mairie-montataire.fr\/en\/wp-json\/wp\/v2\/event-theme?post=6238"}],"curies":[{"name":"wp","href":"https:\/\/api.w.org\/{rel}","templated":true}]}}

Le club de Montataire Basket Ball organise la 31e édition de sa traditionnelle brocante le dimanche 29 juin 2025, avenue Ambroise Croizat et dans les rues alentours. Comme chaque année, l’événement réunira passionnés, familles et curieux pour une journée de bonnes affaires, de convivialité et de découvertes. Au programme : Inscriptions à partir du 5&hellip;
