{"id":6218,"date":"2025-05-16T14:44:19","date_gmt":"2025-05-16T14:44:19","guid":{"rendered":"https:\/\/mairie-montataire.fr\/?post_type=event&#038;p=6218"},"modified":"2025-06-02T13:10:19","modified_gmt":"2025-06-02T13:10:19","slug":"loise-basketball-cup-finals","status":"publish","type":"event","link":"https:\/\/mairie-montataire.fr\/en\/agenda\/evenement\/finales-des-coupes-de-loise-de-basket\/","title":{"rendered":"Oise Basketball Cup Finals"},"content":{"rendered":"<p>Fans of basketball are invited to Montataire for a <strong>major sporting event<\/strong> the <strong>Oise Basketball Cup Finals<\/strong> will be held from <strong>Friday 6 to Sunday 8 June 2025<\/strong> at <strong>Marcel Coene Stadium<\/strong> with the <a href=\"https:\/\/mairie-montataire.fr\/en\/directories\/associations\/sport\/montataire-basketball-mbb\/\">Montataire Basket-Ball<\/a>. <\/p>\n\n\n\n<p>For 3 days, the best teams in the department will be battling it out on the floor in a supercharged atmosphere. Intense matches, great football, excitement and a real sporting festival for young and old!<\/p>\n\n\n\n<h2 class=\"wp-block-heading has-text-align-center\"><strong>PROGRAMME<\/strong><\/h2>\n\n\n\n<div class=\"wp-block-columns is-layout-flex wp-container-core-columns-is-layout-9d6595d7 wp-block-columns-is-layout-flex\">\n<div class=\"wp-block-column is-layout-flow wp-block-column-is-layout-flow\">\n<h3 class=\"wp-block-heading has-text-align-center\">Friday 6th June<\/h3>\n\n\n\n<p class=\"has-text-align-center\"><strong>U13 Men<br><\/strong>at 7pm<strong><br><\/strong>Mouy Basket - Beauvais BCO<\/p>\n\n\n\n<hr class=\"wp-block-separator aligncenter has-alpha-channel-opacity\"\/>\n\n\n\n<p class=\"has-text-align-center\"><strong>Senior Men (SM)<\/strong><br><strong>(Wattelier) <br><\/strong>at 9pm<br>ASCC Margny - US Cr\u00e9py en Valois <\/p>\n<\/div>\n\n\n\n<div class=\"wp-block-column is-layout-flow wp-block-column-is-layout-flow\">\n<h3 class=\"wp-block-heading has-text-align-center\">Saturday 7th June<\/h3>\n\n\n\n<p class=\"has-text-align-center\"><strong>U13 Girls<\/strong><br> at 10 a.m.<br>Montataire BB - Stade Compi\u00e9gnois<\/p>\n\n\n\n<hr class=\"wp-block-separator aligncenter has-alpha-channel-opacity\"\/>\n\n\n\n<p class=\"has-text-align-center\"><strong>U15 Women<\/strong><br> at 12 noon<br>Stade Compi\u00e9gnois - Beauvais BCO<\/p>\n\n\n\n<hr class=\"wp-block-separator aligncenter has-alpha-channel-opacity\"\/>\n\n\n\n<p class=\"has-text-align-center\"><strong>Men's U15<br><\/strong>at 2.15pm<br>Nogent BBC - US Cr\u00e9py en Valois<\/p>\n\n\n\n<hr class=\"wp-block-separator aligncenter has-alpha-channel-opacity\"\/>\n\n\n\n<p class=\"has-text-align-center\"><strong>U18 Women<br><\/strong>at 4.30pm<br>BB La Croix - Nogent BBC<\/p>\n\n\n\n<hr class=\"wp-block-separator aligncenter has-alpha-channel-opacity\"\/>\n\n\n\n<p class=\"has-text-align-center\"><strong>U17 Men<br><\/strong>at 6.45pm<br>ASCC Margny - Gouvieux basket Oise<\/p>\n\n\n\n<hr class=\"wp-block-separator aligncenter has-alpha-channel-opacity\"\/>\n\n\n\n<p class=\"has-text-align-center\"><strong>U20 Men<br><\/strong>at 9pm<br>US Cr\u00e9py en Valois - ASCC Margny<\/p>\n<\/div>\n\n\n\n<div class=\"wp-block-column is-layout-flow wp-block-column-is-layout-flow\">\n<h3 class=\"wp-block-heading has-text-align-center\">Sunday 8th June<\/h3>\n\n\n\n<p class=\"has-text-align-center\"><strong>Senior Women (SF)<\/strong><br><strong>(Nicole Masson)<br><\/strong>at 10 a.m.<br>Montataire BB - CS2P<\/p>\n\n\n\n<hr class=\"wp-block-separator aligncenter has-alpha-channel-opacity\"\/>\n\n\n\n<p class=\"has-text-align-center\"><strong>Senior Men (SM)<\/strong><br><strong>(Vincent Janssen)<br><\/strong>at 12.15pm<br>BC Coye la for\u00eat - Noailles BBA<\/p>\n\n\n\n<hr class=\"wp-block-separator aligncenter has-alpha-channel-opacity\"\/>\n\n\n\n<p class=\"has-text-align-center\"><strong><strong>Senior Women (SF)<\/strong><\/strong><br><strong>(Mich\u00e8le Guizard)<br><\/strong>at 2.30pm<br>BB La Croix - Stade Compi\u00e9gnois<\/p>\n\n\n\n<hr class=\"wp-block-separator aligncenter has-alpha-channel-opacity\"\/>\n\n\n\n<p class=\"has-text-align-center\"><strong>Senior Men (SM)<\/strong><br><strong>(Michel Hoyez)<br><\/strong>at 4.45pm<br>Gouvieux Basket Oise - US Cr\u00e9py en Valois<\/p>\n<\/div>\n<\/div>","protected":false},"featured_media":6219,"parent":0,"template":"","meta":{"_acf_changed":false,"_uag_custom_page_level_css":""},"event-theme":[88],"class_list":["post-6218","event","type-event","status-publish","has-post-thumbnail","hentry","event-theme-evenement"],"acf":[],"uagb_featured_image_src":{"full":["https:\/\/mairie-montataire.fr\/app\/uploads\/2025\/05\/Agenda_Finalesdescoupesdeloisebasket-1.jpg",450,335,false],"thumbnail":["https:\/\/mairie-montataire.fr\/app\/uploads\/2025\/05\/Agenda_Finalesdescoupesdeloisebasket-1-150x150.jpg",150,150,true],"medium":["https:\/\/mairie-montataire.fr\/app\/uploads\/2025\/05\/Agenda_Finalesdescoupesdeloisebasket-1-300x223.jpg",300,223,true],"medium_large":["https:\/\/mairie-montataire.fr\/app\/uploads\/2025\/05\/Agenda_Finalesdescoupesdeloisebasket-1.jpg",450,335,false],"large":["https:\/\/mairie-montataire.fr\/app\/uploads\/2025\/05\/Agenda_Finalesdescoupesdeloisebasket-1.jpg",450,335,false],"1536x1536":["https:\/\/mairie-montataire.fr\/app\/uploads\/2025\/05\/Agenda_Finalesdescoupesdeloisebasket-1.jpg",450,335,false],"2048x2048":["https:\/\/mairie-montataire.fr\/app\/uploads\/2025\/05\/Agenda_Finalesdescoupesdeloisebasket-1.jpg",450,335,false],"trp-custom-language-flag":["https:\/\/mairie-montataire.fr\/app\/uploads\/2025\/05\/Agenda_Finalesdescoupesdeloisebasket-1-16x12.jpg",16,12,true],"gform-image-choice-sm":["https:\/\/mairie-montataire.fr\/app\/uploads\/2025\/05\/Agenda_Finalesdescoupesdeloisebasket-1.jpg",300,223,false],"gform-image-choice-md":["https:\/\/mairie-montataire.fr\/app\/uploads\/2025\/05\/Agenda_Finalesdescoupesdeloisebasket-1.jpg",400,298,false],"gform-image-choice-lg":["https:\/\/mairie-montataire.fr\/app\/uploads\/2025\/05\/Agenda_Finalesdescoupesdeloisebasket-1.jpg",450,335,false]},"uagb_author_info":{"display_name":"Laure Pubert","author_link":"https:\/\/mairie-montataire.fr\/en\/actualites\/author\/"},"uagb_comment_info":0,"uagb_excerpt":"Les passionn\u00e9s de basket ont rendez-vous \u00e0 Montataire pour un \u00e9v\u00e9nement sportif majeur : les Finales des Coupes de l\u2019Oise de Basket se tiendront du vendredi 6 au dimanche 8 juin 2025 au Stade Marcel Coene avec le Montataire Basket-Ball. Pendant 3 jours, les meilleures \u00e9quipes du d\u00e9partement s\u2019affronteront sur le parquet dans une ambiance&hellip;","_links":{"self":[{"href":"https:\/\/mairie-montataire.fr\/en\/wp-json\/wp\/v2\/event\/6218","targetHints":{"allow":["GET"]}}],"collection":[{"href":"https:\/\/mairie-montataire.fr\/en\/wp-json\/wp\/v2\/event"}],"about":[{"href":"https:\/\/mairie-montataire.fr\/en\/wp-json\/wp\/v2\/types\/event"}],"wp:featuredmedia":[{"embeddable":true,"href":"https:\/\/mairie-montataire.fr\/en\/wp-json\/wp\/v2\/media\/6219"}],"wp:attachment":[{"href":"https:\/\/mairie-montataire.fr\/en\/wp-json\/wp\/v2\/media?parent=6218"}],"wp:term":[{"taxonomy":"event-theme","embeddable":true,"href":"https:\/\/mairie-montataire.fr\/en\/wp-json\/wp\/v2\/event-theme?post=6218"}],"curies":[{"name":"wp","href":"https:\/\/api.w.org\/{rel}","templated":true}]}}

<p>Fans of basketball are invited to Montataire for a <strong>major sporting event</strong> the <strong>Oise Basketball Cup Finals</strong> will be held from <strong>Friday 6 to Sunday 8 June 2025</strong> at <strong>Marcel Coene Stadium</strong> with the <a href="https://mairie-montataire.fr/en/directories/associations/sport/montataire-basketball-mbb/">Montataire Basket-Ball</a>. </p>



<p>For 3 days, the best teams in the department will be battling it out on the floor in a supercharged atmosphere. Intense matches, great football, excitement and a real sporting festival for young and old!</p>



<h2 class="wp-block-heading has-text-align-center"><strong>PROGRAMME</strong></h2>



<div class="wp-block-columns is-layout-flex wp-container-core-columns-is-layout-9d6595d7 wp-block-columns-is-layout-flex">
<div class="wp-block-column is-layout-flow wp-block-column-is-layout-flow">
<h3 class="wp-block-heading has-text-align-center">Friday 6th June</h3>



<p class="has-text-align-center"><strong>U13 Men<br></strong>at 7pm<strong><br></strong>Mouy Basket - Beauvais BCO</p>



<hr class="wp-block-separator aligncenter has-alpha-channel-opacity"/>



<p class="has-text-align-center"><strong>Senior Men (SM)</strong><br><strong>(Wattelier) <br></strong>at 9pm<br>ASCC Margny - US Crépy en Valois </p>
</div>



<div class="wp-block-column is-layout-flow wp-block-column-is-layout-flow">
<h3 class="wp-block-heading has-text-align-center">Saturday 7th June</h3>



<p class="has-text-align-center"><strong>U13 Girls</strong><br> at 10 a.m.<br>Montataire BB - Stade Compiégnois</p>



<hr class="wp-block-separator aligncenter has-alpha-channel-opacity"/>



<p class="has-text-align-center"><strong>U15 Women</strong><br> at 12 noon<br>Stade Compiégnois - Beauvais BCO</p>



<hr class="wp-block-separator aligncenter has-alpha-channel-opacity"/>



<p class="has-text-align-center"><strong>Men's U15<br></strong>at 2.15pm<br>Nogent BBC - US Crépy en Valois</p>



<hr class="wp-block-separator aligncenter has-alpha-channel-opacity"/>



<p class="has-text-align-center"><strong>U18 Women<br></strong>at 4.30pm<br>BB La Croix - Nogent BBC</p>



<hr class="wp-block-separator aligncenter has-alpha-channel-opacity"/>



<p class="has-text-align-center"><strong>U17 Men<br></strong>at 6.45pm<br>ASCC Margny - Gouvieux basket Oise</p>



<hr class="wp-block-separator aligncenter has-alpha-channel-opacity"/>



<p class="has-text-align-center"><strong>U20 Men<br></strong>at 9pm<br>US Crépy en Valois - ASCC Margny</p>
</div>



<div class="wp-block-column is-layout-flow wp-block-column-is-layout-flow">
<h3 class="wp-block-heading has-text-align-center">Sunday 8th June</h3>



<p class="has-text-align-center"><strong>Senior Women (SF)</strong><br><strong>(Nicole Masson)<br></strong>at 10 a.m.<br>Montataire BB - CS2P</p>



<hr class="wp-block-separator aligncenter has-alpha-channel-opacity"/>



<p class="has-text-align-center"><strong>Senior Men (SM)</strong><br><strong>(Vincent Janssen)<br></strong>at 12.15pm<br>BC Coye la forêt - Noailles BBA</p>



<hr class="wp-block-separator aligncenter has-alpha-channel-opacity"/>



<p class="has-text-align-center"><strong><strong>Senior Women (SF)</strong></strong><br><strong>(Michèle Guizard)<br></strong>at 2.30pm<br>BB La Croix - Stade Compiégnois</p>



<hr class="wp-block-separator aligncenter has-alpha-channel-opacity"/>



<p class="has-text-align-center"><strong>Senior Men (SM)</strong><br><strong>(Michel Hoyez)<br></strong>at 4.45pm<br>Gouvieux Basket Oise - US Crépy en Valois</p>
</div>
</div>

Les passionnés de basket ont rendez-vous à Montataire pour un événement sportif majeur : les Finales des Coupes de l’Oise de Basket se tiendront du vendredi 6 au dimanche 8 juin 2025 au Stade Marcel Coene avec le Montataire Basket-Ball. Pendant 3 jours, les meilleures équipes du département s’affronteront sur le parquet dans une ambiance&hellip;
