{"id":6216,"date":"2025-05-16T14:17:45","date_gmt":"2025-05-16T14:17:45","guid":{"rendered":"https:\/\/mairie-montataire.fr\/?post_type=event&#038;p=6216"},"modified":"2025-05-16T14:17:45","modified_gmt":"2025-05-16T14:17:45","slug":"at-the-crossroads","status":"publish","type":"event","link":"https:\/\/mairie-montataire.fr\/en\/agenda\/culture\/a-la-croisee-des-chemins\/","title":{"rendered":"At the crossroads"},"content":{"rendered":"<p><strong>At the crossroads<\/strong> is a powerful, poetic storytelling show, driven by the voice and presence of <strong>Diren Aydin<\/strong>a passionate storyteller. This oral journey is for everyone, from 7 to 107 years old, and questions our freedom, our desires, and the paths we choose to follow.<\/p>\n\n\n\n<p>The show consists of <strong>three tales<\/strong> - one of wisdom, one of wonder, and one of fantasy - all linked by the universal theme of the quest: the quest for oneself, for others, for the world.<\/p>\n\n\n\n<p>Through her words, Diren Aydin opens up a sensitive space where everyone is invited to find themselves, to dream, to question. An invitation to spread your wings... and believe in your dreams.<\/p>\n\n\n\n<div class=\"wp-block-uagb-image uagb-block-f512c044 wp-block-uagb-image--layout-default wp-block-uagb-image--effect-static wp-block-uagb-image--align-none\"><figure class=\"wp-block-uagb-image__figure\"><img decoding=\"async\" srcset=\"https:\/\/mairie-montataire.fr\/app\/uploads\/2025\/05\/Aff-conte-21mai.jpg ,https:\/\/mairie-montataire.fr\/app\/uploads\/2025\/05\/Aff-conte-21mai.jpg 780w, https:\/\/mairie-montataire.fr\/app\/uploads\/2025\/05\/Aff-conte-21mai.jpg 360w\" sizes=\"auto, (max-width: 480px) 150px\" src=\"https:\/\/mairie-montataire.fr\/app\/uploads\/2025\/05\/Aff-conte-21mai.jpg\" alt=\"\" class=\"uag-image-6217\" width=\"595\" height=\"842\" title=\"Aff conte 21mai\" loading=\"lazy\" role=\"img\"\/><\/figure><\/div>\n\n\n\n<h3 class=\"wp-block-heading\">A committed artist close to her audiences<\/h3>\n\n\n\n<p>Diren Aydin, who trained with some of the great names in storytelling, draws her inspiration from her Anatolian roots and her career as a popular educator. She tells her stories in theatres, on the streets, in hospitals and media libraries, driven by the desire to bring the oral tradition to life everywhere and for everyone.<\/p>\n\n\n\n<p><a href=\"https:\/\/mairie-montataire.fr\/en\/news\/un-clea-artistique-a-montataire\/\">She was also <strong>last April at the Maurice Mignon independent residence<\/strong>as part of a <strong>workshop<\/strong> <strong>CLEA<\/strong>.<\/a><\/p>\n\n\n\n<h2 class=\"wp-block-heading\">But what is a CLEA?<\/h2>\n\n\n\n<p>The Local Arts Education Contract is a scheme that enables artists to work in the area, sharing their world and helping young and old alike to discover artistic creation.<\/p>\n\n\n\n<p>It's a great way of bringing art to life in the heart of the city, in partnership with local residents!<\/p>","protected":false},"featured_media":6214,"parent":0,"template":"","meta":{"_acf_changed":true,"_uag_custom_page_level_css":""},"event-theme":[72],"class_list":["post-6216","event","type-event","status-publish","has-post-thumbnail","hentry","event-theme-culture"],"acf":[],"uagb_featured_image_src":{"full":["https:\/\/mairie-montataire.fr\/app\/uploads\/2025\/05\/Agenda_SpecDirenBib.jpg",450,335,false],"thumbnail":["https:\/\/mairie-montataire.fr\/app\/uploads\/2025\/05\/Agenda_SpecDirenBib-150x150.jpg",150,150,true],"medium":["https:\/\/mairie-montataire.fr\/app\/uploads\/2025\/05\/Agenda_SpecDirenBib-300x223.jpg",300,223,true],"medium_large":["https:\/\/mairie-montataire.fr\/app\/uploads\/2025\/05\/Agenda_SpecDirenBib.jpg",450,335,false],"large":["https:\/\/mairie-montataire.fr\/app\/uploads\/2025\/05\/Agenda_SpecDirenBib.jpg",450,335,false],"1536x1536":["https:\/\/mairie-montataire.fr\/app\/uploads\/2025\/05\/Agenda_SpecDirenBib.jpg",450,335,false],"2048x2048":["https:\/\/mairie-montataire.fr\/app\/uploads\/2025\/05\/Agenda_SpecDirenBib.jpg",450,335,false],"trp-custom-language-flag":["https:\/\/mairie-montataire.fr\/app\/uploads\/2025\/05\/Agenda_SpecDirenBib-16x12.jpg",16,12,true],"gform-image-choice-sm":["https:\/\/mairie-montataire.fr\/app\/uploads\/2025\/05\/Agenda_SpecDirenBib.jpg",300,223,false],"gform-image-choice-md":["https:\/\/mairie-montataire.fr\/app\/uploads\/2025\/05\/Agenda_SpecDirenBib.jpg",400,298,false],"gform-image-choice-lg":["https:\/\/mairie-montataire.fr\/app\/uploads\/2025\/05\/Agenda_SpecDirenBib.jpg",450,335,false]},"uagb_author_info":{"display_name":"Laure Pubert","author_link":"https:\/\/mairie-montataire.fr\/en\/actualites\/author\/"},"uagb_comment_info":0,"uagb_excerpt":"\u00c0 la crois\u00e9e des chemins\u00a0\u00bb est un spectacle de contes po\u00e9tique et puissant, port\u00e9 par la voix et la pr\u00e9sence de Diren Aydin, conteuse passionn\u00e9e. Ce voyage oral s\u2019adresse \u00e0 tous, de 7 \u00e0 107 ans, et interroge notre libert\u00e9, nos d\u00e9sirs, et les chemins que nous choisissons de suivre. Le spectacle se compose de&hellip;","_links":{"self":[{"href":"https:\/\/mairie-montataire.fr\/en\/wp-json\/wp\/v2\/event\/6216","targetHints":{"allow":["GET"]}}],"collection":[{"href":"https:\/\/mairie-montataire.fr\/en\/wp-json\/wp\/v2\/event"}],"about":[{"href":"https:\/\/mairie-montataire.fr\/en\/wp-json\/wp\/v2\/types\/event"}],"wp:featuredmedia":[{"embeddable":true,"href":"https:\/\/mairie-montataire.fr\/en\/wp-json\/wp\/v2\/media\/6214"}],"wp:attachment":[{"href":"https:\/\/mairie-montataire.fr\/en\/wp-json\/wp\/v2\/media?parent=6216"}],"wp:term":[{"taxonomy":"event-theme","embeddable":true,"href":"https:\/\/mairie-montataire.fr\/en\/wp-json\/wp\/v2\/event-theme?post=6216"}],"curies":[{"name":"wp","href":"https:\/\/api.w.org\/{rel}","templated":true}]}}

À la croisée des chemins » est un spectacle de contes poétique et puissant, porté par la voix et la présence de Diren Aydin, conteuse passionnée. Ce voyage oral s’adresse à tous, de 7 à 107 ans, et interroge notre liberté, nos désirs, et les chemins que nous choisissons de suivre. Le spectacle se compose de&hellip;
