{"id":6099,"date":"2026-01-28T10:26:16","date_gmt":"2026-01-28T10:26:16","guid":{"rendered":"https:\/\/mairie-montataire.fr\/?post_type=event&#038;p=6099"},"modified":"2026-01-28T10:26:16","modified_gmt":"2026-01-28T10:26:16","slug":"mini-forum","status":"publish","type":"event","link":"https:\/\/mairie-montataire.fr\/en\/agenda\/rencontres\/mini-forum\/","title":{"rendered":"Mini Forum"},"content":{"rendered":"<p><a href=\"https:\/\/mlvo.net\/\" target=\"_blank\" rel=\"noreferrer noopener\">Mission Locale<\/a>invites you to a <strong>Mini Employment Forum<\/strong> the <strong>Tuesday 3 February 2026<\/strong>of <strong>2pm to 4pm<\/strong>the <strong>Maison Creilloise des Associations<\/strong> (11 rue des Hironvalles, 60100 Creil).<\/p>\n\n\n\n<p>This event is the ideal opportunity to meet more than a dozen local partners, discover opportunities in different business sectors, and talk directly with professionals from the service, hotel, restaurant, logistics, construction and industrial sectors.<\/p>\n\n\n\n<p class=\"has-text-align-center\"><strong>Don't forget to bring your CV!<\/strong><\/p>\n\n\n\n<p>This forum is for all those who want to <strong>finding your bearings, training or a job<\/strong>.<\/p>\n\n\n\n<div class=\"wp-block-uagb-image aligncenter uagb-block-181887e8 wp-block-uagb-image--layout-default wp-block-uagb-image--effect-static wp-block-uagb-image--align-center\"><figure class=\"wp-block-uagb-image__figure\"><img decoding=\"async\" srcset=\"https:\/\/mairie-montataire.fr\/app\/uploads\/2025\/10\/Mini-Forum-Janvier-2026_Impression-725x1024.png ,https:\/\/mairie-montataire.fr\/app\/uploads\/2025\/10\/Mini-Forum-Janvier-2026_Impression-scaled.png 780w, https:\/\/mairie-montataire.fr\/app\/uploads\/2025\/10\/Mini-Forum-Janvier-2026_Impression-scaled.png 360w\" sizes=\"auto, (max-width: 480px) 150px\" src=\"https:\/\/mairie-montataire.fr\/app\/uploads\/2025\/10\/Mini-Forum-Janvier-2026_Impression-725x1024.png\" alt=\"\" class=\"uag-image-7519\" width=\"725\" height=\"1024\" title=\"Mini Forum January 2026_Print\" loading=\"lazy\" role=\"img\"\/><\/figure><\/div>","protected":false},"featured_media":7518,"parent":0,"template":"","meta":{"_acf_changed":true,"_uag_custom_page_level_css":""},"event-theme":[78],"class_list":["post-6099","event","type-event","status-publish","has-post-thumbnail","hentry","event-theme-rencontres"],"acf":[],"uagb_featured_image_src":{"full":["https:\/\/mairie-montataire.fr\/app\/uploads\/2025\/10\/Agenda_MiniForumMLVO.jpg",450,335,false],"thumbnail":["https:\/\/mairie-montataire.fr\/app\/uploads\/2025\/10\/Agenda_MiniForumMLVO-150x150.jpg",150,150,true],"medium":["https:\/\/mairie-montataire.fr\/app\/uploads\/2025\/10\/Agenda_MiniForumMLVO-300x223.jpg",300,223,true],"medium_large":["https:\/\/mairie-montataire.fr\/app\/uploads\/2025\/10\/Agenda_MiniForumMLVO.jpg",450,335,false],"large":["https:\/\/mairie-montataire.fr\/app\/uploads\/2025\/10\/Agenda_MiniForumMLVO.jpg",450,335,false],"1536x1536":["https:\/\/mairie-montataire.fr\/app\/uploads\/2025\/10\/Agenda_MiniForumMLVO.jpg",450,335,false],"2048x2048":["https:\/\/mairie-montataire.fr\/app\/uploads\/2025\/10\/Agenda_MiniForumMLVO.jpg",450,335,false],"trp-custom-language-flag":["https:\/\/mairie-montataire.fr\/app\/uploads\/2025\/10\/Agenda_MiniForumMLVO-16x12.jpg",16,12,true],"gform-image-choice-sm":["https:\/\/mairie-montataire.fr\/app\/uploads\/2025\/10\/Agenda_MiniForumMLVO.jpg",300,223,false],"gform-image-choice-md":["https:\/\/mairie-montataire.fr\/app\/uploads\/2025\/10\/Agenda_MiniForumMLVO.jpg",400,298,false],"gform-image-choice-lg":["https:\/\/mairie-montataire.fr\/app\/uploads\/2025\/10\/Agenda_MiniForumMLVO.jpg",450,335,false]},"uagb_author_info":{"display_name":"Laure Pubert","author_link":"https:\/\/mairie-montataire.fr\/en\/actualites\/author\/"},"uagb_comment_info":0,"uagb_excerpt":"La Mission Locale, vous invite \u00e0 un Mini Forum de l\u2019Emploi le mardi 3 f\u00e9vrier 2026, de 14h \u00e0 16h, \u00e0 la Maison Creilloise des Associations (11 rue des Hironvalles, 60100 Creil). Cet \u00e9v\u00e9nement est l\u2019occasion id\u00e9ale pour rencontrer plus d\u2019une dizaine de partenaires locaux, d\u00e9couvrir des opportunit\u00e9s dans diff\u00e9rents secteurs d\u2019activit\u00e9, et \u00e9changer directement&hellip;","_links":{"self":[{"href":"https:\/\/mairie-montataire.fr\/en\/wp-json\/wp\/v2\/event\/6099","targetHints":{"allow":["GET"]}}],"collection":[{"href":"https:\/\/mairie-montataire.fr\/en\/wp-json\/wp\/v2\/event"}],"about":[{"href":"https:\/\/mairie-montataire.fr\/en\/wp-json\/wp\/v2\/types\/event"}],"wp:featuredmedia":[{"embeddable":true,"href":"https:\/\/mairie-montataire.fr\/en\/wp-json\/wp\/v2\/media\/7518"}],"wp:attachment":[{"href":"https:\/\/mairie-montataire.fr\/en\/wp-json\/wp\/v2\/media?parent=6099"}],"wp:term":[{"taxonomy":"event-theme","embeddable":true,"href":"https:\/\/mairie-montataire.fr\/en\/wp-json\/wp\/v2\/event-theme?post=6099"}],"curies":[{"name":"wp","href":"https:\/\/api.w.org\/{rel}","templated":true}]}}

La Mission Locale, vous invite à un Mini Forum de l’Emploi le mardi 3 février 2026, de 14h à 16h, à la Maison Creilloise des Associations (11 rue des Hironvalles, 60100 Creil). Cet événement est l’occasion idéale pour rencontrer plus d’une dizaine de partenaires locaux, découvrir des opportunités dans différents secteurs d’activité, et échanger directement&hellip;
