{"id":5996,"date":"2026-04-27T08:00:00","date_gmt":"2026-04-27T08:00:00","guid":{"rendered":"https:\/\/mairie-montataire.fr\/?post_type=event&#038;p=5996"},"modified":"2026-04-24T11:58:46","modified_gmt":"2026-04-24T11:58:46","slug":"commemoration-of-the-capitulation-of-nazi-germany","status":"publish","type":"event","link":"https:\/\/mairie-montataire.fr\/en\/agenda\/evenement\/commemoration-capitulation-de-lallemagne-nazie\/","title":{"rendered":"Commemoration - Capitulation of Nazi Germany"},"content":{"rendered":"<p>On the occasion of the <strong>81<sup>e<\/sup> anniversary of the surrender of Nazi Germany<\/strong>, The town of Montataire, in conjunction with patriotic associations, is organising a commemoration ceremony open to all. <strong>8 May 2026<\/strong>.<\/p>\n\n\n\n<p>The surrender of Nazi Germany marked the end of the Second World War in Europe. It took place in two stages, on 7 and 8 May 1945. On 7 May, representatives of the German army signed an act of surrender in Reims, France, in the headquarters of General Eisenhower, commander of the Allied forces. This document put an end to the fighting on the Western Front.<\/p>\n\n\n\n<p>However, the Soviet Union requested a second official ceremony. This was held on 8 May in Berlin, in the presence of Allied and Soviet forces. At this ceremony, the capitulation was signed again, this time in front of the military representatives of all the major Allied powers. Because of the time difference, the official end of the war is celebrated on 8 May in Europe, but on 9 May in Russia.<\/p>\n\n\n\n<h3 class=\"wp-block-heading\">Morning programme :<\/h3>\n\n\n\n<p>10am - Torchlight ceremony :<\/p>\n\n\n\n<ul class=\"wp-block-list\">\n<li style=\"font-style:normal;font-weight:400\">Gathering at the cemetery<\/li>\n\n\n\n<li style=\"font-style:normal;font-weight:400\">Lighting the flame<\/li>\n\n\n\n<li style=\"font-style:normal;font-weight:400\">Laying of wreaths, minute's silence, La Marseillaise<\/li>\n<\/ul>\n\n\n\n<p><strong>10h30<\/strong> :<\/p>\n\n\n\n<ul class=\"wp-block-list\">\n<li style=\"font-style:normal;font-weight:400\">Rally in front of Edmond L\u00e9veill\u00e9 school<\/li>\n\n\n\n<li style=\"font-style:normal;font-weight:400\">Parade to the Monument aux Morts (Place de la mairie)<\/li>\n\n\n\n<li style=\"font-style:normal;font-weight:400\">Laying of wreaths, speeches, minute's silence, La Marseillaise<\/li>\n<\/ul>\n\n\n\n<p>The ceremony will conclude with a convivial moment over an aperitif. <strong>wine reception<\/strong> offered to <strong>basement B<\/strong>.<\/p>\n\n\n\n<p><\/p>","protected":false},"featured_media":5997,"parent":0,"template":"","meta":{"_acf_changed":true,"_uag_custom_page_level_css":""},"event-theme":[88],"class_list":["post-5996","event","type-event","status-publish","has-post-thumbnail","hentry","event-theme-evenement"],"acf":[],"uagb_featured_image_src":{"full":["https:\/\/mairie-montataire.fr\/app\/uploads\/2025\/04\/Agenda_ceremonie8mai.jpg",450,335,false],"thumbnail":["https:\/\/mairie-montataire.fr\/app\/uploads\/2025\/04\/Agenda_ceremonie8mai-150x150.jpg",150,150,true],"medium":["https:\/\/mairie-montataire.fr\/app\/uploads\/2025\/04\/Agenda_ceremonie8mai-300x223.jpg",300,223,true],"medium_large":["https:\/\/mairie-montataire.fr\/app\/uploads\/2025\/04\/Agenda_ceremonie8mai.jpg",450,335,false],"large":["https:\/\/mairie-montataire.fr\/app\/uploads\/2025\/04\/Agenda_ceremonie8mai.jpg",450,335,false],"1536x1536":["https:\/\/mairie-montataire.fr\/app\/uploads\/2025\/04\/Agenda_ceremonie8mai.jpg",450,335,false],"2048x2048":["https:\/\/mairie-montataire.fr\/app\/uploads\/2025\/04\/Agenda_ceremonie8mai.jpg",450,335,false],"trp-custom-language-flag":["https:\/\/mairie-montataire.fr\/app\/uploads\/2025\/04\/Agenda_ceremonie8mai-16x12.jpg",16,12,true],"gform-image-choice-sm":["https:\/\/mairie-montataire.fr\/app\/uploads\/2025\/04\/Agenda_ceremonie8mai.jpg",300,223,false],"gform-image-choice-md":["https:\/\/mairie-montataire.fr\/app\/uploads\/2025\/04\/Agenda_ceremonie8mai.jpg",400,298,false],"gform-image-choice-lg":["https:\/\/mairie-montataire.fr\/app\/uploads\/2025\/04\/Agenda_ceremonie8mai.jpg",450,335,false]},"uagb_author_info":{"display_name":"Laure Pubert","author_link":"https:\/\/mairie-montataire.fr\/en\/actualites\/author\/"},"uagb_comment_info":0,"uagb_excerpt":"\u00c0 l\u2019occasion du 81e anniversaire de la Capitulation de l&rsquo;Allemagne nazie, la Ville de Montataire, en lien avec les associations patriotiques, organise une c\u00e9r\u00e9monie de comm\u00e9moration ouverte \u00e0 toutes et tous le 8 mai 2026. La capitulation de l&rsquo;Allemagne nazie marque la fin de la Seconde Guerre mondiale en Europe. Elle a eu lieu en&hellip;","_links":{"self":[{"href":"https:\/\/mairie-montataire.fr\/en\/wp-json\/wp\/v2\/event\/5996","targetHints":{"allow":["GET"]}}],"collection":[{"href":"https:\/\/mairie-montataire.fr\/en\/wp-json\/wp\/v2\/event"}],"about":[{"href":"https:\/\/mairie-montataire.fr\/en\/wp-json\/wp\/v2\/types\/event"}],"wp:featuredmedia":[{"embeddable":true,"href":"https:\/\/mairie-montataire.fr\/en\/wp-json\/wp\/v2\/media\/5997"}],"wp:attachment":[{"href":"https:\/\/mairie-montataire.fr\/en\/wp-json\/wp\/v2\/media?parent=5996"}],"wp:term":[{"taxonomy":"event-theme","embeddable":true,"href":"https:\/\/mairie-montataire.fr\/en\/wp-json\/wp\/v2\/event-theme?post=5996"}],"curies":[{"name":"wp","href":"https:\/\/api.w.org\/{rel}","templated":true}]}}

<p>On the occasion of the <strong>81<sup>e</sup> anniversary of the surrender of Nazi Germany</strong>, The town of Montataire, in conjunction with patriotic associations, is organising a commemoration ceremony open to all. <strong>8 May 2026</strong>.</p>



<p>The surrender of Nazi Germany marked the end of the Second World War in Europe. It took place in two stages, on 7 and 8 May 1945. On 7 May, representatives of the German army signed an act of surrender in Reims, France, in the headquarters of General Eisenhower, commander of the Allied forces. This document put an end to the fighting on the Western Front.</p>



<p>However, the Soviet Union requested a second official ceremony. This was held on 8 May in Berlin, in the presence of Allied and Soviet forces. At this ceremony, the capitulation was signed again, this time in front of the military representatives of all the major Allied powers. Because of the time difference, the official end of the war is celebrated on 8 May in Europe, but on 9 May in Russia.</p>



<h3 class="wp-block-heading">Morning programme :</h3>



<p>10am - Torchlight ceremony :</p>



<ul class="wp-block-list">
<li style="font-style:normal;font-weight:400">Gathering at the cemetery</li>



<li style="font-style:normal;font-weight:400">Lighting the flame</li>



<li style="font-style:normal;font-weight:400">Laying of wreaths, minute's silence, La Marseillaise</li>
</ul>



<p><strong>10h30</strong> :</p>



<ul class="wp-block-list">
<li style="font-style:normal;font-weight:400">Rally in front of Edmond Léveillé school</li>



<li style="font-style:normal;font-weight:400">Parade to the Monument aux Morts (Place de la mairie)</li>



<li style="font-style:normal;font-weight:400">Laying of wreaths, speeches, minute's silence, La Marseillaise</li>
</ul>



<p>The ceremony will conclude with a convivial moment over an aperitif. <strong>wine reception</strong> offered to <strong>basement B</strong>.</p>



<p></p>

À l’occasion du 81e anniversaire de la Capitulation de l&rsquo;Allemagne nazie, la Ville de Montataire, en lien avec les associations patriotiques, organise une cérémonie de commémoration ouverte à toutes et tous le 8 mai 2026. La capitulation de l&rsquo;Allemagne nazie marque la fin de la Seconde Guerre mondiale en Europe. Elle a eu lieu en&hellip;
