{"id":5376,"date":"2025-11-30T08:03:00","date_gmt":"2025-11-30T08:03:00","guid":{"rendered":"https:\/\/mairie-montataire.fr\/?post_type=event&#038;p=5376"},"modified":"2025-12-10T15:45:19","modified_gmt":"2025-12-10T15:45:19","slug":"end-of-year-festivities-solidarity-reveillon","status":"publish","type":"event","link":"https:\/\/mairie-montataire.fr\/en\/agenda\/evenement\/festivites-de-fin-dannee-reveillon-de-la-solidarite\/","title":{"rendered":"Solidarity Eve"},"content":{"rendered":"<p class=\"has-text-align-left\">Celebrate the New Year at the free charity New Year's Eve party (registration required). Participating families are invited to bring drinks to enjoy with a raclette prepared by the central kitchen. Guests will also enjoy a French cancan dance and a magic show.<\/p>\n\n\n<div class=\"highlight\">\n                <div class=\"highlight__description\"><p>The <strong>Registration is open from 1<sup>er<\/sup> as of 19 December<\/strong> at the Espace Huberte d'Hoker or at <a href=\"tel:03 44 24 55 80\">03 44 24 55 80<\/a>.<\/p>\n<\/div>\n    <\/div>\n\n\n<p><em>The town is organising events and social activities to celebrate the festivities on 20, 23, 25 and 26 December. Sport, entertainment, moments of sharing and conviviality to be discovered in the calendar. To complete the festive atmosphere, Montataire will be decked out in its Christmas lights from 8 December to 12 January.<\/em><\/p>\n\n\n\n<p><\/p>","protected":false},"featured_media":7262,"parent":0,"template":"","meta":{"_acf_changed":true,"_uag_custom_page_level_css":""},"event-theme":[88],"class_list":["post-5376","event","type-event","status-publish","has-post-thumbnail","hentry","event-theme-evenement"],"acf":[],"uagb_featured_image_src":{"full":["https:\/\/mairie-montataire.fr\/app\/uploads\/2024\/11\/Agenda_ReveillonSolidarite.jpg",450,335,false],"thumbnail":["https:\/\/mairie-montataire.fr\/app\/uploads\/2024\/11\/Agenda_ReveillonSolidarite-150x150.jpg",150,150,true],"medium":["https:\/\/mairie-montataire.fr\/app\/uploads\/2024\/11\/Agenda_ReveillonSolidarite-300x223.jpg",300,223,true],"medium_large":["https:\/\/mairie-montataire.fr\/app\/uploads\/2024\/11\/Agenda_ReveillonSolidarite.jpg",450,335,false],"large":["https:\/\/mairie-montataire.fr\/app\/uploads\/2024\/11\/Agenda_ReveillonSolidarite.jpg",450,335,false],"1536x1536":["https:\/\/mairie-montataire.fr\/app\/uploads\/2024\/11\/Agenda_ReveillonSolidarite.jpg",450,335,false],"2048x2048":["https:\/\/mairie-montataire.fr\/app\/uploads\/2024\/11\/Agenda_ReveillonSolidarite.jpg",450,335,false],"trp-custom-language-flag":["https:\/\/mairie-montataire.fr\/app\/uploads\/2024\/11\/Agenda_ReveillonSolidarite-16x12.jpg",16,12,true],"gform-image-choice-sm":["https:\/\/mairie-montataire.fr\/app\/uploads\/2024\/11\/Agenda_ReveillonSolidarite.jpg",300,223,false],"gform-image-choice-md":["https:\/\/mairie-montataire.fr\/app\/uploads\/2024\/11\/Agenda_ReveillonSolidarite.jpg",400,298,false],"gform-image-choice-lg":["https:\/\/mairie-montataire.fr\/app\/uploads\/2024\/11\/Agenda_ReveillonSolidarite.jpg",450,335,false]},"uagb_author_info":{"display_name":"Laure Pubert","author_link":"https:\/\/mairie-montataire.fr\/en\/actualites\/author\/"},"uagb_comment_info":0,"uagb_excerpt":"C\u00e9l\u00e9brez la nouvelle ann\u00e9e lors du r\u00e9veillon solidaire, gratuit sur inscription. Les familles participantes sont invit\u00e9es \u00e0 fournir des boissons, pour profiter d\u2019une raclette pr\u00e9par\u00e9e par la cuisine centrale. Les convives profiteront aussi d\u2019un french cancan et d\u2019un spectacle de magie. La Ville organise \u00e9v\u00e8nements et actions sociales pour c\u00e9l\u00e9brer les festivit\u00e9s les 20, 23,&hellip;","_links":{"self":[{"href":"https:\/\/mairie-montataire.fr\/en\/wp-json\/wp\/v2\/event\/5376","targetHints":{"allow":["GET"]}}],"collection":[{"href":"https:\/\/mairie-montataire.fr\/en\/wp-json\/wp\/v2\/event"}],"about":[{"href":"https:\/\/mairie-montataire.fr\/en\/wp-json\/wp\/v2\/types\/event"}],"wp:featuredmedia":[{"embeddable":true,"href":"https:\/\/mairie-montataire.fr\/en\/wp-json\/wp\/v2\/media\/7262"}],"wp:attachment":[{"href":"https:\/\/mairie-montataire.fr\/en\/wp-json\/wp\/v2\/media?parent=5376"}],"wp:term":[{"taxonomy":"event-theme","embeddable":true,"href":"https:\/\/mairie-montataire.fr\/en\/wp-json\/wp\/v2\/event-theme?post=5376"}],"curies":[{"name":"wp","href":"https:\/\/api.w.org\/{rel}","templated":true}]}}

Célébrez la nouvelle année lors du réveillon solidaire, gratuit sur inscription. Les familles participantes sont invitées à fournir des boissons, pour profiter d’une raclette préparée par la cuisine centrale. Les convives profiteront aussi d’un french cancan et d’un spectacle de magie. La Ville organise évènements et actions sociales pour célébrer les festivités les 20, 23,&hellip;
