{"id":5375,"date":"2025-11-30T08:01:00","date_gmt":"2025-11-30T08:01:00","guid":{"rendered":"https:\/\/mairie-montataire.fr\/?post_type=event&#038;p=5375"},"modified":"2025-12-22T10:09:30","modified_gmt":"2025-12-22T10:09:30","slug":"end-of-year-festivities-4","status":"publish","type":"event","link":"https:\/\/mairie-montataire.fr\/en\/agenda\/evenement\/festivites-de-fin-dannee-4\/","title":{"rendered":"End of year festivities"},"content":{"rendered":"<p><strong>The town organises events and social activities to celebrate the festivities. Sport, entertainment, moments of sharing and conviviality are on the agenda for December. To complete the festive atmosphere, Montataire will be decked out in Christmas lights from 8 December to 12 January.<\/strong><\/p>\n\n\n\n<div class=\"wp-block-columns is-layout-flex wp-container-core-columns-is-layout-9d6595d7 wp-block-columns-is-layout-flex\">\n<div class=\"wp-block-column is-layout-flow wp-block-column-is-layout-flow\">\n<h4 class=\"wp-block-heading\"><mark style=\"background-color:rgba(0, 0, 0, 0);color:#00d084\" class=\"has-inline-color\">Saturday, 20 December<\/mark><\/h4>\n\n\n\n<p><strong><mark style=\"background-color:rgba(0, 0, 0, 0)\" class=\"has-inline-color has-secondary-color\">From 1:15 p.m. \u2013 Town Hall Square<\/mark><\/strong><\/p>\n\n\n\n<p>The <strong>Christmas strides<\/strong> challenge experienced athletes and beginners who are not afraid of the cold with two races. <\/p>\n\n\n\n<p>The first one will leave at <strong>1:15 pm<\/strong> and will stretch over 1.5 km for runners of <strong>6 to 12 years old<\/strong>. <\/p>\n\n\n\n<p>The second, reserved for <strong>12 years and older<\/strong>, will set off at <strong>1:30 p.m.<\/strong> for one<br>3km route.<\/p>\n\n\n\n<p>The <strong>Registration is open on Sunday, 14 December at the market and on the morning of the event until 1 p.m.<\/strong>. Remember to wear your best <strong>ugly Christmas jumper<\/strong> and come and run in a friendly atmosphere filled with passion for sport!<\/p>\n\n\n\n<p><strong><mark style=\"background-color:rgba(0, 0, 0, 0)\" class=\"has-inline-color has-secondary-color\">From 2pm to 6pm \u2013 Town Hall Square<\/mark><\/strong><\/p>\n\n\n\n<p>A genuine <strong>Christmas village<\/strong> will be set up around the town hall with entertainment and games for children and adults. On the programme:<br>Giant toboggan, merry-go-round, carriage rides, creative workshops and sweets. A show and concert by AMEM.<strong> <\/strong>will give this village a festive atmosphere, and Father Christmas will be there to take photos with children who have been good this year.<\/p>\n<\/div>\n\n\n\n<div class=\"wp-block-column is-layout-flow wp-block-column-is-layout-flow\">\n<h4 class=\"wp-block-heading\"><mark style=\"background-color:rgba(0, 0, 0, 0);color:#00d084\" class=\"has-inline-color\">Tuesday, 23 December<\/mark><\/h4>\n\n\n\n<p><strong><mark style=\"background-color:rgba(0, 0, 0, 0)\" class=\"has-inline-color has-secondary-color\">From 10 a.m. to 3 p.m. \u2013 Marcel Coene Complex<\/mark><\/strong><\/p>\n\n\n\n<p>The \u201cSportif et Citoyen\u201d event is back for its third edition.<sup>e<\/sup> edition. Various disciplines are featured: climbing, boxing, weight training, basketball, pickleball, curling, bowling, Picardy games and sports quizzes.<\/p>\n\n\n\n<p>The day is open to <strong>12\u201317 years old<\/strong> and the most determined athletes will receive a <strong>price<\/strong>.<\/p>\n\n\n\n<h4 class=\"wp-block-heading\"><mark style=\"background-color:rgba(0, 0, 0, 0);color:#00d084\" class=\"has-inline-color\">Thursday 25th and Friday 26th December<\/mark><\/h4>\n\n\n\n<p><strong><mark style=\"background-color:rgba(0, 0, 0, 0)\" class=\"has-inline-color has-secondary-color\">Esplanade Fernand Tuil<\/mark><\/strong><\/p>\n\n\n\n<p>Sliding and pirouettes are on the agenda with the ice rink on offer.<br>by the City and S.A HLM de l'Oise.<\/p>\n\n\n\n<p><\/p>\n<\/div>\n<\/div>\n\n\n<div class=\"highlight\">\n                <div class=\"highlight__description\"><p>From Friday 19 December at 10 p.m. to Saturday 20 December at 8 p.m., traffic and parking will be prohibited on the town hall square.<\/p>\n<\/div>\n    <\/div>\n\n\n<p><\/p>","protected":false},"featured_media":7261,"parent":0,"template":"","meta":{"_acf_changed":true,"_uag_custom_page_level_css":""},"event-theme":[88],"class_list":["post-5375","event","type-event","status-publish","has-post-thumbnail","hentry","event-theme-evenement"],"acf":[],"uagb_featured_image_src":{"full":["https:\/\/mairie-montataire.fr\/app\/uploads\/2024\/11\/Actu-site-festivites.jpg",450,335,false],"thumbnail":["https:\/\/mairie-montataire.fr\/app\/uploads\/2024\/11\/Actu-site-festivites-150x150.jpg",150,150,true],"medium":["https:\/\/mairie-montataire.fr\/app\/uploads\/2024\/11\/Actu-site-festivites-300x223.jpg",300,223,true],"medium_large":["https:\/\/mairie-montataire.fr\/app\/uploads\/2024\/11\/Actu-site-festivites.jpg",450,335,false],"large":["https:\/\/mairie-montataire.fr\/app\/uploads\/2024\/11\/Actu-site-festivites.jpg",450,335,false],"1536x1536":["https:\/\/mairie-montataire.fr\/app\/uploads\/2024\/11\/Actu-site-festivites.jpg",450,335,false],"2048x2048":["https:\/\/mairie-montataire.fr\/app\/uploads\/2024\/11\/Actu-site-festivites.jpg",450,335,false],"trp-custom-language-flag":["https:\/\/mairie-montataire.fr\/app\/uploads\/2024\/11\/Actu-site-festivites-16x12.jpg",16,12,true],"gform-image-choice-sm":["https:\/\/mairie-montataire.fr\/app\/uploads\/2024\/11\/Actu-site-festivites.jpg",300,223,false],"gform-image-choice-md":["https:\/\/mairie-montataire.fr\/app\/uploads\/2024\/11\/Actu-site-festivites.jpg",400,298,false],"gform-image-choice-lg":["https:\/\/mairie-montataire.fr\/app\/uploads\/2024\/11\/Actu-site-festivites.jpg",450,335,false]},"uagb_author_info":{"display_name":"Laure Pubert","author_link":"https:\/\/mairie-montataire.fr\/en\/actualites\/author\/"},"uagb_comment_info":0,"uagb_excerpt":"La Ville organise \u00e9v\u00e8nements et actions sociales pour c\u00e9l\u00e9brer les festivit\u00e9s. Sport, divertissement, moments de partage et convivialit\u00e9 sont au programme de ce mois de d\u00e9cembre. Pour parfaire l\u2019ambiance des f\u00eates, Montataire arborera ses illuminations de No\u00ebl du 8 d\u00e9cembre au 12 janvier. Samedi 20 D\u00e9cembre \u00c0 partir de 13h15 &#8211; Place de la Mairie&hellip;","_links":{"self":[{"href":"https:\/\/mairie-montataire.fr\/en\/wp-json\/wp\/v2\/event\/5375","targetHints":{"allow":["GET"]}}],"collection":[{"href":"https:\/\/mairie-montataire.fr\/en\/wp-json\/wp\/v2\/event"}],"about":[{"href":"https:\/\/mairie-montataire.fr\/en\/wp-json\/wp\/v2\/types\/event"}],"wp:featuredmedia":[{"embeddable":true,"href":"https:\/\/mairie-montataire.fr\/en\/wp-json\/wp\/v2\/media\/7261"}],"wp:attachment":[{"href":"https:\/\/mairie-montataire.fr\/en\/wp-json\/wp\/v2\/media?parent=5375"}],"wp:term":[{"taxonomy":"event-theme","embeddable":true,"href":"https:\/\/mairie-montataire.fr\/en\/wp-json\/wp\/v2\/event-theme?post=5375"}],"curies":[{"name":"wp","href":"https:\/\/api.w.org\/{rel}","templated":true}]}}

La Ville organise évènements et actions sociales pour célébrer les festivités. Sport, divertissement, moments de partage et convivialité sont au programme de ce mois de décembre. Pour parfaire l’ambiance des fêtes, Montataire arborera ses illuminations de Noël du 8 décembre au 12 janvier. Samedi 20 Décembre À partir de 13h15 &#8211; Place de la Mairie&hellip;
