{"id":5363,"date":"2024-11-26T14:43:50","date_gmt":"2024-11-26T14:43:50","guid":{"rendered":"https:\/\/mairie-montataire.fr\/?post_type=event&#038;p=5363"},"modified":"2024-11-26T14:45:45","modified_gmt":"2024-11-26T14:45:45","slug":"palestinian-delegation-in-montataire","status":"publish","type":"event","link":"https:\/\/mairie-montataire.fr\/en\/agenda\/vie-associative\/delegation-palestinienne-a-montataire\/","title":{"rendered":"Palestinian delegation in Montataire"},"content":{"rendered":"<p><strong>Montataire is twinned with the Dheisheh refugee camp in Palestine. As part of this twinning, we are hosting a delegation from there from 29 November to 2 December, organised by the <a href=\"https:\/\/mairie-montataire.fr\/en\/directories\/associations\/twinning-and-international\/montataire-dheisheh-twinning-committee\/\">Montataire Dheisheh Committee<\/a>.<\/strong><\/p>\n\n\n\n<h3 class=\"wp-block-heading\">Highlights open to all:<\/h3>\n\n\n\n<ul class=\"wp-block-list\">\n<li style=\"font-style:normal;font-weight:400\"><strong>Saturday 30th November<\/strong><br><strong>14h30 :<\/strong> Meeting with the delegation at the Salle de la Lib\u00e9ration (8 bis, rue des D\u00e9port\u00e9s).<br><strong>17h : <\/strong>Rally for Palestine in front of the Town Hall (Place Auguste G\u00e9nie).<\/li>\n<\/ul>\n\n\n\n<ul class=\"wp-block-list\">\n<li style=\"font-style:normal;font-weight:400\"><strong>Sunday 1<sup>er<\/sup> December<\/strong><br><strong>10h30 : <\/strong>Market stroll. (Place Auguste G\u00e9nie)<\/li>\n<\/ul>\n\n\n\n<div style=\"height:17px\" aria-hidden=\"true\" class=\"wp-block-spacer\"><\/div>\n\n\n\n<p><strong>Let's share our cultures, discuss current affairs and show our solidarity!<\/strong><\/p>\n\n\n\n<p><\/p>","protected":false},"featured_media":5365,"parent":0,"template":"","meta":{"_acf_changed":true,"_uag_custom_page_level_css":""},"event-theme":[73],"class_list":["post-5363","event","type-event","status-publish","has-post-thumbnail","hentry","event-theme-vie-associative"],"acf":[],"uagb_featured_image_src":{"full":["https:\/\/mairie-montataire.fr\/app\/uploads\/2024\/11\/Agenda_DelegationPalestinienne.jpg",450,335,false],"thumbnail":["https:\/\/mairie-montataire.fr\/app\/uploads\/2024\/11\/Agenda_DelegationPalestinienne-150x150.jpg",150,150,true],"medium":["https:\/\/mairie-montataire.fr\/app\/uploads\/2024\/11\/Agenda_DelegationPalestinienne-300x223.jpg",300,223,true],"medium_large":["https:\/\/mairie-montataire.fr\/app\/uploads\/2024\/11\/Agenda_DelegationPalestinienne.jpg",450,335,false],"large":["https:\/\/mairie-montataire.fr\/app\/uploads\/2024\/11\/Agenda_DelegationPalestinienne.jpg",450,335,false],"1536x1536":["https:\/\/mairie-montataire.fr\/app\/uploads\/2024\/11\/Agenda_DelegationPalestinienne.jpg",450,335,false],"2048x2048":["https:\/\/mairie-montataire.fr\/app\/uploads\/2024\/11\/Agenda_DelegationPalestinienne.jpg",450,335,false],"trp-custom-language-flag":["https:\/\/mairie-montataire.fr\/app\/uploads\/2024\/11\/Agenda_DelegationPalestinienne-16x12.jpg",16,12,true],"gform-image-choice-sm":["https:\/\/mairie-montataire.fr\/app\/uploads\/2024\/11\/Agenda_DelegationPalestinienne.jpg",300,223,false],"gform-image-choice-md":["https:\/\/mairie-montataire.fr\/app\/uploads\/2024\/11\/Agenda_DelegationPalestinienne.jpg",400,298,false],"gform-image-choice-lg":["https:\/\/mairie-montataire.fr\/app\/uploads\/2024\/11\/Agenda_DelegationPalestinienne.jpg",450,335,false]},"uagb_author_info":{"display_name":"Laure Pubert","author_link":"https:\/\/mairie-montataire.fr\/en\/actualites\/author\/"},"uagb_comment_info":0,"uagb_excerpt":"Montataire est jumel\u00e9e avec le camp de r\u00e9fugi\u00e9s de Dheisheh en Palestine. Dans le cadre de ce jumelage, nous accueillons une d\u00e9l\u00e9gation venue de l\u00e0-bas, du 29 novembre au 2 d\u00e9cembre, une venue organis\u00e9e par le Comit\u00e9 Montataire Dheisheh. Temps forts ouverts \u00e0 tous : Partageons nos cultures, discutons de l\u2019actualit\u00e9, apportons notre solidarit\u00e9 !","_links":{"self":[{"href":"https:\/\/mairie-montataire.fr\/en\/wp-json\/wp\/v2\/event\/5363","targetHints":{"allow":["GET"]}}],"collection":[{"href":"https:\/\/mairie-montataire.fr\/en\/wp-json\/wp\/v2\/event"}],"about":[{"href":"https:\/\/mairie-montataire.fr\/en\/wp-json\/wp\/v2\/types\/event"}],"wp:featuredmedia":[{"embeddable":true,"href":"https:\/\/mairie-montataire.fr\/en\/wp-json\/wp\/v2\/media\/5365"}],"wp:attachment":[{"href":"https:\/\/mairie-montataire.fr\/en\/wp-json\/wp\/v2\/media?parent=5363"}],"wp:term":[{"taxonomy":"event-theme","embeddable":true,"href":"https:\/\/mairie-montataire.fr\/en\/wp-json\/wp\/v2\/event-theme?post=5363"}],"curies":[{"name":"wp","href":"https:\/\/api.w.org\/{rel}","templated":true}]}}

<p><strong>Montataire is twinned with the Dheisheh refugee camp in Palestine. As part of this twinning, we are hosting a delegation from there from 29 November to 2 December, organised by the <a href="https://mairie-montataire.fr/en/directories/associations/twinning-and-international/montataire-dheisheh-twinning-committee/">Montataire Dheisheh Committee</a>.</strong></p>



<h3 class="wp-block-heading">Highlights open to all:</h3>



<ul class="wp-block-list">
<li style="font-style:normal;font-weight:400"><strong>Saturday 30th November</strong><br><strong>14h30 :</strong> Meeting with the delegation at the Salle de la Libération (8 bis, rue des Déportés).<br><strong>17h : </strong>Rally for Palestine in front of the Town Hall (Place Auguste Génie).</li>
</ul>



<ul class="wp-block-list">
<li style="font-style:normal;font-weight:400"><strong>Sunday 1<sup>er</sup> December</strong><br><strong>10h30 : </strong>Market stroll. (Place Auguste Génie)</li>
</ul>



<div style="height:17px" aria-hidden="true" class="wp-block-spacer"></div>



<p><strong>Let's share our cultures, discuss current affairs and show our solidarity!</strong></p>



<p></p>

Montataire est jumelée avec le camp de réfugiés de Dheisheh en Palestine. Dans le cadre de ce jumelage, nous accueillons une délégation venue de là-bas, du 29 novembre au 2 décembre, une venue organisée par le Comité Montataire Dheisheh. Temps forts ouverts à tous : Partageons nos cultures, discutons de l’actualité, apportons notre solidarité !
