{"id":5326,"date":"2025-11-13T15:16:21","date_gmt":"2025-11-13T15:16:21","guid":{"rendered":"https:\/\/mairie-montataire.fr\/?post_type=event&#038;p=5326"},"modified":"2025-11-13T15:16:22","modified_gmt":"2025-11-13T15:16:22","slug":"careers-and-training-forum","status":"publish","type":"event","link":"https:\/\/mairie-montataire.fr\/en\/agenda\/scolaire\/forum-des-metiers-et-des-formations\/","title":{"rendered":"Careers and training forum"},"content":{"rendered":"<p><strong>Are you looking to find out about careers or narrow down your training choices? This forum can help!<\/strong><\/p>\n\n\n\n<p>If you are not already part of an organisation attending the forum, you can contact <a href=\"https:\/\/mairie-montataire.fr\/en\/directories\/associations\/youth-education-and-integration\/jade\/\" target=\"_blank\" rel=\"noreferrer noopener\">JADE<\/a> to go there with a group.<\/p>\n\n\n\n<p><em>Only young people seeking employment or training who are registered with JADE will be permitted to enter the school.<\/em><\/p>\n\n\n\n<p><\/p>","protected":false},"featured_media":5314,"parent":0,"template":"","meta":{"_acf_changed":true,"_uag_custom_page_level_css":""},"event-theme":[85],"class_list":["post-5326","event","type-event","status-publish","has-post-thumbnail","hentry","event-theme-scolaire"],"acf":[],"uagb_featured_image_src":{"full":["https:\/\/mairie-montataire.fr\/app\/uploads\/2024\/11\/Agenda_ForumMetierFormation24.jpg",1875,1396,false],"thumbnail":["https:\/\/mairie-montataire.fr\/app\/uploads\/2024\/11\/Agenda_ForumMetierFormation24-150x150.jpg",150,150,true],"medium":["https:\/\/mairie-montataire.fr\/app\/uploads\/2024\/11\/Agenda_ForumMetierFormation24-300x223.jpg",300,223,true],"medium_large":["https:\/\/mairie-montataire.fr\/app\/uploads\/2024\/11\/Agenda_ForumMetierFormation24-768x572.jpg",768,572,true],"large":["https:\/\/mairie-montataire.fr\/app\/uploads\/2024\/11\/Agenda_ForumMetierFormation24-1024x762.jpg",1024,762,true],"1536x1536":["https:\/\/mairie-montataire.fr\/app\/uploads\/2024\/11\/Agenda_ForumMetierFormation24-1536x1144.jpg",1536,1144,true],"2048x2048":["https:\/\/mairie-montataire.fr\/app\/uploads\/2024\/11\/Agenda_ForumMetierFormation24.jpg",1875,1396,false],"trp-custom-language-flag":["https:\/\/mairie-montataire.fr\/app\/uploads\/2024\/11\/Agenda_ForumMetierFormation24-16x12.jpg",16,12,true],"gform-image-choice-sm":["https:\/\/mairie-montataire.fr\/app\/uploads\/2024\/11\/Agenda_ForumMetierFormation24.jpg",300,223,false],"gform-image-choice-md":["https:\/\/mairie-montataire.fr\/app\/uploads\/2024\/11\/Agenda_ForumMetierFormation24.jpg",400,298,false],"gform-image-choice-lg":["https:\/\/mairie-montataire.fr\/app\/uploads\/2024\/11\/Agenda_ForumMetierFormation24.jpg",600,447,false]},"uagb_author_info":{"display_name":"Laure Pubert","author_link":"https:\/\/mairie-montataire.fr\/en\/actualites\/author\/"},"uagb_comment_info":0,"uagb_excerpt":"Vous cherchez \u00e0 d\u00e9couvrir des m\u00e9tiers ou \u00e0 affiner vos choix de formation ? Ce forum peut vous aider ! Si vous ne faites pas d\u00e9j\u00e0 partie d\u2019un organisme pr\u00e9sent lors du forum, vous pouvez contacter JADE pour y aller avec un groupe. Seuls les jeunes en recherche d\u2019emploi ou de formation inscrits aupr\u00e8s de&hellip;","_links":{"self":[{"href":"https:\/\/mairie-montataire.fr\/en\/wp-json\/wp\/v2\/event\/5326","targetHints":{"allow":["GET"]}}],"collection":[{"href":"https:\/\/mairie-montataire.fr\/en\/wp-json\/wp\/v2\/event"}],"about":[{"href":"https:\/\/mairie-montataire.fr\/en\/wp-json\/wp\/v2\/types\/event"}],"wp:featuredmedia":[{"embeddable":true,"href":"https:\/\/mairie-montataire.fr\/en\/wp-json\/wp\/v2\/media\/5314"}],"wp:attachment":[{"href":"https:\/\/mairie-montataire.fr\/en\/wp-json\/wp\/v2\/media?parent=5326"}],"wp:term":[{"taxonomy":"event-theme","embeddable":true,"href":"https:\/\/mairie-montataire.fr\/en\/wp-json\/wp\/v2\/event-theme?post=5326"}],"curies":[{"name":"wp","href":"https:\/\/api.w.org\/{rel}","templated":true}]}}

Vous cherchez à découvrir des métiers ou à affiner vos choix de formation ? Ce forum peut vous aider ! Si vous ne faites pas déjà partie d’un organisme présent lors du forum, vous pouvez contacter JADE pour y aller avec un groupe. Seuls les jeunes en recherche d’emploi ou de formation inscrits auprès de&hellip;
